216.73.216.67 - - [05/Aug/2026:22:06:43 +0330] "GET /2022/07/16/%D8%AA%D9%81%D8%A7%D9%88%D8%AA-epdm-%D9%88-silicon-rubber?fileloc=%2Fhome%2Fngbycoco%2Fpublic_html%2Fwp-includes%2Ftheme.php&path=%2Fhome%2Fngbycoco%2Fpublic_html%2Fwp-includes HTTP/2" 429 0 "-" "Mozilla/5.0 AppleWebKit/537.36 (KHTML, like Gecko; compatible; ClaudeBot/1.0; +claudebot@anthropic.com)"
216.73.216.67 - - [05/Aug/2026:22:07:45 +0330] "GET /2022/07/16/%D8%AA%D9%81%D8%A7%D9%88%D8%AA-epdm-%D9%88-silicon-rubber?fileloc=%2Fhome%2Fngbycoco%2Fpublic_html%2Fwp-includes%2Fclass-smtp.php&path=%2Fhome%2Fngbycoco%2Fpublic_html%2Fwp-includes HTTP/2" 429 0 "-" "Mozilla/5.0 AppleWebKit/537.36 (KHTML, like Gecko; compatible; ClaudeBot/1.0; +claudebot@anthropic.com)"
216.73.216.67 - - [05/Aug/2026:22:07:48 +0330] "GET /2022/07/16/%D8%AA%D9%81%D8%A7%D9%88%D8%AA-epdm-%D9%88-silicon-rubber?fileloc=%2Fhome%2Fngbycoco%2Fpublic_html%2Fwp-includes%2Fpost.php&path=%2Fhome%2Fngbycoco%2Fpublic_html%2Fwp-includes HTTP/2" 429 0 "-" "Mozilla/5.0 AppleWebKit/537.36 (KHTML, like Gecko; compatible; ClaudeBot/1.0; +claudebot@anthropic.com)"
216.73.216.67 - - [05/Aug/2026:22:07:52 +0330] "GET /2022/07/16/%D8%AA%D9%81%D8%A7%D9%88%D8%AA-epdm-%D9%88-silicon-rubber?fileloc=%2Fhome%2Fngbycoco%2Fpublic_html%2Fwp-includes%2Fms-site.php&path=%2Fhome%2Fngbycoco%2Fpublic_html%2Fwp-includes HTTP/2" 429 0 "-" "Mozilla/5.0 AppleWebKit/537.36 (KHTML, like Gecko; compatible; ClaudeBot/1.0; +claudebot@anthropic.com)"
216.73.216.67 - - [05/Aug/2026:22:07:57 +0330] "GET /2022/07/16/%D8%AA%D9%81%D8%A7%D9%88%D8%AA-epdm-%D9%88-silicon-rubber?fileloc=%2Fhome%2Fngbycoco%2Fpublic_html%2Fwp-includes%2Fclass-wp-role.php&path=%2Fhome%2Fngbycoco%2Fpublic_html%2Fwp-includes HTTP/2" 200 3330 "-" "Mozilla/5.0 AppleWebKit/537.36 (KHTML, like Gecko; compatible; ClaudeBot/1.0; +claudebot@anthropic.com)"
216.73.216.67 - - [05/Aug/2026:22:08:01 +0330] "GET /2022/07/16/%D8%AA%D9%81%D8%A7%D9%88%D8%AA-epdm-%D9%88-silicon-rubber?fileloc=%2Fhome%2Fngbycoco%2Fpublic_html%2Fwp-includes%2Fcron.php&path=%2Fhome%2Fngbycoco%2Fpublic_html%2Fwp-includes HTTP/2" 429 0 "-" "Mozilla/5.0 AppleWebKit/537.36 (KHTML, like Gecko; compatible; ClaudeBot/1.0; +claudebot@anthropic.com)"
88.198.20.93 - - [05/Aug/2026:22:07:18 +0330] "GET /?_g=1775567 HTTP/1.1" 200 4976 "-" "Mozilla/5.0 (compatible; SERankingBacklinksBot/1.0; +https://seranking.com/backlinks-crawler)"
216.73.216.67 - - [05/Aug/2026:22:07:22 +0330] "GET /2022/07/16/%D8%AA%D9%81%D8%A7%D9%88%D8%AA-epdm-%D9%88-silicon-rubber?fileloc=%2Fhome%2Fngbycoco%2Fpublic_html%2Fwp-includes%2Fcomment.php&path=%2Fhome%2Fngbycoco%2Fpublic_html%2Fwp-includes HTTP/2" 429 0 "-" "Mozilla/5.0 AppleWebKit/537.36 (KHTML, like Gecko; compatible; ClaudeBot/1.0; +claudebot@anthropic.com)"
216.73.216.67 - - [05/Aug/2026:22:07:26 +0330] "GET /2022/07/16/%D8%AA%D9%81%D8%A7%D9%88%D8%AA-epdm-%D9%88-silicon-rubber?fileloc=%2Fhome%2Fngbycoco%2Fpublic_html%2Fwp-includes%2Fclass-wp-matchesmapregex.php&path=%2Fhome%2Fngbycoco%2Fpublic_html%2Fwp-includes HTTP/2" 429 0 "-" "Mozilla/5.0 AppleWebKit/537.36 (KHTML, like Gecko; compatible; ClaudeBot/1.0; +claudebot@anthropic.com)"
216.73.216.67 - - [05/Aug/2026:22:07:31 +0330] "GET /2022/07/16/%D8%AA%D9%81%D8%A7%D9%88%D8%AA-epdm-%D9%88-silicon-rubber?fileloc=%2Fhome%2Fngbycoco%2Fpublic_html%2Fwp-includes%2Fwidgets.php&path=%2Fhome%2Fngbycoco%2Fpublic_html%2Fwp-includes HTTP/2" 429 0 "-" "Mozilla/5.0 AppleWebKit/537.36 (KHTML, like Gecko; compatible; ClaudeBot/1.0; +claudebot@anthropic.com)"
216.73.216.67 - - [05/Aug/2026:22:07:36 +0330] "GET /2022/07/16/%D8%AA%D9%81%D8%A7%D9%88%D8%AA-epdm-%D9%88-silicon-rubber?path=%2Fhome%2Fngbycoco%2Fpublic_html%2Fwp-includes%2Frest-api HTTP/2" 429 0 "-" "Mozilla/5.0 AppleWebKit/537.36 (KHTML, like Gecko; compatible; ClaudeBot/1.0; +claudebot@anthropic.com)"
66.249.66.164 - - [05/Aug/2026:22:07:46 +0330] "GET /savep.php/shop/storeSearch/KeepCriteriaInput.aspx//?shopdetail/1056562 HTTP/1.1" 200 4030 "-" "Mozilla/5.0 (Linux; Android 6.0.1; Nexus 5X Build/MMB29P) AppleWebKit/537.36 (KHTML, like Gecko) Chrome/150.0.7871.186 Mobile Safari/537.36 (compatible; Googlebot/2.1; +http://www.google.com/bot.html)"
66.249.66.163 - - [05/Aug/2026:22:07:49 +0330] "GET /savep.php/shop/storeSearch/KeepCriteriaInput.aspx/pw//?shopdetail/2248208 HTTP/1.1" 200 3932 "-" "Mozilla/5.0 (Linux; Android 6.0.1; Nexus 5X Build/MMB29P) AppleWebKit/537.36 (KHTML, like Gecko) Chrome/150.0.7871.186 Mobile Safari/537.36 (compatible; Googlebot/2.1; +http://www.google.com/bot.html)"
216.73.216.67 - - [05/Aug/2026:22:08:08 +0330] "GET /2022/07/16/%D8%AA%D9%81%D8%A7%D9%88%D8%AA-epdm-%D9%88-silicon-rubber?fileloc=%2Fhome%2Fngbycoco%2Fpublic_html%2Fwp-includes%2Fclass-wp-duotone.php&path=%2Fhome%2Fngbycoco%2Fpublic_html%2Fwp-includes HTTP/2" 429 0 "-" "Mozilla/5.0 AppleWebKit/537.36 (KHTML, like Gecko; compatible; ClaudeBot/1.0; +claudebot@anthropic.com)"
216.73.216.67 - - [05/Aug/2026:22:08:16 +0330] "GET /2022/07/16/%D8%AA%D9%81%D8%A7%D9%88%D8%AA-epdm-%D9%88-silicon-rubber?fileloc=%2Fhome%2Fngbycoco%2Fpublic_html%2Fwp-includes%2Fbookmark.php&path=%2Fhome%2Fngbycoco%2Fpublic_html%2Fwp-includes HTTP/2" 429 0 "-" "Mozilla/5.0 AppleWebKit/537.36 (KHTML, like Gecko; compatible; ClaudeBot/1.0; +claudebot@anthropic.com)"
216.73.216.67 - - [05/Aug/2026:22:08:20 +0330] "GET /2022/07/16/%D8%AA%D9%81%D8%A7%D9%88%D8%AA-epdm-%D9%88-silicon-rubber?fileloc=%2Fhome%2Fngbycoco%2Fpublic_html%2Fwp-includes%2Fclass-avif-info.php&path=%2Fhome%2Fngbycoco%2Fpublic_html%2Fwp-includes HTTP/2" 429 0 "-" "Mozilla/5.0 AppleWebKit/537.36 (KHTML, like Gecko; compatible; ClaudeBot/1.0; +claudebot@anthropic.com)"
216.73.216.67 - - [05/Aug/2026:22:08:25 +0330] "GET /2022/07/16/%D8%AA%D9%81%D8%A7%D9%88%D8%AA-epdm-%D9%88-silicon-rubber?fileloc=%2Fhome%2Fngbycoco%2Fpublic_html%2Fwp-includes%2Fregistration.php&path=%2Fhome%2Fngbycoco%2Fpublic_html%2Fwp-includes HTTP/2" 429 0 "-" "Mozilla/5.0 AppleWebKit/537.36 (KHTML, like Gecko; compatible; ClaudeBot/1.0; +claudebot@anthropic.com)"
216.73.216.67 - - [05/Aug/2026:22:08:35 +0330] "GET /2022/07/16/%D8%AA%D9%81%D8%A7%D9%88%D8%AA-epdm-%D9%88-silicon-rubber?fileloc=%2Fhome%2Fngbycoco%2Fpublic_html%2Fwp-includes%2Fkses.php&path=%2Fhome%2Fngbycoco%2Fpublic_html%2Fwp-includes HTTP/2" 429 0 "-" "Mozilla/5.0 AppleWebKit/537.36 (KHTML, like Gecko; compatible; ClaudeBot/1.0; +claudebot@anthropic.com)"
216.73.216.67 - - [05/Aug/2026:22:08:37 +0330] "GET /2022/07/16/%D8%AA%D9%81%D8%A7%D9%88%D8%AA-epdm-%D9%88-silicon-rubber?path=%2Fhome%2Fngbycoco%2Fpublic_html%2Fwp-includes%2Ftheme-compat HTTP/2" 429 0 "-" "Mozilla/5.0 AppleWebKit/537.36 (KHTML, like Gecko; compatible; ClaudeBot/1.0; +claudebot@anthropic.com)"
216.73.216.67 - - [05/Aug/2026:22:08:42 +0330] "GET /2022/07/16/%D8%AA%D9%81%D8%A7%D9%88%D8%AA-epdm-%D9%88-silicon-rubber?path=%2F%2Fdev HTTP/2" 200 3060 "-" "Mozilla/5.0 AppleWebKit/537.36 (KHTML, like Gecko; compatible; ClaudeBot/1.0; +claudebot@anthropic.com)"
216.73.216.67 - - [05/Aug/2026:22:08:47 +0330] "GET /2022/07/16/%D8%AA%D9%81%D8%A7%D9%88%D8%AA-epdm-%D9%88-silicon-rubber?fileloc=%2Fhome%2Fngbycoco%2Fpublic_html%2Fwp-includes%2Flocale.php&path=%2Fhome%2Fngbycoco%2Fpublic_html%2Fwp-includes HTTP/2" 429 0 "-" "Mozilla/5.0 AppleWebKit/537.36 (KHTML, like Gecko; compatible; ClaudeBot/1.0; +claudebot@anthropic.com)"
216.73.216.67 - - [05/Aug/2026:22:08:53 +0330] "GET /2022/07/16/%D8%AA%D9%81%D8%A7%D9%88%D8%AA-epdm-%D9%88-silicon-rubber?path=%2Fhome%2Fngbycoco%2Fpublic_html%2Fwp-includes%2Fjs HTTP/2" 429 0 "-" "Mozilla/5.0 AppleWebKit/537.36 (KHTML, like Gecko; compatible; ClaudeBot/1.0; +claudebot@anthropic.com)"
52.167.144.219 - - [05/Aug/2026:22:08:55 +0330] "GET /savep.php//?_g=766346 HTTP/2" 200 3924 "-" "Mozilla/5.0 AppleWebKit/537.36 (KHTML, like Gecko; compatible; bingbot/2.0; +http://www.bing.com/bingbot.htm) Chrome/116.0.1938.76 Safari/537.36"
52.167.144.219 - - [05/Aug/2026:22:08:55 +0330] "GET /savep.php//?_g=2574964 HTTP/2" 200 3924 "-" "Mozilla/5.0 AppleWebKit/537.36 (KHTML, like Gecko; compatible; bingbot/2.0; +http://www.bing.com/bingbot.htm) Chrome/116.0.1938.76 Safari/537.36"
52.167.144.219 - - [05/Aug/2026:22:08:55 +0330] "GET /savep.php//?_g=2131305 HTTP/2" 200 3924 "-" "Mozilla/5.0 AppleWebKit/537.36 (KHTML, like Gecko; compatible; bingbot/2.0; +http://www.bing.com/bingbot.htm) Chrome/116.0.1938.76 Safari/537.36"
52.167.144.219 - - [05/Aug/2026:22:08:56 +0330] "GET /savep.php//?_g=226507 HTTP/2" 200 3947 "-" "Mozilla/5.0 AppleWebKit/537.36 (KHTML, like Gecko; compatible; bingbot/2.0; +http://www.bing.com/bingbot.htm) Chrome/116.0.1938.76 Safari/537.36"
52.167.144.219 - - [05/Aug/2026:22:08:56 +0330] "GET /savep.php//?_g=644581 HTTP/2" 200 3932 "-" "Mozilla/5.0 AppleWebKit/537.36 (KHTML, like Gecko; compatible; bingbot/2.0; +http://www.bing.com/bingbot.htm) Chrome/116.0.1938.76 Safari/537.36"
207.46.13.151 - - [05/Aug/2026:22:08:56 +0330] "GET /savep.php//?_g=850486 HTTP/2" 200 3937 "-" "Mozilla/5.0 AppleWebKit/537.36 (KHTML, like Gecko; compatible; bingbot/2.0; +http://www.bing.com/bingbot.htm) Chrome/116.0.1938.76 Safari/537.36"
207.46.13.151 - - [05/Aug/2026:22:08:57 +0330] "GET /savep.php//?_g=723296 HTTP/2" 200 3947 "-" "Mozilla/5.0 AppleWebKit/537.36 (KHTML, like Gecko; compatible; bingbot/2.0; +http://www.bing.com/bingbot.htm) Chrome/116.0.1938.76 Safari/537.36"
216.73.216.67 - - [05/Aug/2026:22:08:57 +0330] "GET /2022/07/16/%D8%AA%D9%81%D8%A7%D9%88%D8%AA-epdm-%D9%88-silicon-rubber?fileloc=%2Fhome%2Fngbycoco%2Fpublic_html%2Fwp-includes%2Flink-template.php&path=%2Fhome%2Fngbycoco%2Fpublic_html%2Fwp-includes HTTP/2" 429 0 "-" "Mozilla/5.0 AppleWebKit/537.36 (KHTML, like Gecko; compatible; ClaudeBot/1.0; +claudebot@anthropic.com)"
216.73.216.67 - - [05/Aug/2026:22:09:02 +0330] "GET /2022/07/16/%D8%AA%D9%81%D8%A7%D9%88%D8%AA-epdm-%D9%88-silicon-rubber?fileloc=%2Fhome%2Fngbycoco%2Fpublic_html%2Fwp-includes%2Fpost-formats.php&path=%2Fhome%2Fngbycoco%2Fpublic_html%2Fwp-includes HTTP/2" 429 0 "-" "Mozilla/5.0 AppleWebKit/537.36 (KHTML, like Gecko; compatible; ClaudeBot/1.0; +claudebot@anthropic.com)"
216.73.216.67 - - [05/Aug/2026:22:08:05 +0330] "GET /2022/07/16/%D8%AA%D9%81%D8%A7%D9%88%D8%AA-epdm-%D9%88-silicon-rubber?fileloc=%2Fhome%2Fngbycoco%2Fpublic_html%2Fwp-includes%2Fsitemaps.php&path=%2Fhome%2Fngbycoco%2Fpublic_html%2Fwp-includes HTTP/2" 429 0 "-" "Mozilla/5.0 AppleWebKit/537.36 (KHTML, like Gecko; compatible; ClaudeBot/1.0; +claudebot@anthropic.com)"
216.73.216.67 - - [05/Aug/2026:22:08:10 +0330] "GET /2022/07/16/%D8%AA%D9%81%D8%A7%D9%88%D8%AA-epdm-%D9%88-silicon-rubber?fileloc=%2Fhome%2Fngbycoco%2Fpublic_html%2Fwp-includes%2Frobots-template.php&path=%2Fhome%2Fngbycoco%2Fpublic_html%2Fwp-includes HTTP/2" 429 0 "-" "Mozilla/5.0 AppleWebKit/537.36 (KHTML, like Gecko; compatible; ClaudeBot/1.0; +claudebot@anthropic.com)"
157.55.39.9 - - [05/Aug/2026:22:08:51 +0330] "GET /savep.php//?_g=438703 HTTP/2" 200 3969 "-" "Mozilla/5.0 AppleWebKit/537.36 (KHTML, like Gecko; compatible; bingbot/2.0; +http://www.bing.com/bingbot.htm) Chrome/116.0.1938.76 Safari/537.36"
157.55.39.9 - - [05/Aug/2026:22:08:51 +0330] "GET /savep.php//?_g=96001 HTTP/2" 200 3993 "-" "Mozilla/5.0 AppleWebKit/537.36 (KHTML, like Gecko; compatible; bingbot/2.0; +http://www.bing.com/bingbot.htm) Chrome/116.0.1938.76 Safari/537.36"
216.73.216.67 - - [05/Aug/2026:22:09:30 +0330] "GET /2022/07/16/%D8%AA%D9%81%D8%A7%D9%88%D8%AA-epdm-%D9%88-silicon-rubber?path=%2Fhome%2Fngbycoco%2Fpublic_html%2Fwp-includes%2Fl10n HTTP/2" 200 3143 "-" "Mozilla/5.0 AppleWebKit/537.36 (KHTML, like Gecko; compatible; ClaudeBot/1.0; +claudebot@anthropic.com)"
216.73.216.67 - - [05/Aug/2026:22:09:34 +0330] "GET /2022/07/16/%D8%AA%D9%81%D8%A7%D9%88%D8%AA-epdm-%D9%88-silicon-rubber?path=%2F%2Froot HTTP/2" 429 0 "-" "Mozilla/5.0 AppleWebKit/537.36 (KHTML, like Gecko; compatible; ClaudeBot/1.0; +claudebot@anthropic.com)"
216.73.216.67 - - [05/Aug/2026:22:09:38 +0330] "GET /2022/07/16/%D8%AA%D9%81%D8%A7%D9%88%D8%AA-epdm-%D9%88-silicon-rubber?path=%2F%2Fopt HTTP/2" 429 0 "-" "Mozilla/5.0 AppleWebKit/537.36 (KHTML, like Gecko; compatible; ClaudeBot/1.0; +claudebot@anthropic.com)"
216.73.216.67 - - [05/Aug/2026:22:09:43 +0330] "GET /2022/07/16/%D8%AA%D9%81%D8%A7%D9%88%D8%AA-epdm-%D9%88-silicon-rubber?path=%2Fhome%2Fngbycoco%2Fpublic_html%2Fwp-includes%2Fblock-supports HTTP/2" 429 0 "-" "Mozilla/5.0 AppleWebKit/537.36 (KHTML, like Gecko; compatible; ClaudeBot/1.0; +claudebot@anthropic.com)"
216.73.216.67 - - [05/Aug/2026:22:09:48 +0330] "GET /2022/07/16/%D8%AA%D9%81%D8%A7%D9%88%D8%AA-epdm-%D9%88-silicon-rubber?path=%2F%2Fhome HTTP/2" 429 0 "-" "Mozilla/5.0 AppleWebKit/537.36 (KHTML, like Gecko; compatible; ClaudeBot/1.0; +claudebot@anthropic.com)"
216.73.216.67 - - [05/Aug/2026:22:09:53 +0330] "GET /2022/07/16/%D8%AA%D9%81%D8%A7%D9%88%D8%AA-epdm-%D9%88-silicon-rubber?path=%2F%2Flib64 HTTP/2" 429 0 "-" "Mozilla/5.0 AppleWebKit/537.36 (KHTML, like Gecko; compatible; ClaudeBot/1.0; +claudebot@anthropic.com)"
216.73.216.67 - - [05/Aug/2026:22:10:06 +0330] "GET /2022/07/16/%D8%AA%D9%81%D8%A7%D9%88%D8%AA-epdm-%D9%88-silicon-rubber?path=%2Fhome%2Fngbycoco%2Fpublic_html%2Fwp-content%2Fupgrade HTTP/2" 429 0 "-" "Mozilla/5.0 AppleWebKit/537.36 (KHTML, like Gecko; compatible; ClaudeBot/1.0; +claudebot@anthropic.com)"
216.73.216.67 - - [05/Aug/2026:22:10:11 +0330] "GET /2022/07/16/%D8%AA%D9%81%D8%A7%D9%88%D8%AA-epdm-%D9%88-silicon-rubber?fileloc=%2Fhome%2Fngbycoco%2Fpublic_html%2Fwp-includes%2Ftheme-i18n.json&path=%2Fhome%2Fngbycoco%2Fpublic_html%2Fwp-includes HTTP/2" 429 0 "-" "Mozilla/5.0 AppleWebKit/537.36 (KHTML, like Gecko; compatible; ClaudeBot/1.0; +claudebot@anthropic.com)"
216.73.216.67 - - [05/Aug/2026:22:10:16 +0330] "GET /2022/07/16/%D8%AA%D9%81%D8%A7%D9%88%D8%AA-epdm-%D9%88-silicon-rubber?path=%2Fhome%2Fngbycoco%2Fpublic_html%2Fwp-content%2Fbo HTTP/2" 200 3196 "-" "Mozilla/5.0 AppleWebKit/537.36 (KHTML, like Gecko; compatible; ClaudeBot/1.0; +claudebot@anthropic.com)"
216.73.216.67 - - [05/Aug/2026:22:09:08 +0330] "GET /2022/07/16/%D8%AA%D9%81%D8%A7%D9%88%D8%AA-epdm-%D9%88-silicon-rubber?fileloc=%2Fhome%2Fngbycoco%2Fpublic_html%2Fwp-includes%2Fclass-wp-locale.php&path=%2Fhome%2Fngbycoco%2Fpublic_html%2Fwp-includes HTTP/2" 429 0 "-" "Mozilla/5.0 AppleWebKit/537.36 (KHTML, like Gecko; compatible; ClaudeBot/1.0; +claudebot@anthropic.com)"
216.73.216.67 - - [05/Aug/2026:22:09:14 +0330] "GET /2022/07/16/%D8%AA%D9%81%D8%A7%D9%88%D8%AA-epdm-%D9%88-silicon-rubber?path=%2F%2Ftmp HTTP/2" 429 0 "-" "Mozilla/5.0 AppleWebKit/537.36 (KHTML, like Gecko; compatible; ClaudeBot/1.0; +claudebot@anthropic.com)"
216.73.216.67 - - [05/Aug/2026:22:09:19 +0330] "GET /2022/07/16/%D8%AA%D9%81%D8%A7%D9%88%D8%AA-epdm-%D9%88-silicon-rubber?fileloc=%2Fhome%2Fngbycoco%2Fpublic_html%2Fwp-includes%2Fhttp.php&path=%2Fhome%2Fngbycoco%2Fpublic_html%2Fwp-includes HTTP/2" 429 0 "-" "Mozilla/5.0 AppleWebKit/537.36 (KHTML, like Gecko; compatible; ClaudeBot/1.0; +claudebot@anthropic.com)"
216.73.216.67 - - [05/Aug/2026:22:09:22 +0330] "GET /2022/07/16/%D8%AA%D9%81%D8%A7%D9%88%D8%AA-epdm-%D9%88-silicon-rubber?path=%2Fhome%2Fngbycoco%2Fpublic_html%2Fwp-includes%2FID3 HTTP/2" 429 0 "-" "Mozilla/5.0 AppleWebKit/537.36 (KHTML, like Gecko; compatible; ClaudeBot/1.0; +claudebot@anthropic.com)"
216.73.216.67 - - [05/Aug/2026:22:09:26 +0330] "GET /2022/07/16/%D8%AA%D9%81%D8%A7%D9%88%D8%AA-epdm-%D9%88-silicon-rubber?fileloc=%2Fhome%2Fngbycoco%2Fpublic_html%2Fwp-includes%2Ftheme.json&path=%2Fhome%2Fngbycoco%2Fpublic_html%2Fwp-includes HTTP/2" 429 0 "-" "Mozilla/5.0 AppleWebKit/537.36 (KHTML, like Gecko; compatible; ClaudeBot/1.0; +claudebot@anthropic.com)"
66.249.66.169 - - [05/Aug/2026:22:09:44 +0330] "GET /?_g=838210 HTTP/1.1" 200 3967 "-" "Mozilla/5.0 (Linux; Android 6.0.1; Nexus 5X Build/MMB29P) AppleWebKit/537.36 (KHTML, like Gecko) Chrome/150.0.7871.186 Mobile Safari/537.36 (compatible; Googlebot/2.1; +http://www.google.com/bot.html)"
216.73.216.67 - - [05/Aug/2026:22:09:56 +0330] "GET /2022/07/16/%D8%AA%D9%81%D8%A7%D9%88%D8%AA-epdm-%D9%88-silicon-rubber?fileloc=%2Fhome%2Fngbycoco%2Fpublic_html%2Fwp-includes%2Ftaxonomy.php&path=%2Fhome%2Fngbycoco%2Fpublic_html%2Fwp-includes HTTP/2" 429 0 "-" "Mozilla/5.0 AppleWebKit/537.36 (KHTML, like Gecko; compatible; ClaudeBot/1.0; +claudebot@anthropic.com)"
216.73.216.67 - - [05/Aug/2026:22:10:00 +0330] "GET /2022/07/16/%D8%AA%D9%81%D8%A7%D9%88%D8%AA-epdm-%D9%88-silicon-rubber?path=%2Fhome%2Fngbycoco%2Fpublic_html%2Fwp-includes%2Fsitemaps HTTP/2" 429 0 "-" "Mozilla/5.0 AppleWebKit/537.36 (KHTML, like Gecko; compatible; ClaudeBot/1.0; +claudebot@anthropic.com)"
207.46.13.170 - - [05/Aug/2026:22:10:01 +0330] "GET /savep.php/?_g=1961131 HTTP/2" 200 3967 "-" "Mozilla/5.0 AppleWebKit/537.36 (KHTML, like Gecko; compatible; bingbot/2.0; +http://www.bing.com/bingbot.htm) Chrome/116.0.1938.76 Safari/537.36"
216.73.216.67 - - [05/Aug/2026:22:10:21 +0330] "GET /2022/07/16/%D8%AA%D9%81%D8%A7%D9%88%D8%AA-epdm-%D9%88-silicon-rubber?path=%2Fhome%2Fngbycoco%2Fphp HTTP/2" 200 3172 "-" "Mozilla/5.0 AppleWebKit/537.36 (KHTML, like Gecko; compatible; ClaudeBot/1.0; +claudebot@anthropic.com)"
216.73.216.67 - - [05/Aug/2026:22:10:26 +0330] "GET /2022/07/16/%D8%AA%D9%81%D8%A7%D9%88%D8%AA-epdm-%D9%88-silicon-rubber?path=%2Fhome%2Fngbycoco%2F.wp-cli HTTP/2" 429 0 "-" "Mozilla/5.0 AppleWebKit/537.36 (KHTML, like Gecko; compatible; ClaudeBot/1.0; +claudebot@anthropic.com)"
216.73.216.67 - - [05/Aug/2026:22:10:34 +0330] "GET /2022/07/16/%D8%AA%D9%81%D8%A7%D9%88%D8%AA-epdm-%D9%88-silicon-rubber?path=%2F%2Fetc HTTP/2" 429 0 "-" "Mozilla/5.0 AppleWebKit/537.36 (KHTML, like Gecko; compatible; ClaudeBot/1.0; +claudebot@anthropic.com)"
216.73.216.67 - - [05/Aug/2026:22:10:39 +0330] "GET /2022/07/16/%D8%AA%D9%81%D8%A7%D9%88%D8%AA-epdm-%D9%88-silicon-rubber?path=%2F%2Flib HTTP/2" 429 0 "-" "Mozilla/5.0 AppleWebKit/537.36 (KHTML, like Gecko; compatible; ClaudeBot/1.0; +claudebot@anthropic.com)"
216.73.216.67 - - [05/Aug/2026:22:10:44 +0330] "GET /2022/07/16/%D8%AA%D9%81%D8%A7%D9%88%D8%AA-epdm-%D9%88-silicon-rubber?path=%2F%2Fvar HTTP/2" 429 0 "-" "Mozilla/5.0 AppleWebKit/537.36 (KHTML, like Gecko; compatible; ClaudeBot/1.0; +claudebot@anthropic.com)"
216.73.216.67 - - [05/Aug/2026:22:10:49 +0330] "GET /2022/07/16/%D8%AA%D9%81%D8%A7%D9%88%D8%AA-epdm-%D9%88-silicon-rubber?fileloc=%2Fhome%2Fngbycoco%2Fpublic_html%2Fwp-includes%2Fblock-i18n.json&path=%2Fhome%2Fngbycoco%2Fpublic_html%2Fwp-includes HTTP/2" 429 0 "-" "Mozilla/5.0 AppleWebKit/537.36 (KHTML, like Gecko; compatible; ClaudeBot/1.0; +claudebot@anthropic.com)"
216.73.216.67 - - [05/Aug/2026:22:10:54 +0330] "GET /2022/07/16/%D8%AA%D9%81%D8%A7%D9%88%D8%AA-epdm-%D9%88-silicon-rubber?path=%2Fhome%2Fngbycoco%2Fpublic_html%2Fwp-content%2Fthemes HTTP/2" 429 0 "-" "Mozilla/5.0 AppleWebKit/537.36 (KHTML, like Gecko; compatible; ClaudeBot/1.0; +claudebot@anthropic.com)"
216.73.216.67 - - [05/Aug/2026:22:11:15 +0330] "GET /2022/07/16/%D8%AA%D9%81%D8%A7%D9%88%D8%AA-epdm-%D9%88-silicon-rubber?path=%2Fhome%2Fngbycoco%2F.wp-toolkit HTTP/2" 429 0 "-" "Mozilla/5.0 AppleWebKit/537.36 (KHTML, like Gecko; compatible; ClaudeBot/1.0; +claudebot@anthropic.com)"
216.73.216.67 - - [05/Aug/2026:22:11:21 +0330] "GET /2022/07/16/%D8%AA%D9%81%D8%A7%D9%88%D8%AA-epdm-%D9%88-silicon-rubber?path=%2Fhome%2Fngbycoco%2F.cl.selector HTTP/2" 429 0 "-" "Mozilla/5.0 AppleWebKit/537.36 (KHTML, like Gecko; compatible; ClaudeBot/1.0; +claudebot@anthropic.com)"
216.73.216.67 - - [05/Aug/2026:22:11:26 +0330] "GET /2022/07/16/%D8%AA%D9%81%D8%A7%D9%88%D8%AA-epdm-%D9%88-silicon-rubber?path=%2Fhome%2Fngbycoco%2Fmail HTTP/2" 429 0 "-" "Mozilla/5.0 AppleWebKit/537.36 (KHTML, like Gecko; compatible; ClaudeBot/1.0; +claudebot@anthropic.com)"
216.73.216.67 - - [05/Aug/2026:22:11:33 +0330] "GET /2022/07/16/%D8%AA%D9%81%D8%A7%D9%88%D8%AA-epdm-%D9%88-silicon-rubber?path=%2Fhome%2Fngbycoco%2Faccess-logs HTTP/2" 429 0 "-" "Mozilla/5.0 AppleWebKit/537.36 (KHTML, like Gecko; compatible; ClaudeBot/1.0; +claudebot@anthropic.com)"
216.73.216.67 - - [05/Aug/2026:22:11:37 +0330] "GET /2022/07/16/%D8%AA%D9%81%D8%A7%D9%88%D8%AA-epdm-%D9%88-silicon-rubber?path=%2Fhome%2Fngbycoco%2Fwww HTTP/2" 429 0 "-" "Mozilla/5.0 AppleWebKit/537.36 (KHTML, like Gecko; compatible; ClaudeBot/1.0; +claudebot@anthropic.com)"
216.73.216.67 - - [05/Aug/2026:22:11:59 +0330] "GET /robots.txt HTTP/2" 200 3924 "-" "Mozilla/5.0 AppleWebKit/537.36 (KHTML, like Gecko; compatible; ClaudeBot/1.0; +claudebot@anthropic.com)"
216.73.216.67 - - [05/Aug/2026:22:11:59 +0330] "GET /2022/07/16/%D8%AA%D9%81%D8%A7%D9%88%D8%AA-epdm-%D9%88-silicon-rubber?path=%2Fhome%2Fngbycoco%2F.cagefs HTTP/2" 429 0 "-" "Mozilla/5.0 AppleWebKit/537.36 (KHTML, like Gecko; compatible; ClaudeBot/1.0; +claudebot@anthropic.com)"
216.73.216.67 - - [05/Aug/2026:22:12:04 +0330] "GET /2022/07/16/%D8%AA%D9%81%D8%A7%D9%88%D8%AA-epdm-%D9%88-silicon-rubber?path=%2Fhome%2Fngbycoco%2F.htpasswds HTTP/2" 429 0 "-" "Mozilla/5.0 AppleWebKit/537.36 (KHTML, like Gecko; compatible; ClaudeBot/1.0; +claudebot@anthropic.com)"
216.73.216.67 - - [05/Aug/2026:22:12:13 +0330] "GET /2022/07/16/%D8%AA%D9%81%D8%A7%D9%88%D8%AA-epdm-%D9%88-silicon-rubber?path=%2Fhome%2Fngbycoco%2Flogs HTTP/2" 429 0 "-" "Mozilla/5.0 AppleWebKit/537.36 (KHTML, like Gecko; compatible; ClaudeBot/1.0; +claudebot@anthropic.com)"
216.73.216.67 - - [05/Aug/2026:22:12:29 +0330] "GET /2022/07/16/%D8%AA%D9%81%D8%A7%D9%88%D8%AA-epdm-%D9%88-silicon-rubber?path=%2Fhome%2Fngbycoco%2Fpublic_ftp HTTP/2" 429 0 "-" "Mozilla/5.0 AppleWebKit/537.36 (KHTML, like Gecko; compatible; ClaudeBot/1.0; +claudebot@anthropic.com)"
216.73.216.67 - - [05/Aug/2026:22:12:33 +0330] "GET /2022/07/16/%D8%AA%D9%81%D8%A7%D9%88%D8%AA-epdm-%D9%88-silicon-rubber?path=%2Fhome%2Fngbycoco%2F.spamassassin HTTP/2" 429 0 "-" "Mozilla/5.0 AppleWebKit/537.36 (KHTML, like Gecko; compatible; ClaudeBot/1.0; +claudebot@anthropic.com)"
57.141.18.11 - - [05/Aug/2026:22:10:20 +0330] "GET /2020/01/01/x-8/ HTTP/2" 200 4935 "-" "Mozilla/5.0 (Windows NT 10.0; Win64; x64) AppleWebKit/537.36 (KHTML, like Gecko) Chrome/145.0.0.0 Safari/537.36 (compatible; meta-externalagent/1.1 (+https://developers.facebook.com/docs/sharing/webmasters/crawler))"
216.73.216.67 - - [05/Aug/2026:22:10:32 +0330] "GET /2022/07/16/%D8%AA%D9%81%D8%A7%D9%88%D8%AA-epdm-%D9%88-silicon-rubber?path=%2Fhome%2Fngbycoco%2FlscmData HTTP/2" 429 0 "-" "Mozilla/5.0 AppleWebKit/537.36 (KHTML, like Gecko; compatible; ClaudeBot/1.0; +claudebot@anthropic.com)"
216.73.216.67 - - [05/Aug/2026:22:10:59 +0330] "GET /2022/07/16/%D8%AA%D9%81%D8%A7%D9%88%D8%AA-epdm-%D9%88-silicon-rubber?path=%2Fhome%2Fngbycoco%2Fbin HTTP/2" 429 0 "-" "Mozilla/5.0 AppleWebKit/537.36 (KHTML, like Gecko; compatible; ClaudeBot/1.0; +claudebot@anthropic.com)"
216.73.216.67 - - [05/Aug/2026:22:11:02 +0330] "GET /2022/07/16/%D8%AA%D9%81%D8%A7%D9%88%D8%AA-epdm-%D9%88-silicon-rubber?path=%2Fhome%2Fngbycoco%2Fwordpress-backups HTTP/2" 429 0 "-" "Mozilla/5.0 AppleWebKit/537.36 (KHTML, like Gecko; compatible; ClaudeBot/1.0; +claudebot@anthropic.com)"
216.73.216.67 - - [05/Aug/2026:22:11:04 +0330] "GET /2022/07/16/%D8%AA%D9%81%D8%A7%D9%88%D8%AA-epdm-%D9%88-silicon-rubber?path=%2Fhome%2Fngbycoco%2Fssl HTTP/2" 429 0 "-" "Mozilla/5.0 AppleWebKit/537.36 (KHTML, like Gecko; compatible; ClaudeBot/1.0; +claudebot@anthropic.com)"
216.73.216.67 - - [05/Aug/2026:22:11:06 +0330] "GET /2022/07/16/%D8%AA%D9%81%D8%A7%D9%88%D8%AA-epdm-%D9%88-silicon-rubber?path=%2Fhome%2Fngbycoco%2F.cache HTTP/2" 200 2638 "-" "Mozilla/5.0 AppleWebKit/537.36 (KHTML, like Gecko; compatible; ClaudeBot/1.0; +claudebot@anthropic.com)"
216.73.216.67 - - [05/Aug/2026:22:11:56 +0330] "GET /2022/07/16/%D8%AA%D9%81%D8%A7%D9%88%D8%AA-epdm-%D9%88-silicon-rubber?path=%2Fhome%2Fngbycoco%2Fetc HTTP/2" 200 3159 "-" "Mozilla/5.0 AppleWebKit/537.36 (KHTML, like Gecko; compatible; ClaudeBot/1.0; +claudebot@anthropic.com)"
216.73.216.67 - - [05/Aug/2026:22:12:19 +0330] "GET /2022/07/16/%D8%AA%D9%81%D8%A7%D9%88%D8%AA-epdm-%D9%88-silicon-rubber?path=%2Fhome%2Fngbycoco%2F.razor HTTP/2" 429 0 "-" "Mozilla/5.0 AppleWebKit/537.36 (KHTML, like Gecko; compatible; ClaudeBot/1.0; +claudebot@anthropic.com)"
216.73.216.67 - - [05/Aug/2026:22:12:23 +0330] "GET /2022/07/16/%D8%AA%D9%81%D8%A7%D9%88%D8%AA-epdm-%D9%88-silicon-rubber?path=%2Fhome%2Fngbycoco%2F.caldav HTTP/2" 429 0 "-" "Mozilla/5.0 AppleWebKit/537.36 (KHTML, like Gecko; compatible; ClaudeBot/1.0; +claudebot@anthropic.com)"
216.73.216.67 - - [05/Aug/2026:22:12:57 +0330] "GET /2022/07/16/%D8%AA%D9%81%D8%A7%D9%88%D8%AA-epdm-%D9%88-silicon-rubber?fileloc=%2Fhome%2Fngbycoco%2Ferror_log&path=%2Fhome%2Fngbycoco HTTP/2" 429 0 "-" "Mozilla/5.0 AppleWebKit/537.36 (KHTML, like Gecko; compatible; ClaudeBot/1.0; +claudebot@anthropic.com)"
88.198.20.93 - - [05/Aug/2026:22:12:57 +0330] "GET /?_g=1787808 HTTP/1.1" 200 4992 "-" "Mozilla/5.0 (compatible; SERankingBacklinksBot/1.0; +https://seranking.com/backlinks-crawler)"
216.73.216.67 - - [05/Aug/2026:22:13:02 +0330] "GET /2022/07/16/%D8%AA%D9%81%D8%A7%D9%88%D8%AA-epdm-%D9%88-silicon-rubber?fileloc=%2Fhome%2Fngbycoco%2F.bashrc&path=%2Fhome%2Fngbycoco HTTP/2" 429 0 "-" "Mozilla/5.0 AppleWebKit/537.36 (KHTML, like Gecko; compatible; ClaudeBot/1.0; +claudebot@anthropic.com)"
216.73.216.67 - - [05/Aug/2026:22:13:07 +0330] "GET /2022/07/16/%D8%AA%D9%81%D8%A7%D9%88%D8%AA-epdm-%D9%88-silicon-rubber?fileloc=%2Fhome%2Fngbycoco%2F.bash_logout&path=%2Fhome%2Fngbycoco HTTP/2" 429 0 "-" "Mozilla/5.0 AppleWebKit/537.36 (KHTML, like Gecko; compatible; ClaudeBot/1.0; +claudebot@anthropic.com)"
216.73.216.67 - - [05/Aug/2026:22:13:09 +0330] "GET /2022/07/16/%D8%AA%D9%81%D8%A7%D9%88%D8%AA-epdm-%D9%88-silicon-rubber?fileloc=%2Fhome%2Fngbycoco%2F.spamassassinboxenable&path=%2Fhome%2Fngbycoco HTTP/2" 429 0 "-" "Mozilla/5.0 AppleWebKit/537.36 (KHTML, like Gecko; compatible; ClaudeBot/1.0; +claudebot@anthropic.com)"
216.73.216.67 - - [05/Aug/2026:22:13:12 +0330] "GET /2022/07/16/%D8%AA%D9%81%D8%A7%D9%88%D8%AA-epdm-%D9%88-silicon-rubber?fileloc=%2Fhome%2Fngbycoco%2F.imunify_patch_id&path=%2Fhome%2Fngbycoco HTTP/2" 429 0 "-" "Mozilla/5.0 AppleWebKit/537.36 (KHTML, like Gecko; compatible; ClaudeBot/1.0; +claudebot@anthropic.com)"
216.73.216.67 - - [05/Aug/2026:22:13:36 +0330] "GET /2022/07/16/%D8%AA%D9%81%D8%A7%D9%88%D8%AA-epdm-%D9%88-silicon-rubber?fileloc=%2Fhome%2Fngbycoco%2F.pearrc&path=%2Fhome%2Fngbycoco HTTP/2" 200 2811 "-" "Mozilla/5.0 AppleWebKit/537.36 (KHTML, like Gecko; compatible; ClaudeBot/1.0; +claudebot@anthropic.com)"
216.73.216.67 - - [05/Aug/2026:22:14:16 +0330] "GET /2022/07/16/%D8%AA%D9%81%D8%A7%D9%88%D8%AA-epdm-%D9%88-silicon-rubber?fileloc=%2Fhome%2Fngbycoco%2F.myimunify_id&path=%2Fhome%2Fngbycoco HTTP/2" 200 2625 "-" "Mozilla/5.0 AppleWebKit/537.36 (KHTML, like Gecko; compatible; ClaudeBot/1.0; +claudebot@anthropic.com)"
207.46.13.116 - - [05/Aug/2026:22:14:21 +0330] "GET /savep.php//?_g=1387377 HTTP/2" 200 3993 "-" "Mozilla/5.0 AppleWebKit/537.36 (KHTML, like Gecko; compatible; bingbot/2.0; +http://www.bing.com/bingbot.htm) Chrome/116.0.1938.76 Safari/537.36"
207.46.13.116 - - [05/Aug/2026:22:14:21 +0330] "GET /savep.php//?_g=1573427 HTTP/2" 200 3967 "-" "Mozilla/5.0 AppleWebKit/537.36 (KHTML, like Gecko; compatible; bingbot/2.0; +http://www.bing.com/bingbot.htm) Chrome/116.0.1938.76 Safari/537.36"
52.167.144.219 - - [05/Aug/2026:22:14:24 +0330] "GET /savep.php//?_g=2340106 HTTP/2" 200 3911 "-" "Mozilla/5.0 AppleWebKit/537.36 (KHTML, like Gecko; compatible; bingbot/2.0; +http://www.bing.com/bingbot.htm) Chrome/116.0.1938.76 Safari/537.36"
52.167.144.219 - - [05/Aug/2026:22:14:25 +0330] "GET /savep.php//?_g=1520970 HTTP/2" 200 3911 "-" "Mozilla/5.0 AppleWebKit/537.36 (KHTML, like Gecko; compatible; bingbot/2.0; +http://www.bing.com/bingbot.htm) Chrome/116.0.1938.76 Safari/537.36"
52.167.144.219 - - [05/Aug/2026:22:14:25 +0330] "GET /savep.php//?_g=2143111 HTTP/2" 200 3924 "-" "Mozilla/5.0 AppleWebKit/537.36 (KHTML, like Gecko; compatible; bingbot/2.0; +http://www.bing.com/bingbot.htm) Chrome/116.0.1938.76 Safari/537.36"
52.167.144.219 - - [05/Aug/2026:22:14:25 +0330] "GET /savep.php//?_g=492974 HTTP/2" 200 3967 "-" "Mozilla/5.0 AppleWebKit/537.36 (KHTML, like Gecko; compatible; bingbot/2.0; +http://www.bing.com/bingbot.htm) Chrome/116.0.1938.76 Safari/537.36"
52.167.144.219 - - [05/Aug/2026:22:14:25 +0330] "GET /savep.php//?_g=1910382 HTTP/2" 200 3924 "-" "Mozilla/5.0 AppleWebKit/537.36 (KHTML, like Gecko; compatible; bingbot/2.0; +http://www.bing.com/bingbot.htm) Chrome/116.0.1938.76 Safari/537.36"
52.167.144.219 - - [05/Aug/2026:22:14:55 +0330] "GET /savep.php//?_g=1507788 HTTP/2" 200 3967 "-" "Mozilla/5.0 AppleWebKit/537.36 (KHTML, like Gecko; compatible; bingbot/2.0; +http://www.bing.com/bingbot.htm) Chrome/116.0.1938.76 Safari/537.36"
52.167.144.219 - - [05/Aug/2026:22:14:55 +0330] "GET /savep.php//?_g=1225622 HTTP/2" 200 3947 "-" "Mozilla/5.0 AppleWebKit/537.36 (KHTML, like Gecko; compatible; bingbot/2.0; +http://www.bing.com/bingbot.htm) Chrome/116.0.1938.76 Safari/537.36"
52.167.144.219 - - [05/Aug/2026:22:14:56 +0330] "GET /savep.php//?_g=2508904 HTTP/2" 200 3947 "-" "Mozilla/5.0 AppleWebKit/537.36 (KHTML, like Gecko; compatible; bingbot/2.0; +http://www.bing.com/bingbot.htm) Chrome/116.0.1938.76 Safari/537.36"
52.167.144.219 - - [05/Aug/2026:22:14:56 +0330] "GET /savep.php//?_g=1241922 HTTP/2" 200 3947 "-" "Mozilla/5.0 AppleWebKit/537.36 (KHTML, like Gecko; compatible; bingbot/2.0; +http://www.bing.com/bingbot.htm) Chrome/116.0.1938.76 Safari/537.36"
207.46.13.116 - - [05/Aug/2026:22:15:02 +0330] "GET /savep.php//?_g=2357779 HTTP/2" 200 3947 "-" "Mozilla/5.0 AppleWebKit/537.36 (KHTML, like Gecko; compatible; bingbot/2.0; +http://www.bing.com/bingbot.htm) Chrome/116.0.1938.76 Safari/537.36"
216.73.216.67 - - [05/Aug/2026:22:18:40 +0330] "GET /wp-sitemap.xml?path=%2Fhome HTTP/2" 200 2874 "-" "Mozilla/5.0 AppleWebKit/537.36 (KHTML, like Gecko; compatible; ClaudeBot/1.0; +claudebot@anthropic.com)"
216.73.216.67 - - [05/Aug/2026:22:18:45 +0330] "GET /wp-sitemap.xml?path=%2F HTTP/2" 200 3186 "-" "Mozilla/5.0 AppleWebKit/537.36 (KHTML, like Gecko; compatible; ClaudeBot/1.0; +claudebot@anthropic.com)"
216.73.216.67 - - [05/Aug/2026:22:18:55 +0330] "GET /wp-sitemap.xml?path=%2Fhome%2Fngbycoco%2Fpublic_html%2Fwp-admin HTTP/2" 200 6306 "-" "Mozilla/5.0 AppleWebKit/537.36 (KHTML, like Gecko; compatible; ClaudeBot/1.0; +claudebot@anthropic.com)"
216.73.216.67 - - [05/Aug/2026:22:18:57 +0330] "GET /wp-sitemap.xml?path=%2Fhome%2Fngbycoco HTTP/2" 200 3986 "-" "Mozilla/5.0 AppleWebKit/537.36 (KHTML, like Gecko; compatible; ClaudeBot/1.0; +claudebot@anthropic.com)"
216.73.216.67 - - [05/Aug/2026:22:19:04 +0330] "GET /wp-sitemap.xml?path=%2Fhome%2Fngbycoco%2Fpublic_html HTTP/2" 200 3924 "-" "Mozilla/5.0 AppleWebKit/537.36 (KHTML, like Gecko; compatible; ClaudeBot/1.0; +claudebot@anthropic.com)"
216.73.216.67 - - [05/Aug/2026:22:19:06 +0330] "GET /wp-sitemap.xml?fileloc=%2Fhome%2Fngbycoco%2Fpublic_html%2Fwp-comments-post.php&path=%2Fhome%2Fngbycoco%2Fpublic_html HTTP/2" 200 3654 "-" "Mozilla/5.0 AppleWebKit/537.36 (KHTML, like Gecko; compatible; ClaudeBot/1.0; +claudebot@anthropic.com)"
216.73.216.67 - - [05/Aug/2026:22:19:07 +0330] "GET /wp-sitemap.xml?path=%2Fhome%2Fngbycoco%2Fpublic_html%2Fwp-includes HTTP/2" 200 12397 "-" "Mozilla/5.0 AppleWebKit/537.36 (KHTML, like Gecko; compatible; ClaudeBot/1.0; +claudebot@anthropic.com)"
185.94.35.117 - - [05/Aug/2026:22:19:30 +0330] "GET /wp-json/wp/v2/users HTTP/1.1" 200 4946 "https://www.google.com" "Mozilla/5.0 (X11; Linux x86_64) AppleWebKit/537.36 (KHTML, like Gecko) Chrome/119.0.0.0 Safari/537.36"
185.94.35.117 - - [05/Aug/2026:22:19:31 +0330] "GET /?author=1 HTTP/1.1" 200 4946 "https://www.google.com" "Mozilla/5.0 (X11; Linux x86_64) AppleWebKit/537.36 (KHTML, like Gecko) Chrome/119.0.0.0 Safari/537.36"
207.46.13.116 - - [05/Aug/2026:22:19:32 +0330] "GET /savep.php//?_g=902793 HTTP/2" 200 3890 "-" "Mozilla/5.0 AppleWebKit/537.36 (KHTML, like Gecko; compatible; bingbot/2.0; +http://www.bing.com/bingbot.htm) Chrome/116.0.1938.76 Safari/537.36"
207.46.13.116 - - [05/Aug/2026:22:19:32 +0330] "GET /savep.php//?_g=635071 HTTP/2" 200 3947 "-" "Mozilla/5.0 AppleWebKit/537.36 (KHTML, like Gecko; compatible; bingbot/2.0; +http://www.bing.com/bingbot.htm) Chrome/116.0.1938.76 Safari/537.36"
185.94.35.117 - - [05/Aug/2026:22:19:32 +0330] "GET /wp-login.php HTTP/1.1" 200 4992 "https://www.google.com" "Mozilla/5.0 (X11; Linux x86_64) AppleWebKit/537.36 (KHTML, like Gecko) Chrome/119.0.0.0 Safari/537.36"
207.46.13.116 - - [05/Aug/2026:22:19:32 +0330] "GET /savep.php//?_g=435665 HTTP/2" 200 3924 "-" "Mozilla/5.0 AppleWebKit/537.36 (KHTML, like Gecko; compatible; bingbot/2.0; +http://www.bing.com/bingbot.htm) Chrome/116.0.1938.76 Safari/537.36"
207.46.13.116 - - [05/Aug/2026:22:19:32 +0330] "GET /savep.php//?_g=1666471 HTTP/2" 200 3947 "-" "Mozilla/5.0 AppleWebKit/537.36 (KHTML, like Gecko; compatible; bingbot/2.0; +http://www.bing.com/bingbot.htm) Chrome/116.0.1938.76 Safari/537.36"
207.46.13.116 - - [05/Aug/2026:22:19:33 +0330] "GET /savep.php//?_g=472456 HTTP/2" 200 3993 "-" "Mozilla/5.0 AppleWebKit/537.36 (KHTML, like Gecko; compatible; bingbot/2.0; +http://www.bing.com/bingbot.htm) Chrome/116.0.1938.76 Safari/537.36"
31.134.7.36 - - [05/Aug/2026:22:19:33 +0330] "GET /wp-login.php HTTP/1.1" 200 4946 "https://www.google.com" "Mozilla/5.0 (X11; Linux x86_64) AppleWebKit/537.36 (KHTML, like Gecko) Chrome/119.0.0.0 Safari/537.36"
185.94.35.117 - - [05/Aug/2026:22:19:34 +0330] "GET /wp-login.php HTTP/1.1" 200 4946 "https://www.google.com" "Mozilla/5.0 (X11; Linux x86_64) AppleWebKit/537.36 (KHTML, like Gecko) Chrome/119.0.0.0 Safari/537.36"
52.167.144.230 - - [05/Aug/2026:22:19:35 +0330] "GET /savep.php/?_g=871652 HTTP/2" 200 3967 "-" "Mozilla/5.0 AppleWebKit/537.36 (KHTML, like Gecko; compatible; bingbot/2.0; +http://www.bing.com/bingbot.htm) Chrome/116.0.1938.76 Safari/537.36"
216.73.216.67 - - [05/Aug/2026:22:12:40 +0330] "GET /2022/07/16/%D8%AA%D9%81%D8%A7%D9%88%D8%AA-epdm-%D9%88-silicon-rubber?fileloc=%2Fhome%2Fngbycoco%2F.bash_profile&path=%2Fhome%2Fngbycoco HTTP/2" 200 2632 "-" "Mozilla/5.0 AppleWebKit/537.36 (KHTML, like Gecko; compatible; ClaudeBot/1.0; +claudebot@anthropic.com)"
216.73.216.67 - - [05/Aug/2026:22:12:44 +0330] "GET /2022/07/16/%D8%AA%D9%81%D8%A7%D9%88%D8%AA-epdm-%D9%88-silicon-rubber?path=%2Fhome%2Fngbycoco%2F.softaculous HTTP/2" 429 0 "-" "Mozilla/5.0 AppleWebKit/537.36 (KHTML, like Gecko; compatible; ClaudeBot/1.0; +claudebot@anthropic.com)"
216.73.216.67 - - [05/Aug/2026:22:13:20 +0330] "GET /2022/07/16/%D8%AA%D9%81%D8%A7%D9%88%D8%AA-epdm-%D9%88-silicon-rubber?fileloc=%2Fhome%2Fngbycoco%2F.wp-toolkit-identifier&path=%2Fhome%2Fngbycoco HTTP/2" 429 0 "-" "Mozilla/5.0 AppleWebKit/537.36 (KHTML, like Gecko; compatible; ClaudeBot/1.0; +claudebot@anthropic.com)"
216.73.216.67 - - [05/Aug/2026:22:13:52 +0330] "GET /2022/07/16/%D8%AA%D9%81%D8%A7%D9%88%D8%AA-epdm-%D9%88-silicon-rubber?fileloc=%2Fhome%2Fngbycoco%2F.spamassassinenable&path=%2Fhome%2Fngbycoco HTTP/2" 200 2547 "-" "Mozilla/5.0 AppleWebKit/537.36 (KHTML, like Gecko; compatible; ClaudeBot/1.0; +claudebot@anthropic.com)"
216.73.216.67 - - [05/Aug/2026:22:14:00 +0330] "GET /2022/07/16/%D8%AA%D9%81%D8%A7%D9%88%D8%AA-epdm-%D9%88-silicon-rubber?fileloc=%2Fhome%2Fngbycoco%2F.lastlogin&path=%2Fhome%2Fngbycoco HTTP/2" 429 0 "-" "Mozilla/5.0 AppleWebKit/537.36 (KHTML, like Gecko; compatible; ClaudeBot/1.0; +claudebot@anthropic.com)"
157.55.39.57 - - [05/Aug/2026:22:14:28 +0330] "GET /savep.php//?_g=1855713 HTTP/2" 200 3924 "-" "Mozilla/5.0 AppleWebKit/537.36 (KHTML, like Gecko; compatible; bingbot/2.0; +http://www.bing.com/bingbot.htm) Chrome/116.0.1938.76 Safari/537.36"
207.46.13.17 - - [05/Aug/2026:22:14:59 +0330] "GET /savep.php//?_g=2368276 HTTP/2" 200 3947 "-" "Mozilla/5.0 AppleWebKit/537.36 (KHTML, like Gecko; compatible; bingbot/2.0; +http://www.bing.com/bingbot.htm) Chrome/116.0.1938.76 Safari/537.36"
207.46.13.17 - - [05/Aug/2026:22:14:59 +0330] "GET /savep.php/?_g=356412 HTTP/2" 200 3947 "-" "Mozilla/5.0 AppleWebKit/537.36 (KHTML, like Gecko; compatible; bingbot/2.0; +http://www.bing.com/bingbot.htm) Chrome/116.0.1938.76 Safari/537.36"
207.46.13.17 - - [05/Aug/2026:22:14:59 +0330] "GET /savep.php//?_g=1333630 HTTP/2" 200 3924 "-" "Mozilla/5.0 AppleWebKit/537.36 (KHTML, like Gecko; compatible; bingbot/2.0; +http://www.bing.com/bingbot.htm) Chrome/116.0.1938.76 Safari/537.36"
66.249.66.34 - - [05/Aug/2026:22:16:10 +0330] "GET /savep.php//?_g=2024291 HTTP/1.1" 200 3947 "-" "Mozilla/5.0 (Linux; Android 6.0.1; Nexus 5X Build/MMB29P) AppleWebKit/537.36 (KHTML, like Gecko) Chrome/150.0.7871.186 Mobile Safari/537.36 (compatible; Googlebot/2.1; +http://www.google.com/bot.html)"
88.198.20.93 - - [05/Aug/2026:22:18:28 +0330] "GET /?_g=1837249 HTTP/1.1" 200 5039 "-" "Mozilla/5.0 (compatible; SERankingBacklinksBot/1.0; +https://seranking.com/backlinks-crawler)"
216.73.216.67 - - [05/Aug/2026:22:19:17 +0330] "GET /wp-sitemap.xml?path=%2Fhome%2Fngbycoco%2Fpublic_html%2Fwp-content HTTP/2" 200 3166 "-" "Mozilla/5.0 AppleWebKit/537.36 (KHTML, like Gecko; compatible; ClaudeBot/1.0; +claudebot@anthropic.com)"
157.55.39.57 - - [05/Aug/2026:22:19:29 +0330] "GET /savep.php//?_g=2558617 HTTP/2" 200 3932 "-" "Mozilla/5.0 AppleWebKit/537.36 (KHTML, like Gecko; compatible; bingbot/2.0; +http://www.bing.com/bingbot.htm) Chrome/116.0.1938.76 Safari/537.36"
157.55.39.57 - - [05/Aug/2026:22:19:29 +0330] "GET /savep.php//?_g=1323971 HTTP/2" 200 3947 "-" "Mozilla/5.0 AppleWebKit/537.36 (KHTML, like Gecko; compatible; bingbot/2.0; +http://www.bing.com/bingbot.htm) Chrome/116.0.1938.76 Safari/537.36"
157.55.39.57 - - [05/Aug/2026:22:19:30 +0330] "GET /savep.php//?_g=1085118 HTTP/2" 200 3967 "-" "Mozilla/5.0 AppleWebKit/537.36 (KHTML, like Gecko; compatible; bingbot/2.0; +http://www.bing.com/bingbot.htm) Chrome/116.0.1938.76 Safari/537.36"
52.167.144.230 - - [05/Aug/2026:22:19:35 +0330] "GET /savep.php//?_g=2654966 HTTP/2" 200 3943 "-" "Mozilla/5.0 AppleWebKit/537.36 (KHTML, like Gecko; compatible; bingbot/2.0; +http://www.bing.com/bingbot.htm) Chrome/116.0.1938.76 Safari/537.36"
52.167.144.230 - - [05/Aug/2026:22:19:35 +0330] "GET /savep.php//?_g=2086409 HTTP/2" 200 3924 "-" "Mozilla/5.0 AppleWebKit/537.36 (KHTML, like Gecko; compatible; bingbot/2.0; +http://www.bing.com/bingbot.htm) Chrome/116.0.1938.76 Safari/537.36"
216.73.216.67 - - [05/Aug/2026:22:19:44 +0330] "GET /wp-sitemap.xml?fileloc=%2Fhome%2Fngbycoco%2Fpublic_html%2Fwp-load.php&path=%2Fhome%2Fngbycoco%2Fpublic_html HTTP/2" 200 4208 "-" "Mozilla/5.0 AppleWebKit/537.36 (KHTML, like Gecko; compatible; ClaudeBot/1.0; +claudebot@anthropic.com)"
216.73.216.67 - - [05/Aug/2026:22:19:48 +0330] "GET /wp-sitemap.xml?fileloc=%2Fhome%2Fngbycoco%2Fpublic_html%2Fwp-config-sample.php&path=%2Fhome%2Fngbycoco%2Fpublic_html HTTP/2" 200 3867 "-" "Mozilla/5.0 AppleWebKit/537.36 (KHTML, like Gecko; compatible; ClaudeBot/1.0; +claudebot@anthropic.com)"
216.73.216.67 - - [05/Aug/2026:22:19:57 +0330] "GET /wp-sitemap.xml?fileloc=%2Fhome%2Fngbycoco%2Fpublic_html%2Fxmlrpc.php&path=%2Fhome%2Fngbycoco%2Fpublic_html HTTP/2" 200 4034 "-" "Mozilla/5.0 AppleWebKit/537.36 (KHTML, like Gecko; compatible; ClaudeBot/1.0; +claudebot@anthropic.com)"
216.73.216.67 - - [05/Aug/2026:22:20:02 +0330] "GET /wp-sitemap.xml?fileloc=%2Fhome%2Fngbycoco%2Fpublic_html%2Fwp-trackback.php&path=%2Fhome%2Fngbycoco%2Fpublic_html HTTP/2" 200 4554 "-" "Mozilla/5.0 AppleWebKit/537.36 (KHTML, like Gecko; compatible; ClaudeBot/1.0; +claudebot@anthropic.com)"
216.73.216.67 - - [05/Aug/2026:22:20:07 +0330] "GET /wp-sitemap.xml?fileloc=%2Fhome%2Fngbycoco%2Fpublic_html%2Fwp-activate.php&path=%2Fhome%2Fngbycoco%2Fpublic_html HTTP/2" 200 5197 "-" "Mozilla/5.0 AppleWebKit/537.36 (KHTML, like Gecko; compatible; ClaudeBot/1.0; +claudebot@anthropic.com)"
216.73.216.67 - - [05/Aug/2026:22:20:32 +0330] "GET /wp-sitemap.xml?fileloc=%2Fhome%2Fngbycoco%2Fpublic_html%2Fwp-mail.php&path=%2Fhome%2Fngbycoco%2Fpublic_html HTTP/2" 200 5777 "-" "Mozilla/5.0 AppleWebKit/537.36 (KHTML, like Gecko; compatible; ClaudeBot/1.0; +claudebot@anthropic.com)"
216.73.216.67 - - [05/Aug/2026:22:20:35 +0330] "GET /wp-sitemap.xml?fileloc=%2Fhome%2Fngbycoco%2Fpublic_html%2Fcookieadmin.zip&path=%2Fhome%2Fngbycoco%2Fpublic_html HTTP/2" 200 2570 "-" "Mozilla/5.0 AppleWebKit/537.36 (KHTML, like Gecko; compatible; ClaudeBot/1.0; +claudebot@anthropic.com)"
216.73.216.67 - - [05/Aug/2026:22:20:44 +0330] "GET /wp-sitemap.xml?fileloc=%2Fhome%2Fngbycoco%2Fpublic_html%2Fwp-login.php&path=%2Fhome%2Fngbycoco%2Fpublic_html HTTP/2" 200 16616 "-" "Mozilla/5.0 AppleWebKit/537.36 (KHTML, like Gecko; compatible; ClaudeBot/1.0; +claudebot@anthropic.com)"
216.73.216.67 - - [05/Aug/2026:22:20:46 +0330] "GET /wp-sitemap.xml?fileloc=%2Fhome%2Fngbycoco%2Fpublic_html%2Fwp-config.php&path=%2Fhome%2Fngbycoco%2Fpublic_html HTTP/2" 200 4320 "-" "Mozilla/5.0 AppleWebKit/537.36 (KHTML, like Gecko; compatible; ClaudeBot/1.0; +claudebot@anthropic.com)"
216.73.216.67 - - [05/Aug/2026:22:20:53 +0330] "GET /wp-sitemap.xml?fileloc=%2Fhome%2Fngbycoco%2Fpublic_html%2Fwp-blog-header.php&path=%2Fhome%2Fngbycoco%2Fpublic_html HTTP/2" 200 2717 "-" "Mozilla/5.0 AppleWebKit/537.36 (KHTML, like Gecko; compatible; ClaudeBot/1.0; +claudebot@anthropic.com)"
216.73.216.67 - - [05/Aug/2026:22:20:57 +0330] "GET /wp-sitemap.xml?fileloc=%2Fhome%2Fngbycoco%2Fpublic_html%2Findex.php&path=%2Fhome%2Fngbycoco%2Fpublic_html HTTP/2" 200 2775 "-" "Mozilla/5.0 AppleWebKit/537.36 (KHTML, like Gecko; compatible; ClaudeBot/1.0; +claudebot@anthropic.com)"
216.73.216.67 - - [05/Aug/2026:22:21:05 +0330] "GET /wp-sitemap.xml?fileloc=%2Fhome%2Fngbycoco%2Fpublic_html%2Fwp-links-opml.php&path=%2Fhome%2Fngbycoco%2Fpublic_html HTTP/2" 200 3727 "-" "Mozilla/5.0 AppleWebKit/537.36 (KHTML, like Gecko; compatible; ClaudeBot/1.0; +claudebot@anthropic.com)"
216.73.216.67 - - [05/Aug/2026:22:21:07 +0330] "GET /wp-sitemap.xml?fileloc=%2Fhome%2Fngbycoco%2Fpublic_html%2Fspeedycache.zip&path=%2Fhome%2Fngbycoco%2Fpublic_html HTTP/2" 200 2569 "-" "Mozilla/5.0 AppleWebKit/537.36 (KHTML, like Gecko; compatible; ClaudeBot/1.0; +claudebot@anthropic.com)"
216.73.216.67 - - [05/Aug/2026:22:21:29 +0330] "GET /wp-sitemap.xml?fileloc=%2Fhome%2Fngbycoco%2Fpublic_html%2Fwp-signup.php&path=%2Fhome%2Fngbycoco%2Fpublic_html HTTP/2" 200 11417 "-" "Mozilla/5.0 AppleWebKit/537.36 (KHTML, like Gecko; compatible; ClaudeBot/1.0; +claudebot@anthropic.com)"
216.73.216.67 - - [05/Aug/2026:22:21:33 +0330] "GET /wp-sitemap.xml?fileloc=%2Fhome%2Fngbycoco%2Fpublic_html%2Freadme.html&path=%2Fhome%2Fngbycoco%2Fpublic_html HTTP/2" 200 5615 "-" "Mozilla/5.0 AppleWebKit/537.36 (KHTML, like Gecko; compatible; ClaudeBot/1.0; +claudebot@anthropic.com)"
216.73.216.67 - - [05/Aug/2026:22:19:40 +0330] "GET /wp-sitemap.xml?path=%2Fhome%2Fngbycoco%2Fpublic_html%2F.well-known HTTP/2" 200 2956 "-" "Mozilla/5.0 AppleWebKit/537.36 (KHTML, like Gecko; compatible; ClaudeBot/1.0; +claudebot@anthropic.com)"
216.73.216.67 - - [05/Aug/2026:22:20:13 +0330] "GET /wp-sitemap.xml?fileloc=%2Fhome%2Fngbycoco%2Fpublic_html%2Fwp-cron.php&path=%2Fhome%2Fngbycoco%2Fpublic_html HTTP/2" 200 4720 "-" "Mozilla/5.0 AppleWebKit/537.36 (KHTML, like Gecko; compatible; ClaudeBot/1.0; +claudebot@anthropic.com)"
216.73.216.67 - - [05/Aug/2026:22:20:17 +0330] "GET /wp-sitemap.xml?fileloc=%2Fhome%2Fngbycoco%2Fpublic_html%2Fwp-settings.php&path=%2Fhome%2Fngbycoco%2Fpublic_html HTTP/2" 200 8957 "-" "Mozilla/5.0 AppleWebKit/537.36 (KHTML, like Gecko; compatible; ClaudeBot/1.0; +claudebot@anthropic.com)"
66.249.66.168 - - [05/Aug/2026:22:21:01 +0330] "GET /?_g=1881550 HTTP/1.1" 200 3947 "-" "Mozilla/5.0 (Linux; Android 6.0.1; Nexus 5X Build/MMB29P) AppleWebKit/537.36 (KHTML, like Gecko) Chrome/150.0.7871.186 Mobile Safari/537.36 (compatible; Googlebot/2.1; +http://www.google.com/bot.html)"
66.249.66.168 - - [05/Aug/2026:22:21:39 +0330] "GET /?_g=1225820 HTTP/1.1" 200 3947 "-" "Mozilla/5.0 (Linux; Android 6.0.1; Nexus 5X Build/MMB29P) AppleWebKit/537.36 (KHTML, like Gecko) Chrome/150.0.7871.186 Mobile Safari/537.36 (compatible; Googlebot/2.1; +http://www.google.com/bot.html)"
207.46.13.17 - - [05/Aug/2026:22:21:39 +0330] "GET /savep.php//?_g=690794 HTTP/2" 200 3947 "-" "Mozilla/5.0 AppleWebKit/537.36 (KHTML, like Gecko; compatible; bingbot/2.0; +http://www.bing.com/bingbot.htm) Chrome/116.0.1938.76 Safari/537.36"
207.46.13.17 - - [05/Aug/2026:22:21:39 +0330] "GET /savep.php//?_g=778819 HTTP/2" 200 3947 "-" "Mozilla/5.0 AppleWebKit/537.36 (KHTML, like Gecko; compatible; bingbot/2.0; +http://www.bing.com/bingbot.htm) Chrome/116.0.1938.76 Safari/537.36"
207.46.13.17 - - [05/Aug/2026:22:21:39 +0330] "GET /savep.php//?_g=325068 HTTP/2" 200 3924 "-" "Mozilla/5.0 AppleWebKit/537.36 (KHTML, like Gecko; compatible; bingbot/2.0; +http://www.bing.com/bingbot.htm) Chrome/116.0.1938.76 Safari/537.36"
207.46.13.157 - - [05/Aug/2026:22:21:43 +0330] "GET /savep.php//?_g=417971 HTTP/2" 200 3969 "-" "Mozilla/5.0 AppleWebKit/537.36 (KHTML, like Gecko; compatible; bingbot/2.0; +http://www.bing.com/bingbot.htm) Chrome/116.0.1938.76 Safari/537.36"
207.46.13.157 - - [05/Aug/2026:22:21:43 +0330] "GET /savep.php//?_g=2716307 HTTP/2" 200 3969 "-" "Mozilla/5.0 AppleWebKit/537.36 (KHTML, like Gecko; compatible; bingbot/2.0; +http://www.bing.com/bingbot.htm) Chrome/116.0.1938.76 Safari/537.36"
207.46.13.157 - - [05/Aug/2026:22:21:43 +0330] "GET /savep.php//?_g=986702 HTTP/2" 200 3947 "-" "Mozilla/5.0 AppleWebKit/537.36 (KHTML, like Gecko; compatible; bingbot/2.0; +http://www.bing.com/bingbot.htm) Chrome/116.0.1938.76 Safari/537.36"
52.167.144.230 - - [05/Aug/2026:22:21:46 +0330] "GET /savep.php/?_g=864624 HTTP/2" 200 3947 "-" "Mozilla/5.0 AppleWebKit/537.36 (KHTML, like Gecko; compatible; bingbot/2.0; +http://www.bing.com/bingbot.htm) Chrome/116.0.1938.76 Safari/537.36"
52.167.144.230 - - [05/Aug/2026:22:21:46 +0330] "GET /savep.php/?_g=954643 HTTP/2" 200 3937 "-" "Mozilla/5.0 AppleWebKit/537.36 (KHTML, like Gecko; compatible; bingbot/2.0; +http://www.bing.com/bingbot.htm) Chrome/116.0.1938.76 Safari/537.36"
52.167.144.230 - - [05/Aug/2026:22:21:46 +0330] "GET /savep.php//?_g=2696071 HTTP/2" 200 3947 "-" "Mozilla/5.0 AppleWebKit/537.36 (KHTML, like Gecko; compatible; bingbot/2.0; +http://www.bing.com/bingbot.htm) Chrome/116.0.1938.76 Safari/537.36"
52.167.144.230 - - [05/Aug/2026:22:21:47 +0330] "GET /savep.php//?_g=974205 HTTP/2" 200 3947 "-" "Mozilla/5.0 AppleWebKit/537.36 (KHTML, like Gecko; compatible; bingbot/2.0; +http://www.bing.com/bingbot.htm) Chrome/116.0.1938.76 Safari/537.36"
52.167.144.230 - - [05/Aug/2026:22:21:47 +0330] "GET /savep.php//?_g=614471 HTTP/2" 200 3947 "-" "Mozilla/5.0 AppleWebKit/537.36 (KHTML, like Gecko; compatible; bingbot/2.0; +http://www.bing.com/bingbot.htm) Chrome/116.0.1938.76 Safari/537.36"
52.167.144.230 - - [05/Aug/2026:22:21:48 +0330] "GET /savep.php//?_g=2072884 HTTP/2" 200 3924 "-" "Mozilla/5.0 AppleWebKit/537.36 (KHTML, like Gecko; compatible; bingbot/2.0; +http://www.bing.com/bingbot.htm) Chrome/116.0.1938.76 Safari/537.36"
52.167.144.230 - - [05/Aug/2026:22:21:48 +0330] "GET /savep.php//?_g=1824261 HTTP/2" 200 3890 "-" "Mozilla/5.0 AppleWebKit/537.36 (KHTML, like Gecko; compatible; bingbot/2.0; +http://www.bing.com/bingbot.htm) Chrome/116.0.1938.76 Safari/537.36"
52.167.144.230 - - [05/Aug/2026:22:21:48 +0330] "GET /savep.php//?_g=1612998 HTTP/2" 200 3947 "-" "Mozilla/5.0 AppleWebKit/537.36 (KHTML, like Gecko; compatible; bingbot/2.0; +http://www.bing.com/bingbot.htm) Chrome/116.0.1938.76 Safari/537.36"
216.73.216.67 - - [05/Aug/2026:22:22:23 +0330] "GET /wp-sitemap.xml?fileloc=%2Fhome%2Fngbycoco%2Fpublic_html%2Fpagelayer.zip&path=%2Fhome%2Fngbycoco%2Fpublic_html HTTP/2" 200 2568 "-" "Mozilla/5.0 AppleWebKit/537.36 (KHTML, like Gecko; compatible; ClaudeBot/1.0; +claudebot@anthropic.com)"
216.73.216.67 - - [05/Aug/2026:22:21:40 +0330] "GET /wp-sitemap.xml?fileloc=%2Fhome%2Fngbycoco%2Fpublic_html%2Fbackuply.zip&path=%2Fhome%2Fngbycoco%2Fpublic_html HTTP/2" 200 2569 "-" "Mozilla/5.0 AppleWebKit/537.36 (KHTML, like Gecko; compatible; ClaudeBot/1.0; +claudebot@anthropic.com)"
216.73.216.67 - - [05/Aug/2026:22:21:44 +0330] "GET /wp-sitemap.xml?fileloc=%2Fhome%2Fngbycoco%2Fpublic_html%2F.htaccess&path=%2Fhome%2Fngbycoco%2Fpublic_html HTTP/2" 200 3453 "-" "Mozilla/5.0 AppleWebKit/537.36 (KHTML, like Gecko; compatible; ClaudeBot/1.0; +claudebot@anthropic.com)"
216.73.216.67 - - [05/Aug/2026:22:21:52 +0330] "GET /wp-sitemap.xml?fileloc=%2Fhome%2Fngbycoco%2Fpublic_html%2Floginizer.zip&path=%2Fhome%2Fngbycoco%2Fpublic_html HTTP/2" 200 2568 "-" "Mozilla/5.0 AppleWebKit/537.36 (KHTML, like Gecko; compatible; ClaudeBot/1.0; +claudebot@anthropic.com)"
216.73.216.67 - - [05/Aug/2026:22:21:55 +0330] "GET /wp-sitemap.xml?fileloc=%2Fhome%2Fngbycoco%2Fpublic_html%2F.htaccess.bk&path=%2Fhome%2Fngbycoco%2Fpublic_html HTTP/2" 200 3002 "-" "Mozilla/5.0 AppleWebKit/537.36 (KHTML, like Gecko; compatible; ClaudeBot/1.0; +claudebot@anthropic.com)"
216.73.216.67 - - [05/Aug/2026:22:22:13 +0330] "GET /wp-sitemap.xml?fileloc=%2Fhome%2Fngbycoco%2Fpublic_html%2Fgosmtp.zip&path=%2Fhome%2Fngbycoco%2Fpublic_html HTTP/2" 200 2566 "-" "Mozilla/5.0 AppleWebKit/537.36 (KHTML, like Gecko; compatible; ClaudeBot/1.0; +claudebot@anthropic.com)"
216.73.216.67 - - [05/Aug/2026:22:23:12 +0330] "GET /2022/07/16/%D8%AA%D9%81%D8%A7%D9%88%D8%AA-epdm-%D9%88-silicon-rubber?path=%2Fhome%2Fngbycoco%2Fpublic_html%2F.well-known%2Fpki-validation HTTP/2" 200 2675 "-" "Mozilla/5.0 AppleWebKit/537.36 (KHTML, like Gecko; compatible; ClaudeBot/1.0; +claudebot@anthropic.com)"
216.73.216.67 - - [05/Aug/2026:22:23:20 +0330] "GET /2022/07/16/%D8%AA%D9%81%D8%A7%D9%88%D8%AA-epdm-%D9%88-silicon-rubber?path=%2Fhome%2Fngbycoco%2Fpublic_html%2F.well-known%2Facme-challenge HTTP/2" 429 0 "-" "Mozilla/5.0 AppleWebKit/537.36 (KHTML, like Gecko; compatible; ClaudeBot/1.0; +claudebot@anthropic.com)"
