52.167.144.146 - - [05/Aug/2026:20:50:39 +0330] "GET /savep.php//?_g=1673342 HTTP/2" 200 3890 "-" "Mozilla/5.0 AppleWebKit/537.36 (KHTML, like Gecko; compatible; bingbot/2.0; +http://www.bing.com/bingbot.htm) Chrome/116.0.1938.76 Safari/537.36"
52.167.144.146 - - [05/Aug/2026:20:50:40 +0330] "GET /savep.php//?_g=514234 HTTP/2" 200 3926 "-" "Mozilla/5.0 AppleWebKit/537.36 (KHTML, like Gecko; compatible; bingbot/2.0; +http://www.bing.com/bingbot.htm) Chrome/116.0.1938.76 Safari/537.36"
52.167.144.146 - - [05/Aug/2026:20:50:40 +0330] "GET /savep.php//?_g=767703 HTTP/2" 200 3911 "-" "Mozilla/5.0 AppleWebKit/537.36 (KHTML, like Gecko; compatible; bingbot/2.0; +http://www.bing.com/bingbot.htm) Chrome/116.0.1938.76 Safari/537.36"
52.167.144.146 - - [05/Aug/2026:20:50:41 +0330] "GET /savep.php//?_g=2061032 HTTP/2" 200 3911 "-" "Mozilla/5.0 AppleWebKit/537.36 (KHTML, like Gecko; compatible; bingbot/2.0; +http://www.bing.com/bingbot.htm) Chrome/116.0.1938.76 Safari/537.36"
52.167.144.146 - - [05/Aug/2026:20:52:08 +0330] "GET /savep.php//?_g=2658975 HTTP/2" 200 3947 "-" "Mozilla/5.0 AppleWebKit/537.36 (KHTML, like Gecko; compatible; bingbot/2.0; +http://www.bing.com/bingbot.htm) Chrome/116.0.1938.76 Safari/537.36"
52.167.144.146 - - [05/Aug/2026:20:52:08 +0330] "GET /savep.php//?_g=2306362 HTTP/2" 200 3947 "-" "Mozilla/5.0 AppleWebKit/537.36 (KHTML, like Gecko; compatible; bingbot/2.0; +http://www.bing.com/bingbot.htm) Chrome/116.0.1938.76 Safari/537.36"
52.167.144.146 - - [05/Aug/2026:20:52:09 +0330] "GET /savep.php//?_g=2360841 HTTP/2" 200 3924 "-" "Mozilla/5.0 AppleWebKit/537.36 (KHTML, like Gecko; compatible; bingbot/2.0; +http://www.bing.com/bingbot.htm) Chrome/116.0.1938.76 Safari/537.36"
52.167.144.146 - - [05/Aug/2026:20:52:09 +0330] "GET /savep.php//?_g=2205151 HTTP/2" 200 3924 "-" "Mozilla/5.0 AppleWebKit/537.36 (KHTML, like Gecko; compatible; bingbot/2.0; +http://www.bing.com/bingbot.htm) Chrome/116.0.1938.76 Safari/537.36"
52.167.144.146 - - [05/Aug/2026:20:52:09 +0330] "GET /savep.php//?_g=277773 HTTP/2" 200 3924 "-" "Mozilla/5.0 AppleWebKit/537.36 (KHTML, like Gecko; compatible; bingbot/2.0; +http://www.bing.com/bingbot.htm) Chrome/116.0.1938.76 Safari/537.36"
52.167.144.146 - - [05/Aug/2026:20:52:10 +0330] "GET /savep.php//?_g=1459119 HTTP/2" 200 3947 "-" "Mozilla/5.0 AppleWebKit/537.36 (KHTML, like Gecko; compatible; bingbot/2.0; +http://www.bing.com/bingbot.htm) Chrome/116.0.1938.76 Safari/537.36"
52.167.144.146 - - [05/Aug/2026:20:56:17 +0330] "GET /savep.php/?_g=14930 HTTP/2" 200 3924 "-" "Mozilla/5.0 AppleWebKit/537.36 (KHTML, like Gecko; compatible; bingbot/2.0; +http://www.bing.com/bingbot.htm) Chrome/116.0.1938.76 Safari/537.36"
52.167.144.146 - - [05/Aug/2026:20:56:27 +0330] "GET /savep.php/?_g=728351 HTTP/2" 200 3999 "-" "Mozilla/5.0 AppleWebKit/537.36 (KHTML, like Gecko; compatible; bingbot/2.0; +http://www.bing.com/bingbot.htm) Chrome/116.0.1938.76 Safari/537.36"
52.167.144.146 - - [05/Aug/2026:20:56:27 +0330] "GET /savep.php//?_g=284956 HTTP/2" 200 3967 "-" "Mozilla/5.0 AppleWebKit/537.36 (KHTML, like Gecko; compatible; bingbot/2.0; +http://www.bing.com/bingbot.htm) Chrome/116.0.1938.76 Safari/537.36"
52.167.144.146 - - [05/Aug/2026:20:56:27 +0330] "GET /savep.php//?_g=1469360 HTTP/2" 200 3924 "-" "Mozilla/5.0 AppleWebKit/537.36 (KHTML, like Gecko; compatible; bingbot/2.0; +http://www.bing.com/bingbot.htm) Chrome/116.0.1938.76 Safari/537.36"
66.249.66.163 - - [05/Aug/2026:20:52:19 +0330] "GET /savep.php//?shopdetail/1042911 HTTP/1.1" 200 3967 "-" "Mozilla/5.0 (Linux; Android 6.0.1; Nexus 5X Build/MMB29P) AppleWebKit/537.36 (KHTML, like Gecko) Chrome/150.0.7871.186 Mobile Safari/537.36 (compatible; Googlebot/2.1; +http://www.google.com/bot.html)"
157.55.39.53 - - [05/Aug/2026:20:56:34 +0330] "GET /savep.php//?_g=1885971 HTTP/2" 200 3932 "-" "Mozilla/5.0 AppleWebKit/537.36 (KHTML, like Gecko; compatible; bingbot/2.0; +http://www.bing.com/bingbot.htm) Chrome/116.0.1938.76 Safari/537.36"
157.55.39.53 - - [05/Aug/2026:20:56:35 +0330] "GET /savep.php//?_g=2328545 HTTP/2" 200 3932 "-" "Mozilla/5.0 AppleWebKit/537.36 (KHTML, like Gecko; compatible; bingbot/2.0; +http://www.bing.com/bingbot.htm) Chrome/116.0.1938.76 Safari/537.36"
157.55.39.12 - - [05/Aug/2026:20:56:35 +0330] "GET /savep.php//?_g=2038906 HTTP/2" 200 3911 "-" "Mozilla/5.0 AppleWebKit/537.36 (KHTML, like Gecko; compatible; bingbot/2.0; +http://www.bing.com/bingbot.htm) Chrome/116.0.1938.76 Safari/537.36"
157.55.39.12 - - [05/Aug/2026:20:56:36 +0330] "GET /savep.php//?_g=1230400 HTTP/2" 200 3924 "-" "Mozilla/5.0 AppleWebKit/537.36 (KHTML, like Gecko; compatible; bingbot/2.0; +http://www.bing.com/bingbot.htm) Chrome/116.0.1938.76 Safari/537.36"
157.55.39.12 - - [05/Aug/2026:20:56:36 +0330] "GET /savep.php//?_g=2689266 HTTP/2" 200 3969 "-" "Mozilla/5.0 AppleWebKit/537.36 (KHTML, like Gecko; compatible; bingbot/2.0; +http://www.bing.com/bingbot.htm) Chrome/116.0.1938.76 Safari/537.36"
157.55.39.12 - - [05/Aug/2026:20:56:36 +0330] "GET /savep.php//?_g=236620 HTTP/2" 200 3955 "-" "Mozilla/5.0 AppleWebKit/537.36 (KHTML, like Gecko; compatible; bingbot/2.0; +http://www.bing.com/bingbot.htm) Chrome/116.0.1938.76 Safari/537.36"
20.15.133.191 - - [05/Aug/2026:20:57:43 +0330] "GET /savep.php/?shopdetail/2380111 HTTP/2" 200 3911 "-" "Mozilla/5.0 AppleWebKit/537.36 (KHTML, like Gecko; compatible; bingbot/2.0; +http://www.bing.com/bingbot.htm) Chrome/116.0.1938.76 Safari/537.36"
66.249.66.164 - - [05/Aug/2026:20:58:19 +0330] "GET /savep.php/jukyuban//?_g=2187373 HTTP/1.1" 200 3932 "-" "Mozilla/5.0 (Linux; Android 6.0.1; Nexus 5X Build/MMB29P) AppleWebKit/537.36 (KHTML, like Gecko) Chrome/150.0.7871.186 Mobile Safari/537.36 (compatible; Googlebot/2.1; +http://www.google.com/bot.html)"
37.59.204.157 - - [05/Aug/2026:20:59:33 +0330] "GET /wp-sitemap.xml HTTP/2" 200 3947 "-" "Mozilla/5.0 (compatible; AhrefsBot/7.0; +http://ahrefs.com/robot/)"
66.249.66.163 - - [05/Aug/2026:21:00:57 +0330] "GET /savep.php//?_g=1069128 HTTP/1.1" 200 3967 "-" "Mozilla/5.0 (Linux; Android 6.0.1; Nexus 5X Build/MMB29P) AppleWebKit/537.36 (KHTML, like Gecko) Chrome/150.0.7871.186 Mobile Safari/537.36 (compatible; Googlebot/2.1; +http://www.google.com/bot.html)"
51.195.183.219 - - [05/Aug/2026:21:03:14 +0330] "GET /?_g=2047543 HTTP/2" 200 3924 "-" "Mozilla/5.0 (compatible; AhrefsBot/7.0; +http://ahrefs.com/robot/)"
66.249.66.15 - - [05/Aug/2026:21:03:39 +0330] "GET /?_g=3568725 HTTP/1.1" 200 3926 "-" "Mozilla/5.0 (Linux; Android 6.0.1; Nexus 5X Build/MMB29P) AppleWebKit/537.36 (KHTML, like Gecko) Chrome/150.0.7871.186 Mobile Safari/537.36 (compatible; Googlebot/2.1; +http://www.google.com/bot.html)"
149.154.161.220 - - [05/Aug/2026:21:07:12 +0330] "GET /wp-admin/css/colors/cloud.php HTTP/2" 200 3924 "-" "TelegramBot (like TwitterBot)"
216.73.217.52 - - [05/Aug/2026:21:08:15 +0330] "GET /2022/07/16/%D8%AA%D9%81%D8%A7%D9%88%D8%AA-epdm-%D9%88-silicon-rubber?path=%2Fhome%2Fngbycoco%2Fpublic_html%2Fwp-admin HTTP/2" 429 0 "-" "Mozilla/5.0 AppleWebKit/537.36 (KHTML, like Gecko; compatible; ClaudeBot/1.0; +claudebot@anthropic.com)"
216.73.217.52 - - [05/Aug/2026:21:08:15 +0330] "GET /2022/07/16/%D8%AA%D9%81%D8%A7%D9%88%D8%AA-epdm-%D9%88-silicon-rubber?path=%2Fhome%2Fngbycoco%2Fpublic_html%2Fwp-includes HTTP/2" 200 11889 "-" "Mozilla/5.0 AppleWebKit/537.36 (KHTML, like Gecko; compatible; ClaudeBot/1.0; +claudebot@anthropic.com)"
216.73.217.52 - - [05/Aug/2026:21:09:10 +0330] "GET /2022/07/16/%D8%AA%D9%81%D8%A7%D9%88%D8%AA-epdm-%D9%88-silicon-rubber?fileloc=%2Fhome%2Fngbycoco%2Fpublic_html%2Fxmlrpc.php&path=%2Fhome%2Fngbycoco%2Fpublic_html HTTP/2" 429 0 "-" "Mozilla/5.0 AppleWebKit/537.36 (KHTML, like Gecko; compatible; ClaudeBot/1.0; +claudebot@anthropic.com)"
216.73.217.52 - - [05/Aug/2026:21:09:10 +0330] "GET /2022/07/16/%D8%AA%D9%81%D8%A7%D9%88%D8%AA-epdm-%D9%88-silicon-rubber?path=%2Fhome%2Fngbycoco%2Fpublic_html%2Fwp-content HTTP/2" 200 3199 "-" "Mozilla/5.0 AppleWebKit/537.36 (KHTML, like Gecko; compatible; ClaudeBot/1.0; +claudebot@anthropic.com)"
40.77.167.48 - - [05/Aug/2026:21:09:29 +0330] "GET /savep.php/?_g=2294152 HTTP/2" 200 3932 "-" "Mozilla/5.0 AppleWebKit/537.36 (KHTML, like Gecko; compatible; bingbot/2.0; +http://www.bing.com/bingbot.htm) Chrome/116.0.1938.76 Safari/537.36"
40.77.167.48 - - [05/Aug/2026:21:09:29 +0330] "GET /savep.php//?_g=2177868 HTTP/2" 200 3924 "-" "Mozilla/5.0 AppleWebKit/537.36 (KHTML, like Gecko; compatible; bingbot/2.0; +http://www.bing.com/bingbot.htm) Chrome/116.0.1938.76 Safari/537.36"
40.77.167.48 - - [05/Aug/2026:21:09:30 +0330] "GET /savep.php//?_g=776907 HTTP/2" 200 3911 "-" "Mozilla/5.0 AppleWebKit/537.36 (KHTML, like Gecko; compatible; bingbot/2.0; +http://www.bing.com/bingbot.htm) Chrome/116.0.1938.76 Safari/537.36"
216.73.217.52 - - [05/Aug/2026:21:09:36 +0330] "GET /2022/07/16/%D8%AA%D9%81%D8%A7%D9%88%D8%AA-epdm-%D9%88-silicon-rubber?fileloc=%2Fhome%2Fngbycoco%2Fpublic_html%2Fwp-load.php&path=%2Fhome%2Fngbycoco%2Fpublic_html HTTP/2" 429 0 "-" "Mozilla/5.0 AppleWebKit/537.36 (KHTML, like Gecko; compatible; ClaudeBot/1.0; +claudebot@anthropic.com)"
216.73.217.52 - - [05/Aug/2026:21:09:36 +0330] "GET /2022/07/16/%D8%AA%D9%81%D8%A7%D9%88%D8%AA-epdm-%D9%88-silicon-rubber?fileloc=%2Fhome%2Fngbycoco%2Fpublic_html%2Fwp-comments-post.php&path=%2Fhome%2Fngbycoco%2Fpublic_html HTTP/2" 429 0 "-" "Mozilla/5.0 AppleWebKit/537.36 (KHTML, like Gecko; compatible; ClaudeBot/1.0; +claudebot@anthropic.com)"
66.249.66.15 - - [05/Aug/2026:20:59:51 +0330] "GET /savep.php/shop/storeSearch/KeepCriteriaInput.aspx//?_g=381020 HTTP/1.1" 200 3947 "-" "Mozilla/5.0 (Linux; Android 6.0.1; Nexus 5X Build/MMB29P) AppleWebKit/537.36 (KHTML, like Gecko) Chrome/150.0.7871.186 Mobile Safari/537.36 (compatible; Googlebot/2.1; +http://www.google.com/bot.html)"
66.249.66.72 - - [05/Aug/2026:20:59:52 +0330] "GET /?_g=1163820 HTTP/1.1" 200 3932 "-" "Mozilla/5.0 (Linux; Android 6.0.1; Nexus 5X Build/MMB29P) AppleWebKit/537.36 (KHTML, like Gecko) Chrome/150.0.7871.186 Mobile Safari/537.36 (compatible; Googlebot/2.1; +http://www.google.com/bot.html)"
66.249.66.205 - - [05/Aug/2026:21:00:06 +0330] "GET /savep.php/shop/storeSearch/KeepCriteriaInput.aspx/pw//?_g=2093910 HTTP/1.1" 200 3932 "-" "Mozilla/5.0 (Linux; Android 6.0.1; Nexus 5X Build/MMB29P) AppleWebKit/537.36 (KHTML, like Gecko) Chrome/150.0.7871.186 Mobile Safari/537.36 (compatible; Googlebot/2.1; +http://www.google.com/bot.html)"
20.215.191.139 - - [05/Aug/2026:21:04:14 +0330] "GET /wp-admin/css/colors/cloud.php HTTP/1.1" 200 3924 "-" "Mozilla/5.0 (Windows NT 10.0; Win64; x64) AppleWebKit/537.36 (KHTML, like Gecko) Chrome/120.0.0.0 Safari/537.36"
207.46.13.92 - - [05/Aug/2026:21:09:35 +0330] "GET /savep.php/?shopdetail/657188 HTTP/2" 200 3947 "-" "Mozilla/5.0 AppleWebKit/537.36 (KHTML, like Gecko; compatible; bingbot/2.0; +http://www.bing.com/bingbot.htm) Chrome/116.0.1938.76 Safari/537.36"
207.46.13.92 - - [05/Aug/2026:21:09:35 +0330] "GET /savep.php//?_g=499732 HTTP/2" 200 3924 "-" "Mozilla/5.0 AppleWebKit/537.36 (KHTML, like Gecko; compatible; bingbot/2.0; +http://www.bing.com/bingbot.htm) Chrome/116.0.1938.76 Safari/537.36"
207.46.13.92 - - [05/Aug/2026:21:09:36 +0330] "GET /savep.php//?_g=1919334 HTTP/2" 200 3969 "-" "Mozilla/5.0 AppleWebKit/537.36 (KHTML, like Gecko; compatible; bingbot/2.0; +http://www.bing.com/bingbot.htm) Chrome/116.0.1938.76 Safari/537.36"
66.249.66.163 - - [05/Aug/2026:21:09:44 +0330] "GET /savep.php/shop/storeSearch/KeepCriteriaInput.aspx/pw//?_g=2549906 HTTP/1.1" 200 3932 "-" "Mozilla/5.0 (Linux; Android 6.0.1; Nexus 5X Build/MMB29P) AppleWebKit/537.36 (KHTML, like Gecko) Chrome/150.0.7871.186 Mobile Safari/537.36 (compatible; Googlebot/2.1; +http://www.google.com/bot.html)"
216.73.217.52 - - [05/Aug/2026:21:09:49 +0330] "GET /2022/07/16/%D8%AA%D9%81%D8%A7%D9%88%D8%AA-epdm-%D9%88-silicon-rubber?fileloc=%2Fhome%2Fngbycoco%2Fpublic_html%2Fwp-config-sample.php&path=%2Fhome%2Fngbycoco%2Fpublic_html HTTP/2" 429 0 "-" "Mozilla/5.0 AppleWebKit/537.36 (KHTML, like Gecko; compatible; ClaudeBot/1.0; +claudebot@anthropic.com)"
216.73.217.52 - - [05/Aug/2026:21:09:49 +0330] "GET /2022/07/16/%D8%AA%D9%81%D8%A7%D9%88%D8%AA-epdm-%D9%88-silicon-rubber?fileloc=%2Fhome%2Fngbycoco%2Fpublic_html%2Fwp-settings.php&path=%2Fhome%2Fngbycoco%2Fpublic_html HTTP/2" 200 8957 "-" "Mozilla/5.0 AppleWebKit/537.36 (KHTML, like Gecko; compatible; ClaudeBot/1.0; +claudebot@anthropic.com)"
216.73.217.52 - - [05/Aug/2026:21:10:02 +0330] "GET /2022/07/16/%D8%AA%D9%81%D8%A7%D9%88%D8%AA-epdm-%D9%88-silicon-rubber?fileloc=%2Fhome%2Fngbycoco%2Fpublic_html%2Fwp-activate.php&path=%2Fhome%2Fngbycoco%2Fpublic_html HTTP/2" 429 0 "-" "Mozilla/5.0 AppleWebKit/537.36 (KHTML, like Gecko; compatible; ClaudeBot/1.0; +claudebot@anthropic.com)"
216.73.217.52 - - [05/Aug/2026:21:10:02 +0330] "GET /2022/07/16/%D8%AA%D9%81%D8%A7%D9%88%D8%AA-epdm-%D9%88-silicon-rubber?fileloc=%2Fhome%2Fngbycoco%2Fpublic_html%2Fwp-mail.php&path=%2Fhome%2Fngbycoco%2Fpublic_html HTTP/2" 429 0 "-" "Mozilla/5.0 AppleWebKit/537.36 (KHTML, like Gecko; compatible; ClaudeBot/1.0; +claudebot@anthropic.com)"
216.73.217.52 - - [05/Aug/2026:21:11:15 +0330] "GET /2022/07/16/%D8%AA%D9%81%D8%A7%D9%88%D8%AA-epdm-%D9%88-silicon-rubber?fileloc=%2Fhome%2Fngbycoco%2Fpublic_html%2Fwp-config.php&path=%2Fhome%2Fngbycoco%2Fpublic_html HTTP/2" 429 0 "-" "Mozilla/5.0 AppleWebKit/537.36 (KHTML, like Gecko; compatible; ClaudeBot/1.0; +claudebot@anthropic.com)"
157.55.39.10 - - [05/Aug/2026:21:09:36 +0330] "GET /savep.php//?_g=511912 HTTP/2" 200 3993 "-" "Mozilla/5.0 AppleWebKit/537.36 (KHTML, like Gecko; compatible; bingbot/2.0; +http://www.bing.com/bingbot.htm) Chrome/116.0.1938.76 Safari/537.36"
216.73.217.52 - - [05/Aug/2026:21:11:00 +0330] "GET /2022/07/16/%D8%AA%D9%81%D8%A7%D9%88%D8%AA-epdm-%D9%88-silicon-rubber?fileloc=%2Fhome%2Fngbycoco%2Fpublic_html%2Fwp-cron.php&path=%2Fhome%2Fngbycoco%2Fpublic_html HTTP/2" 200 4720 "-" "Mozilla/5.0 AppleWebKit/537.36 (KHTML, like Gecko; compatible; ClaudeBot/1.0; +claudebot@anthropic.com)"
216.73.217.52 - - [05/Aug/2026:21:11:00 +0330] "GET /2022/07/16/%D8%AA%D9%81%D8%A7%D9%88%D8%AA-epdm-%D9%88-silicon-rubber?path=%2Fhome%2Fngbycoco%2Fpublic_html HTTP/2" 200 3967 "-" "Mozilla/5.0 AppleWebKit/537.36 (KHTML, like Gecko; compatible; ClaudeBot/1.0; +claudebot@anthropic.com)"
66.249.66.163 - - [05/Aug/2026:21:11:07 +0330] "GET /savep.php/shop/storeSearch/KeepCriteriaInput.aspx//?_g=403181 HTTP/1.1" 200 3926 "-" "Mozilla/5.0 (Linux; Android 6.0.1; Nexus 5X Build/MMB29P) AppleWebKit/537.36 (KHTML, like Gecko) Chrome/150.0.7871.186 Mobile Safari/537.36 (compatible; Googlebot/2.1; +http://www.google.com/bot.html)"
216.73.217.52 - - [05/Aug/2026:21:11:09 +0330] "GET /2022/07/16/%D8%AA%D9%81%D8%A7%D9%88%D8%AA-epdm-%D9%88-silicon-rubber?fileloc=%2Fhome%2Fngbycoco%2Fpublic_html%2Fwp-trackback.php&path=%2Fhome%2Fngbycoco%2Fpublic_html HTTP/2" 429 0 "-" "Mozilla/5.0 AppleWebKit/537.36 (KHTML, like Gecko; compatible; ClaudeBot/1.0; +claudebot@anthropic.com)"
216.73.217.52 - - [05/Aug/2026:21:11:09 +0330] "GET /2022/07/16/%D8%AA%D9%81%D8%A7%D9%88%D8%AA-epdm-%D9%88-silicon-rubber?fileloc=%2Fhome%2Fngbycoco%2Fpublic_html%2Fwp-blog-header.php&path=%2Fhome%2Fngbycoco%2Fpublic_html HTTP/2" 200 2762 "-" "Mozilla/5.0 AppleWebKit/537.36 (KHTML, like Gecko; compatible; ClaudeBot/1.0; +claudebot@anthropic.com)"
216.73.217.52 - - [05/Aug/2026:21:11:54 +0330] "GET /robots.txt HTTP/2" 200 3924 "-" "Mozilla/5.0 AppleWebKit/537.36 (KHTML, like Gecko; compatible; ClaudeBot/1.0; +claudebot@anthropic.com)"
216.73.217.52 - - [05/Aug/2026:21:11:57 +0330] "GET /2022/07/16/%D8%AA%D9%81%D8%A7%D9%88%D8%AA-epdm-%D9%88-silicon-rubber?fileloc=%2Fhome%2Fngbycoco%2Fpublic_html%2Fwp-links-opml.php&path=%2Fhome%2Fngbycoco%2Fpublic_html HTTP/2" 200 3727 "-" "Mozilla/5.0 AppleWebKit/537.36 (KHTML, like Gecko; compatible; ClaudeBot/1.0; +claudebot@anthropic.com)"
216.73.217.52 - - [05/Aug/2026:21:11:58 +0330] "GET /2022/07/16/%D8%AA%D9%81%D8%A7%D9%88%D8%AA-epdm-%D9%88-silicon-rubber?fileloc=%2Fhome%2Fngbycoco%2Fpublic_html%2Fwp-login.php&path=%2Fhome%2Fngbycoco%2Fpublic_html HTTP/2" 429 0 "-" "Mozilla/5.0 AppleWebKit/537.36 (KHTML, like Gecko; compatible; ClaudeBot/1.0; +claudebot@anthropic.com)"
66.249.66.165 - - [05/Aug/2026:21:12:48 +0330] "GET /savep.php/shop/storeSearch/KeepCriteriaInput.aspx/pw//?path=/home/ngbycoco/public_html/wp-admin HTTP/1.1" 200 6205 "-" "Mozilla/5.0 (Linux; Android 6.0.1; Nexus 5X Build/MMB29P) AppleWebKit/537.36 (KHTML, like Gecko) Chrome/150.0.7871.186 Mobile Safari/537.36 (compatible; Googlebot/2.1; +http://www.google.com/bot.html)"
216.73.217.52 - - [05/Aug/2026:21:13:03 +0330] "GET /2022/07/16/%D8%AA%D9%81%D8%A7%D9%88%D8%AA-epdm-%D9%88-silicon-rubber?fileloc=%2Fhome%2Fngbycoco%2Fpublic_html%2Freadme.html&path=%2Fhome%2Fngbycoco%2Fpublic_html HTTP/2" 200 5615 "-" "Mozilla/5.0 AppleWebKit/537.36 (KHTML, like Gecko; compatible; ClaudeBot/1.0; +claudebot@anthropic.com)"
216.73.217.52 - - [05/Aug/2026:21:13:45 +0330] "GET /2022/07/16/%D8%AA%D9%81%D8%A7%D9%88%D8%AA-epdm-%D9%88-silicon-rubber?fileloc=%2Fhome%2Fngbycoco%2Fpublic_html%2F.htaccess&path=%2Fhome%2Fngbycoco%2Fpublic_html HTTP/2" 429 0 "-" "Mozilla/5.0 AppleWebKit/537.36 (KHTML, like Gecko; compatible; ClaudeBot/1.0; +claudebot@anthropic.com)"
216.73.217.52 - - [05/Aug/2026:21:11:15 +0330] "GET /2022/07/16/%D8%AA%D9%81%D8%A7%D9%88%D8%AA-epdm-%D9%88-silicon-rubber?path=%2F HTTP/2" 200 3208 "-" "Mozilla/5.0 AppleWebKit/537.36 (KHTML, like Gecko; compatible; ClaudeBot/1.0; +claudebot@anthropic.com)"
216.73.217.52 - - [05/Aug/2026:21:11:35 +0330] "GET /2022/07/16/%D8%AA%D9%81%D8%A7%D9%88%D8%AA-epdm-%D9%88-silicon-rubber?fileloc=%2Fhome%2Fngbycoco%2Fpublic_html%2Findex.php&path=%2Fhome%2Fngbycoco%2Fpublic_html HTTP/2" 429 0 "-" "Mozilla/5.0 AppleWebKit/537.36 (KHTML, like Gecko; compatible; ClaudeBot/1.0; +claudebot@anthropic.com)"
216.73.217.52 - - [05/Aug/2026:21:13:14 +0330] "GET /2022/07/16/%D8%AA%D9%81%D8%A7%D9%88%D8%AA-epdm-%D9%88-silicon-rubber?path=%2Fhome HTTP/2" 200 2874 "-" "Mozilla/5.0 AppleWebKit/537.36 (KHTML, like Gecko; compatible; ClaudeBot/1.0; +claudebot@anthropic.com)"
216.73.217.52 - - [05/Aug/2026:21:13:20 +0330] "GET /2022/07/16/%D8%AA%D9%81%D8%A7%D9%88%D8%AA-epdm-%D9%88-silicon-rubber?fileloc=%2Fhome%2Fngbycoco%2Fpublic_html%2Fwp-signup.php&path=%2Fhome%2Fngbycoco%2Fpublic_html HTTP/2" 429 0 "-" "Mozilla/5.0 AppleWebKit/537.36 (KHTML, like Gecko; compatible; ClaudeBot/1.0; +claudebot@anthropic.com)"
216.73.217.52 - - [05/Aug/2026:21:14:01 +0330] "GET /2022/07/16/%D8%AA%D9%81%D8%A7%D9%88%D8%AA-epdm-%D9%88-silicon-rubber?path=%2Fhome%2Fngbycoco HTTP/2" 200 4152 "-" "Mozilla/5.0 AppleWebKit/537.36 (KHTML, like Gecko; compatible; ClaudeBot/1.0; +claudebot@anthropic.com)"
216.73.217.52 - - [05/Aug/2026:21:14:29 +0330] "GET /2022/07/16/%D8%AA%D9%81%D8%A7%D9%88%D8%AA-epdm-%D9%88-silicon-rubber?fileloc=%2Fhome%2Fngbycoco%2Fpublic_html%2F.htaccess.bk&path=%2Fhome%2Fngbycoco%2Fpublic_html HTTP/2" 200 3002 "-" "Mozilla/5.0 AppleWebKit/537.36 (KHTML, like Gecko; compatible; ClaudeBot/1.0; +claudebot@anthropic.com)"
216.73.217.52 - - [05/Aug/2026:21:15:00 +0330] "GET /2022/07/16/%D8%AA%D9%81%D8%A7%D9%88%D8%AA-epdm-%D9%88-silicon-rubber?fileloc=%2Fhome%2Fngbycoco%2Fpublic_html%2Fcookieadmin.zip&path=%2Fhome%2Fngbycoco%2Fpublic_html HTTP/2" 200 2570 "-" "Mozilla/5.0 AppleWebKit/537.36 (KHTML, like Gecko; compatible; ClaudeBot/1.0; +claudebot@anthropic.com)"
216.73.217.52 - - [05/Aug/2026:21:15:22 +0330] "GET /2022/07/16/%D8%AA%D9%81%D8%A7%D9%88%D8%AA-epdm-%D9%88-silicon-rubber?fileloc=%2Fhome%2Fngbycoco%2Fpublic_html%2Floginizer.zip&path=%2Fhome%2Fngbycoco%2Fpublic_html HTTP/2" 200 2568 "-" "Mozilla/5.0 AppleWebKit/537.36 (KHTML, like Gecko; compatible; ClaudeBot/1.0; +claudebot@anthropic.com)"
216.73.217.52 - - [05/Aug/2026:21:15:45 +0330] "GET /2022/07/16/%D8%AA%D9%81%D8%A7%D9%88%D8%AA-epdm-%D9%88-silicon-rubber?fileloc=%2Fhome%2Fngbycoco%2Fpublic_html%2Fspeedycache.zip&path=%2Fhome%2Fngbycoco%2Fpublic_html HTTP/2" 429 0 "-" "Mozilla/5.0 AppleWebKit/537.36 (KHTML, like Gecko; compatible; ClaudeBot/1.0; +claudebot@anthropic.com)"
216.73.217.52 - - [05/Aug/2026:21:16:31 +0330] "GET /2022/07/16/%D8%AA%D9%81%D8%A7%D9%88%D8%AA-epdm-%D9%88-silicon-rubber?fileloc=%2Fhome%2Fngbycoco%2Fpublic_html%2Fsiteseo.zip&path=%2Fhome%2Fngbycoco%2Fpublic_html HTTP/2" 200 2566 "-" "Mozilla/5.0 AppleWebKit/537.36 (KHTML, like Gecko; compatible; ClaudeBot/1.0; +claudebot@anthropic.com)"
216.73.217.52 - - [05/Aug/2026:21:16:35 +0330] "GET /2022/07/16/%D8%AA%D9%81%D8%A7%D9%88%D8%AA-epdm-%D9%88-silicon-rubber?fileloc=%2Fhome%2Fngbycoco%2Fpublic_html%2Fbackuply.zip&path=%2Fhome%2Fngbycoco%2Fpublic_html HTTP/2" 429 0 "-" "Mozilla/5.0 AppleWebKit/537.36 (KHTML, like Gecko; compatible; ClaudeBot/1.0; +claudebot@anthropic.com)"
216.73.217.52 - - [05/Aug/2026:21:17:24 +0330] "GET /2022/07/16/%D8%AA%D9%81%D8%A7%D9%88%D8%AA-epdm-%D9%88-silicon-rubber?fileloc=%2Fhome%2Fngbycoco%2Fpublic_html%2Fpagelayer.zip&path=%2Fhome%2Fngbycoco%2Fpublic_html HTTP/2" 200 2568 "-" "Mozilla/5.0 AppleWebKit/537.36 (KHTML, like Gecko; compatible; ClaudeBot/1.0; +claudebot@anthropic.com)"
66.249.66.163 - - [05/Aug/2026:21:19:29 +0330] "GET /savep.php/shop/storeSearch/KeepCriteriaInput.aspx/pw//?_g=75360 HTTP/1.1" 200 3947 "-" "Mozilla/5.0 (Linux; Android 6.0.1; Nexus 5X Build/MMB29P) AppleWebKit/537.36 (KHTML, like Gecko) Chrome/150.0.7871.186 Mobile Safari/537.36 (compatible; Googlebot/2.1; +http://www.google.com/bot.html)"
66.249.66.163 - - [05/Aug/2026:21:19:30 +0330] "GET /savep.php/shop/pg/1005024164//?_g=2380962 HTTP/1.1" 200 3947 "-" "Mozilla/5.0 (Linux; Android 6.0.1; Nexus 5X Build/MMB29P) AppleWebKit/537.36 (KHTML, like Gecko) Chrome/150.0.7871.186 Mobile Safari/537.36 (compatible; Googlebot/2.1; +http://www.google.com/bot.html)"
157.55.39.61 - - [05/Aug/2026:21:20:37 +0330] "GET /savep.php/?_g=2469581 HTTP/2" 200 3947 "-" "Mozilla/5.0 AppleWebKit/537.36 (KHTML, like Gecko; compatible; bingbot/2.0; +http://www.bing.com/bingbot.htm) Chrome/116.0.1938.76 Safari/537.36"
157.55.39.61 - - [05/Aug/2026:21:20:38 +0330] "GET /savep.php//?_g=1477783 HTTP/2" 200 3924 "-" "Mozilla/5.0 AppleWebKit/537.36 (KHTML, like Gecko; compatible; bingbot/2.0; +http://www.bing.com/bingbot.htm) Chrome/116.0.1938.76 Safari/537.36"
157.55.39.61 - - [05/Aug/2026:21:20:39 +0330] "GET /savep.php//?_g=1042527 HTTP/2" 200 3924 "-" "Mozilla/5.0 AppleWebKit/537.36 (KHTML, like Gecko; compatible; bingbot/2.0; +http://www.bing.com/bingbot.htm) Chrome/116.0.1938.76 Safari/537.36"
157.55.39.61 - - [05/Aug/2026:21:20:39 +0330] "GET /savep.php//?_g=1978752 HTTP/2" 200 3947 "-" "Mozilla/5.0 AppleWebKit/537.36 (KHTML, like Gecko; compatible; bingbot/2.0; +http://www.bing.com/bingbot.htm) Chrome/116.0.1938.76 Safari/537.36"
157.55.39.61 - - [05/Aug/2026:21:20:40 +0330] "GET /savep.php//?_g=1943577 HTTP/2" 200 3947 "-" "Mozilla/5.0 AppleWebKit/537.36 (KHTML, like Gecko; compatible; bingbot/2.0; +http://www.bing.com/bingbot.htm) Chrome/116.0.1938.76 Safari/537.36"
157.55.39.6 - - [05/Aug/2026:21:20:48 +0330] "GET /savep.php/?_g=2554894 HTTP/2" 200 3924 "-" "Mozilla/5.0 AppleWebKit/537.36 (KHTML, like Gecko; compatible; bingbot/2.0; +http://www.bing.com/bingbot.htm) Chrome/116.0.1938.76 Safari/537.36"
157.55.39.6 - - [05/Aug/2026:21:20:49 +0330] "GET /savep.php//?_g=2042942 HTTP/2" 200 3924 "-" "Mozilla/5.0 AppleWebKit/537.36 (KHTML, like Gecko; compatible; bingbot/2.0; +http://www.bing.com/bingbot.htm) Chrome/116.0.1938.76 Safari/537.36"
40.77.167.74 - - [05/Aug/2026:21:20:49 +0330] "GET /savep.php//?_g=250145 HTTP/2" 200 3924 "-" "Mozilla/5.0 AppleWebKit/537.36 (KHTML, like Gecko; compatible; bingbot/2.0; +http://www.bing.com/bingbot.htm) Chrome/116.0.1938.76 Safari/537.36"
40.77.167.74 - - [05/Aug/2026:21:20:50 +0330] "GET /savep.php//?_g=2181757 HTTP/2" 200 3924 "-" "Mozilla/5.0 AppleWebKit/537.36 (KHTML, like Gecko; compatible; bingbot/2.0; +http://www.bing.com/bingbot.htm) Chrome/116.0.1938.76 Safari/537.36"
157.55.39.6 - - [05/Aug/2026:21:20:50 +0330] "GET /savep.php//?_g=1637505 HTTP/2" 200 3947 "-" "Mozilla/5.0 AppleWebKit/537.36 (KHTML, like Gecko; compatible; bingbot/2.0; +http://www.bing.com/bingbot.htm) Chrome/116.0.1938.76 Safari/537.36"
40.77.167.74 - - [05/Aug/2026:21:20:50 +0330] "GET /savep.php//?_g=307396 HTTP/2" 200 3955 "-" "Mozilla/5.0 AppleWebKit/537.36 (KHTML, like Gecko; compatible; bingbot/2.0; +http://www.bing.com/bingbot.htm) Chrome/116.0.1938.76 Safari/537.36"
40.77.167.74 - - [05/Aug/2026:21:20:50 +0330] "GET /savep.php//?_g=2590540 HTTP/2" 200 3969 "-" "Mozilla/5.0 AppleWebKit/537.36 (KHTML, like Gecko; compatible; bingbot/2.0; +http://www.bing.com/bingbot.htm) Chrome/116.0.1938.76 Safari/537.36"
40.77.167.74 - - [05/Aug/2026:21:20:50 +0330] "GET /savep.php//?_g=1891641 HTTP/2" 200 3932 "-" "Mozilla/5.0 AppleWebKit/537.36 (KHTML, like Gecko; compatible; bingbot/2.0; +http://www.bing.com/bingbot.htm) Chrome/116.0.1938.76 Safari/537.36"
157.55.39.6 - - [05/Aug/2026:21:20:51 +0330] "GET /savep.php//?_g=1308134 HTTP/2" 200 3924 "-" "Mozilla/5.0 AppleWebKit/537.36 (KHTML, like Gecko; compatible; bingbot/2.0; +http://www.bing.com/bingbot.htm) Chrome/116.0.1938.76 Safari/537.36"
157.55.39.6 - - [05/Aug/2026:21:20:51 +0330] "GET /savep.php//?shopdetail/1695592 HTTP/2" 200 3937 "-" "Mozilla/5.0 AppleWebKit/537.36 (KHTML, like Gecko; compatible; bingbot/2.0; +http://www.bing.com/bingbot.htm) Chrome/116.0.1938.76 Safari/537.36"
157.55.39.6 - - [05/Aug/2026:21:20:52 +0330] "GET /savep.php//?_g=1550376 HTTP/2" 200 3947 "-" "Mozilla/5.0 AppleWebKit/537.36 (KHTML, like Gecko; compatible; bingbot/2.0; +http://www.bing.com/bingbot.htm) Chrome/116.0.1938.76 Safari/537.36"
157.55.39.6 - - [05/Aug/2026:21:20:53 +0330] "GET /savep.php//?_g=443458 HTTP/2" 200 3911 "-" "Mozilla/5.0 AppleWebKit/537.36 (KHTML, like Gecko; compatible; bingbot/2.0; +http://www.bing.com/bingbot.htm) Chrome/116.0.1938.76 Safari/537.36"
157.55.39.6 - - [05/Aug/2026:21:20:54 +0330] "GET /savep.php//?_g=2696372 HTTP/2" 200 3924 "-" "Mozilla/5.0 AppleWebKit/537.36 (KHTML, like Gecko; compatible; bingbot/2.0; +http://www.bing.com/bingbot.htm) Chrome/116.0.1938.76 Safari/537.36"
157.55.39.6 - - [05/Aug/2026:21:20:55 +0330] "GET /savep.php//?_g=96581 HTTP/2" 200 3924 "-" "Mozilla/5.0 AppleWebKit/537.36 (KHTML, like Gecko; compatible; bingbot/2.0; +http://www.bing.com/bingbot.htm) Chrome/116.0.1938.76 Safari/537.36"
66.249.66.169 - - [05/Aug/2026:21:23:47 +0330] "GET /?_g=3338943 HTTP/1.1" 200 3924 "-" "Mozilla/5.0 (Linux; Android 6.0.1; Nexus 5X Build/MMB29P) AppleWebKit/537.36 (KHTML, like Gecko) Chrome/150.0.7871.186 Mobile Safari/537.36 (compatible; Googlebot/2.1; +http://www.google.com/bot.html)"
88.198.20.93 - - [05/Aug/2026:21:23:52 +0330] "GET /?_g=112091 HTTP/1.1" 200 4983 "-" "Mozilla/5.0 (compatible; SERankingBacklinksBot/1.0; +https://seranking.com/backlinks-crawler)"
88.198.20.93 - - [05/Aug/2026:21:23:56 +0330] "GET /?_g=3092682 HTTP/1.1" 200 4946 "-" "Mozilla/5.0 (compatible; SERankingBacklinksBot/1.0; +https://seranking.com/backlinks-crawler)"
216.73.217.52 - - [05/Aug/2026:21:15:31 +0330] "GET /2022/07/16/%D8%AA%D9%81%D8%A7%D9%88%D8%AA-epdm-%D9%88-silicon-rubber?path=%2Fhome%2Fngbycoco%2Fpublic_html%2F.well-known HTTP/2" 200 2956 "-" "Mozilla/5.0 AppleWebKit/537.36 (KHTML, like Gecko; compatible; ClaudeBot/1.0; +claudebot@anthropic.com)"
216.73.217.52 - - [05/Aug/2026:21:16:43 +0330] "GET /2022/07/16/%D8%AA%D9%81%D8%A7%D9%88%D8%AA-epdm-%D9%88-silicon-rubber?fileloc=%2Fhome%2Fngbycoco%2Fpublic_html%2Fgosmtp.zip&path=%2Fhome%2Fngbycoco%2Fpublic_html HTTP/2" 200 2566 "-" "Mozilla/5.0 AppleWebKit/537.36 (KHTML, like Gecko; compatible; ClaudeBot/1.0; +claudebot@anthropic.com)"
216.73.217.52 - - [05/Aug/2026:21:17:30 +0330] "GET /2022/07/16/%D8%AA%D9%81%D8%A7%D9%88%D8%AA-epdm-%D9%88-silicon-rubber?fileloc=%2Fhome%2Fngbycoco%2Fpublic_html%2Flicense.txt&path=%2Fhome%2Fngbycoco%2Fpublic_html HTTP/2" 429 0 "-" "Mozilla/5.0 AppleWebKit/537.36 (KHTML, like Gecko; compatible; ClaudeBot/1.0; +claudebot@anthropic.com)"
216.73.217.52 - - [05/Aug/2026:21:17:48 +0330] "GET /wp-sitemap.xml HTTP/2" 200 3947 "-" "Mozilla/5.0 AppleWebKit/537.36 (KHTML, like Gecko; compatible; ClaudeBot/1.0; +claudebot@anthropic.com)"
88.198.20.93 - - [05/Aug/2026:21:23:42 +0330] "GET /robots.txt HTTP/1.1" 200 5039 "-" "Mozilla/5.0 (compatible; SERankingBacklinksBot/1.0; +https://seranking.com/backlinks-crawler)"
88.198.20.93 - - [05/Aug/2026:21:23:44 +0330] "GET / HTTP/1.1" 200 5130 "-" "Mozilla/5.0 (compatible; SERankingBacklinksBot/1.0; +https://seranking.com/backlinks-crawler)"
88.198.20.93 - - [05/Aug/2026:21:23:51 +0330] "GET /robots.txt HTTP/1.1" 200 4946 "-" "Mozilla/5.0 (compatible; SERankingBacklinksBot/1.0; +https://seranking.com/backlinks-crawler)"
20.100.187.246 - - [05/Aug/2026:21:23:53 +0330] "GET /wp-admin/css/colors/cloud.php HTTP/1.1" 200 3924 "-" "Mozilla/5.0 (Windows NT 10.0; Win64; x64) AppleWebKit/537.36 (KHTML, like Gecko) Chrome/120.0.0.0 Safari/537.36"
88.198.20.93 - - [05/Aug/2026:21:24:45 +0330] "GET /?_g=224884 HTTP/1.1" 200 5039 "-" "Mozilla/5.0 (compatible; SERankingBacklinksBot/1.0; +https://seranking.com/backlinks-crawler)"
88.198.20.93 - - [05/Aug/2026:21:24:50 +0330] "GET /?_g=3184844 HTTP/1.1" 200 5039 "-" "Mozilla/5.0 (compatible; SERankingBacklinksBot/1.0; +https://seranking.com/backlinks-crawler)"
88.198.20.93 - - [05/Aug/2026:21:25:25 +0330] "GET /?_g=322419 HTTP/1.1" 200 5061 "-" "Mozilla/5.0 (compatible; SERankingBacklinksBot/1.0; +https://seranking.com/backlinks-crawler)"
88.198.20.93 - - [05/Aug/2026:21:25:37 +0330] "GET /?_g=426849 HTTP/1.1" 200 5061 "-" "Mozilla/5.0 (compatible; SERankingBacklinksBot/1.0; +https://seranking.com/backlinks-crawler)"
88.198.20.93 - - [05/Aug/2026:21:25:55 +0330] "GET /?_g=3516417 HTTP/1.1" 200 4946 "-" "Mozilla/5.0 (compatible; SERankingBacklinksBot/1.0; +https://seranking.com/backlinks-crawler)"
66.249.66.163 - - [05/Aug/2026:21:26:55 +0330] "GET /savep.php//?_g=2599645 HTTP/1.1" 200 3947 "-" "Mozilla/5.0 (Linux; Android 6.0.1; Nexus 5X Build/MMB29P) AppleWebKit/537.36 (KHTML, like Gecko) Chrome/150.0.7871.186 Mobile Safari/537.36 (compatible; Googlebot/2.1; +http://www.google.com/bot.html)"
88.198.20.93 - - [05/Aug/2026:21:27:20 +0330] "GET /?_g=3641016 HTTP/1.1" 200 4946 "-" "Mozilla/5.0 (compatible; SERankingBacklinksBot/1.0; +https://seranking.com/backlinks-crawler)"
88.198.20.93 - - [05/Aug/2026:21:27:28 +0330] "GET /?_g=510960 HTTP/1.1" 200 4946 "-" "Mozilla/5.0 (compatible; SERankingBacklinksBot/1.0; +https://seranking.com/backlinks-crawler)"
88.198.20.93 - - [05/Aug/2026:21:28:07 +0330] "GET /?_g=3661959 HTTP/1.1" 200 4946 "-" "Mozilla/5.0 (compatible; SERankingBacklinksBot/1.0; +https://seranking.com/backlinks-crawler)"
88.198.20.93 - - [05/Aug/2026:21:28:14 +0330] "GET /?_g=513416 HTTP/1.1" 200 5039 "-" "Mozilla/5.0 (compatible; SERankingBacklinksBot/1.0; +https://seranking.com/backlinks-crawler)"
157.55.39.49 - - [05/Aug/2026:21:28:17 +0330] "GET /savep.php//?_g=778480 HTTP/2" 200 3924 "-" "Mozilla/5.0 AppleWebKit/537.36 (KHTML, like Gecko; compatible; bingbot/2.0; +http://www.bing.com/bingbot.htm) Chrome/116.0.1938.76 Safari/537.36"
157.55.39.49 - - [05/Aug/2026:21:28:18 +0330] "GET /savep.php//?_g=1169485 HTTP/2" 200 3947 "-" "Mozilla/5.0 AppleWebKit/537.36 (KHTML, like Gecko; compatible; bingbot/2.0; +http://www.bing.com/bingbot.htm) Chrome/116.0.1938.76 Safari/537.36"
157.55.39.49 - - [05/Aug/2026:21:28:18 +0330] "GET /savep.php//?_g=1304572 HTTP/2" 200 3924 "-" "Mozilla/5.0 AppleWebKit/537.36 (KHTML, like Gecko; compatible; bingbot/2.0; +http://www.bing.com/bingbot.htm) Chrome/116.0.1938.76 Safari/537.36"
157.55.39.197 - - [05/Aug/2026:21:28:20 +0330] "GET /savep.php//?_g=922529 HTTP/2" 200 3932 "-" "Mozilla/5.0 AppleWebKit/537.36 (KHTML, like Gecko; compatible; bingbot/2.0; +http://www.bing.com/bingbot.htm) Chrome/116.0.1938.76 Safari/537.36"
52.167.144.143 - - [05/Aug/2026:21:28:21 +0330] "GET /savep.php//?_g=1273552 HTTP/2" 200 3943 "-" "Mozilla/5.0 AppleWebKit/537.36 (KHTML, like Gecko; compatible; bingbot/2.0; +http://www.bing.com/bingbot.htm) Chrome/116.0.1938.76 Safari/537.36"
52.167.144.143 - - [05/Aug/2026:21:28:22 +0330] "GET /savep.php//?_g=2349390 HTTP/2" 200 3924 "-" "Mozilla/5.0 AppleWebKit/537.36 (KHTML, like Gecko; compatible; bingbot/2.0; +http://www.bing.com/bingbot.htm) Chrome/116.0.1938.76 Safari/537.36"
157.55.39.197 - - [05/Aug/2026:21:28:22 +0330] "GET /savep.php//?_g=115236 HTTP/2" 200 3967 "-" "Mozilla/5.0 AppleWebKit/537.36 (KHTML, like Gecko; compatible; bingbot/2.0; +http://www.bing.com/bingbot.htm) Chrome/116.0.1938.76 Safari/537.36"
157.55.39.197 - - [05/Aug/2026:21:28:24 +0330] "GET /savep.php//?_g=154760 HTTP/2" 200 3924 "-" "Mozilla/5.0 AppleWebKit/537.36 (KHTML, like Gecko; compatible; bingbot/2.0; +http://www.bing.com/bingbot.htm) Chrome/116.0.1938.76 Safari/537.36"
157.55.39.197 - - [05/Aug/2026:21:28:25 +0330] "GET /savep.php//?_g=449015 HTTP/2" 200 3947 "-" "Mozilla/5.0 AppleWebKit/537.36 (KHTML, like Gecko; compatible; bingbot/2.0; +http://www.bing.com/bingbot.htm) Chrome/116.0.1938.76 Safari/537.36"
157.55.39.197 - - [05/Aug/2026:21:28:26 +0330] "GET /savep.php//?_g=1743470 HTTP/2" 200 3932 "-" "Mozilla/5.0 AppleWebKit/537.36 (KHTML, like Gecko; compatible; bingbot/2.0; +http://www.bing.com/bingbot.htm) Chrome/116.0.1938.76 Safari/537.36"
157.55.39.197 - - [05/Aug/2026:21:28:27 +0330] "GET /savep.php/?_g=950015 HTTP/2" 200 3969 "-" "Mozilla/5.0 AppleWebKit/537.36 (KHTML, like Gecko; compatible; bingbot/2.0; +http://www.bing.com/bingbot.htm) Chrome/116.0.1938.76 Safari/537.36"
88.198.20.93 - - [05/Aug/2026:21:28:27 +0330] "GET /?_g=638480 HTTP/1.1" 200 5039 "-" "Mozilla/5.0 (compatible; SERankingBacklinksBot/1.0; +https://seranking.com/backlinks-crawler)"
52.167.144.143 - - [05/Aug/2026:21:29:11 +0330] "GET /savep.php//?_g=1270641 HTTP/2" 200 3967 "-" "Mozilla/5.0 AppleWebKit/537.36 (KHTML, like Gecko; compatible; bingbot/2.0; +http://www.bing.com/bingbot.htm) Chrome/116.0.1938.76 Safari/537.36"
52.167.144.143 - - [05/Aug/2026:21:29:11 +0330] "GET /savep.php//?_g=572879 HTTP/2" 200 3924 "-" "Mozilla/5.0 AppleWebKit/537.36 (KHTML, like Gecko; compatible; bingbot/2.0; +http://www.bing.com/bingbot.htm) Chrome/116.0.1938.76 Safari/537.36"
52.167.144.143 - - [05/Aug/2026:21:29:11 +0330] "GET /savep.php//?_g=512380 HTTP/2" 200 3967 "-" "Mozilla/5.0 AppleWebKit/537.36 (KHTML, like Gecko; compatible; bingbot/2.0; +http://www.bing.com/bingbot.htm) Chrome/116.0.1938.76 Safari/537.36"
157.55.39.197 - - [05/Aug/2026:21:29:11 +0330] "GET /savep.php//?_g=175078 HTTP/2" 200 3924 "-" "Mozilla/5.0 AppleWebKit/537.36 (KHTML, like Gecko; compatible; bingbot/2.0; +http://www.bing.com/bingbot.htm) Chrome/116.0.1938.76 Safari/537.36"
157.55.39.197 - - [05/Aug/2026:21:29:14 +0330] "GET /savep.php//?_g=435872 HTTP/2" 200 3924 "-" "Mozilla/5.0 AppleWebKit/537.36 (KHTML, like Gecko; compatible; bingbot/2.0; +http://www.bing.com/bingbot.htm) Chrome/116.0.1938.76 Safari/537.36"
88.198.20.93 - - [05/Aug/2026:21:24:14 +0330] "GET /?_g=169994 HTTP/1.1" 200 5080 "-" "Mozilla/5.0 (compatible; SERankingBacklinksBot/1.0; +https://seranking.com/backlinks-crawler)"
88.198.20.93 - - [05/Aug/2026:21:24:30 +0330] "GET /?_g=3159834 HTTP/1.1" 200 5039 "-" "Mozilla/5.0 (compatible; SERankingBacklinksBot/1.0; +https://seranking.com/backlinks-crawler)"
88.198.20.93 - - [05/Aug/2026:21:25:01 +0330] "GET /?_g=3216532 HTTP/1.1" 200 4946 "-" "Mozilla/5.0 (compatible; SERankingBacklinksBot/1.0; +https://seranking.com/backlinks-crawler)"
88.198.20.93 - - [05/Aug/2026:21:25:06 +0330] "GET /?_g=244532 HTTP/1.1" 200 4946 "-" "Mozilla/5.0 (compatible; SERankingBacklinksBot/1.0; +https://seranking.com/backlinks-crawler)"
88.198.20.93 - - [05/Aug/2026:21:25:30 +0330] "GET /?_g=3446536 HTTP/1.1" 200 5052 "-" "Mozilla/5.0 (compatible; SERankingBacklinksBot/1.0; +https://seranking.com/backlinks-crawler)"
88.198.20.93 - - [05/Aug/2026:21:26:14 +0330] "GET /?_g=447426 HTTP/1.1" 200 4976 "-" "Mozilla/5.0 (compatible; SERankingBacklinksBot/1.0; +https://seranking.com/backlinks-crawler)"
88.198.20.93 - - [05/Aug/2026:21:26:20 +0330] "GET /?_g=3537100 HTTP/1.1" 200 5130 "-" "Mozilla/5.0 (compatible; SERankingBacklinksBot/1.0; +https://seranking.com/backlinks-crawler)"
88.198.20.93 - - [05/Aug/2026:21:26:39 +0330] "GET /?_g=473777 HTTP/1.1" 200 4935 "-" "Mozilla/5.0 (compatible; SERankingBacklinksBot/1.0; +https://seranking.com/backlinks-crawler)"
88.198.20.93 - - [05/Aug/2026:21:26:47 +0330] "GET /?_g=3596314 HTTP/1.1" 200 4946 "-" "Mozilla/5.0 (compatible; SERankingBacklinksBot/1.0; +https://seranking.com/backlinks-crawler)"
88.198.20.93 - - [05/Aug/2026:21:26:53 +0330] "GET /?_g=504738 HTTP/1.1" 200 5061 "-" "Mozilla/5.0 (compatible; SERankingBacklinksBot/1.0; +https://seranking.com/backlinks-crawler)"
88.198.20.93 - - [05/Aug/2026:21:27:36 +0330] "GET /?_g=3653994 HTTP/1.1" 200 5130 "-" "Mozilla/5.0 (compatible; SERankingBacklinksBot/1.0; +https://seranking.com/backlinks-crawler)"
88.198.20.93 - - [05/Aug/2026:21:28:34 +0330] "GET /?_g=3662886 HTTP/1.1" 200 4946 "-" "Mozilla/5.0 (compatible; SERankingBacklinksBot/1.0; +https://seranking.com/backlinks-crawler)"
157.55.39.49 - - [05/Aug/2026:21:29:07 +0330] "GET /savep.php//?_g=345040 HTTP/2" 200 3932 "-" "Mozilla/5.0 AppleWebKit/537.36 (KHTML, like Gecko; compatible; bingbot/2.0; +http://www.bing.com/bingbot.htm) Chrome/116.0.1938.76 Safari/537.36"
157.55.39.49 - - [05/Aug/2026:21:29:07 +0330] "GET /savep.php//?_g=254945 HTTP/2" 200 3943 "-" "Mozilla/5.0 AppleWebKit/537.36 (KHTML, like Gecko; compatible; bingbot/2.0; +http://www.bing.com/bingbot.htm) Chrome/116.0.1938.76 Safari/537.36"
157.55.39.49 - - [05/Aug/2026:21:29:07 +0330] "GET /savep.php//?_g=1986393 HTTP/2" 200 3943 "-" "Mozilla/5.0 AppleWebKit/537.36 (KHTML, like Gecko; compatible; bingbot/2.0; +http://www.bing.com/bingbot.htm) Chrome/116.0.1938.76 Safari/537.36"
157.55.39.49 - - [05/Aug/2026:21:29:08 +0330] "GET /savep.php//?_g=2316696 HTTP/2" 200 3924 "-" "Mozilla/5.0 AppleWebKit/537.36 (KHTML, like Gecko; compatible; bingbot/2.0; +http://www.bing.com/bingbot.htm) Chrome/116.0.1938.76 Safari/537.36"
157.55.39.49 - - [05/Aug/2026:21:29:16 +0330] "GET /savep.php//?_g=1546349 HTTP/2" 200 3943 "-" "Mozilla/5.0 AppleWebKit/537.36 (KHTML, like Gecko; compatible; bingbot/2.0; +http://www.bing.com/bingbot.htm) Chrome/116.0.1938.76 Safari/537.36"
88.198.20.93 - - [05/Aug/2026:21:29:18 +0330] "GET /?_g=683281 HTTP/1.1" 200 4983 "-" "Mozilla/5.0 (compatible; SERankingBacklinksBot/1.0; +https://seranking.com/backlinks-crawler)"
88.198.20.93 - - [05/Aug/2026:21:29:27 +0330] "GET /?_g=3669690 HTTP/1.1" 200 5130 "-" "Mozilla/5.0 (compatible; SERankingBacklinksBot/1.0; +https://seranking.com/backlinks-crawler)"
88.198.20.93 - - [05/Aug/2026:21:29:35 +0330] "GET /?_g=686275 HTTP/1.1" 200 5061 "-" "Mozilla/5.0 (compatible; SERankingBacklinksBot/1.0; +https://seranking.com/backlinks-crawler)"
157.55.39.197 - - [05/Aug/2026:21:29:15 +0330] "GET /savep.php//?_g=2439553 HTTP/2" 200 3890 "-" "Mozilla/5.0 AppleWebKit/537.36 (KHTML, like Gecko; compatible; bingbot/2.0; +http://www.bing.com/bingbot.htm) Chrome/116.0.1938.76 Safari/537.36"
157.55.39.197 - - [05/Aug/2026:21:29:17 +0330] "GET /savep.php//?_g=2683133 HTTP/2" 200 3890 "-" "Mozilla/5.0 AppleWebKit/537.36 (KHTML, like Gecko; compatible; bingbot/2.0; +http://www.bing.com/bingbot.htm) Chrome/116.0.1938.76 Safari/537.36"
157.55.39.197 - - [05/Aug/2026:21:29:19 +0330] "GET /savep.php//?_g=469660 HTTP/2" 200 3947 "-" "Mozilla/5.0 AppleWebKit/537.36 (KHTML, like Gecko; compatible; bingbot/2.0; +http://www.bing.com/bingbot.htm) Chrome/116.0.1938.76 Safari/537.36"
157.55.39.197 - - [05/Aug/2026:21:29:21 +0330] "GET /savep.php//?_g=1946519 HTTP/2" 200 3969 "-" "Mozilla/5.0 AppleWebKit/537.36 (KHTML, like Gecko; compatible; bingbot/2.0; +http://www.bing.com/bingbot.htm) Chrome/116.0.1938.76 Safari/537.36"
88.198.20.93 - - [05/Aug/2026:21:30:41 +0330] "GET /?_g=687465 HTTP/1.1" 200 4982 "-" "Mozilla/5.0 (compatible; SERankingBacklinksBot/1.0; +https://seranking.com/backlinks-crawler)"
88.198.20.93 - - [05/Aug/2026:21:31:30 +0330] "GET /?_g=945996 HTTP/1.1" 200 5039 "-" "Mozilla/5.0 (compatible; SERankingBacklinksBot/1.0; +https://seranking.com/backlinks-crawler)"
88.198.20.93 - - [05/Aug/2026:21:30:05 +0330] "GET /?_g=3743635 HTTP/1.1" 200 4946 "-" "Mozilla/5.0 (compatible; SERankingBacklinksBot/1.0; +https://seranking.com/backlinks-crawler)"
88.198.20.93 - - [05/Aug/2026:21:30:53 +0330] "GET /?_g=3887237 HTTP/1.1" 200 5039 "-" "Mozilla/5.0 (compatible; SERankingBacklinksBot/1.0; +https://seranking.com/backlinks-crawler)"
88.198.20.93 - - [05/Aug/2026:21:31:43 +0330] "GET /plugin-connector/ HTTP/1.1" 200 4983 "-" "Mozilla/5.0 (compatible; SERankingBacklinksBot/1.0; +https://seranking.com/backlinks-crawler)"
52.167.144.143 - - [05/Aug/2026:21:32:00 +0330] "GET /savep.php/?_g=1036999 HTTP/2" 200 3947 "-" "Mozilla/5.0 AppleWebKit/537.36 (KHTML, like Gecko; compatible; bingbot/2.0; +http://www.bing.com/bingbot.htm) Chrome/116.0.1938.76 Safari/537.36"
52.167.144.143 - - [05/Aug/2026:21:32:00 +0330] "GET /savep.php//?_g=1344306 HTTP/2" 200 3947 "-" "Mozilla/5.0 AppleWebKit/537.36 (KHTML, like Gecko; compatible; bingbot/2.0; +http://www.bing.com/bingbot.htm) Chrome/116.0.1938.76 Safari/537.36"
52.167.144.143 - - [05/Aug/2026:21:32:01 +0330] "GET /savep.php//?_g=1696918 HTTP/2" 200 3896 "-" "Mozilla/5.0 AppleWebKit/537.36 (KHTML, like Gecko; compatible; bingbot/2.0; +http://www.bing.com/bingbot.htm) Chrome/116.0.1938.76 Safari/537.36"
52.167.144.143 - - [05/Aug/2026:21:32:01 +0330] "GET /savep.php//?_g=997273 HTTP/2" 200 3896 "-" "Mozilla/5.0 AppleWebKit/537.36 (KHTML, like Gecko; compatible; bingbot/2.0; +http://www.bing.com/bingbot.htm) Chrome/116.0.1938.76 Safari/537.36"
52.167.144.143 - - [05/Aug/2026:21:32:02 +0330] "GET /savep.php//?_g=1549866 HTTP/2" 200 3947 "-" "Mozilla/5.0 AppleWebKit/537.36 (KHTML, like Gecko; compatible; bingbot/2.0; +http://www.bing.com/bingbot.htm) Chrome/116.0.1938.76 Safari/537.36"
52.167.144.143 - - [05/Aug/2026:21:32:02 +0330] "GET /savep.php//?_g=2707540 HTTP/2" 200 3947 "-" "Mozilla/5.0 AppleWebKit/537.36 (KHTML, like Gecko; compatible; bingbot/2.0; +http://www.bing.com/bingbot.htm) Chrome/116.0.1938.76 Safari/537.36"
157.55.39.197 - - [05/Aug/2026:21:32:04 +0330] "GET /savep.php//?_g=1594734 HTTP/2" 200 3896 "-" "Mozilla/5.0 AppleWebKit/537.36 (KHTML, like Gecko; compatible; bingbot/2.0; +http://www.bing.com/bingbot.htm) Chrome/116.0.1938.76 Safari/537.36"
157.55.39.197 - - [05/Aug/2026:21:32:07 +0330] "GET /savep.php//?_g=976023 HTTP/2" 200 3926 "-" "Mozilla/5.0 AppleWebKit/537.36 (KHTML, like Gecko; compatible; bingbot/2.0; +http://www.bing.com/bingbot.htm) Chrome/116.0.1938.76 Safari/537.36"
52.167.144.143 - - [05/Aug/2026:21:32:11 +0330] "GET /savep.php//?_g=518561 HTTP/2" 200 3924 "-" "Mozilla/5.0 AppleWebKit/537.36 (KHTML, like Gecko; compatible; bingbot/2.0; +http://www.bing.com/bingbot.htm) Chrome/116.0.1938.76 Safari/537.36"
52.167.144.143 - - [05/Aug/2026:21:32:11 +0330] "GET /savep.php//?_g=281498 HTTP/2" 200 3995 "-" "Mozilla/5.0 AppleWebKit/537.36 (KHTML, like Gecko; compatible; bingbot/2.0; +http://www.bing.com/bingbot.htm) Chrome/116.0.1938.76 Safari/537.36"
157.55.39.197 - - [05/Aug/2026:21:32:11 +0330] "GET /savep.php//?_g=317513 HTTP/2" 200 3947 "-" "Mozilla/5.0 AppleWebKit/537.36 (KHTML, like Gecko; compatible; bingbot/2.0; +http://www.bing.com/bingbot.htm) Chrome/116.0.1938.76 Safari/537.36"
157.55.39.197 - - [05/Aug/2026:21:32:13 +0330] "GET /savep.php//?_g=195809 HTTP/2" 200 3999 "-" "Mozilla/5.0 AppleWebKit/537.36 (KHTML, like Gecko; compatible; bingbot/2.0; +http://www.bing.com/bingbot.htm) Chrome/116.0.1938.76 Safari/537.36"
157.55.39.197 - - [05/Aug/2026:21:32:17 +0330] "GET /savep.php//?_g=817879 HTTP/2" 200 3932 "-" "Mozilla/5.0 AppleWebKit/537.36 (KHTML, like Gecko; compatible; bingbot/2.0; +http://www.bing.com/bingbot.htm) Chrome/116.0.1938.76 Safari/537.36"
157.55.39.197 - - [05/Aug/2026:21:32:20 +0330] "GET /savep.php//?_g=2577472 HTTP/2" 200 3924 "-" "Mozilla/5.0 AppleWebKit/537.36 (KHTML, like Gecko; compatible; bingbot/2.0; +http://www.bing.com/bingbot.htm) Chrome/116.0.1938.76 Safari/537.36"
157.55.39.197 - - [05/Aug/2026:21:32:32 +0330] "GET /savep.php//?_g=1148124 HTTP/2" 200 3932 "-" "Mozilla/5.0 AppleWebKit/537.36 (KHTML, like Gecko; compatible; bingbot/2.0; +http://www.bing.com/bingbot.htm) Chrome/116.0.1938.76 Safari/537.36"
157.55.39.49 - - [05/Aug/2026:21:32:07 +0330] "GET /savep.php//?_g=682811 HTTP/2" 200 3924 "-" "Mozilla/5.0 AppleWebKit/537.36 (KHTML, like Gecko; compatible; bingbot/2.0; +http://www.bing.com/bingbot.htm) Chrome/116.0.1938.76 Safari/537.36"
157.55.39.49 - - [05/Aug/2026:21:32:07 +0330] "GET /savep.php//?_g=8420 HTTP/2" 200 3969 "-" "Mozilla/5.0 AppleWebKit/537.36 (KHTML, like Gecko; compatible; bingbot/2.0; +http://www.bing.com/bingbot.htm) Chrome/116.0.1938.76 Safari/537.36"
88.198.20.93 - - [05/Aug/2026:21:32:32 +0330] "GET /?_g=953606 HTTP/1.1" 200 4946 "-" "Mozilla/5.0 (compatible; SERankingBacklinksBot/1.0; +https://seranking.com/backlinks-crawler)"
157.55.39.197 - - [05/Aug/2026:21:32:35 +0330] "GET /savep.php//?_g=2537753 HTTP/2" 200 3924 "-" "Mozilla/5.0 AppleWebKit/537.36 (KHTML, like Gecko; compatible; bingbot/2.0; +http://www.bing.com/bingbot.htm) Chrome/116.0.1938.76 Safari/537.36"
88.198.20.93 - - [05/Aug/2026:21:33:02 +0330] "GET /?_g=999950 HTTP/1.1" 200 4935 "-" "Mozilla/5.0 (compatible; SERankingBacklinksBot/1.0; +https://seranking.com/backlinks-crawler)"
40.77.167.5 - - [05/Aug/2026:21:35:30 +0330] "GET /savep.php//?_g=2177816 HTTP/2" 200 3924 "-" "Mozilla/5.0 AppleWebKit/537.36 (KHTML, like Gecko; compatible; bingbot/2.0; +http://www.bing.com/bingbot.htm) Chrome/116.0.1938.76 Safari/537.36"
40.77.167.5 - - [05/Aug/2026:21:35:31 +0330] "GET /savep.php//?_g=1582073 HTTP/2" 200 3947 "-" "Mozilla/5.0 AppleWebKit/537.36 (KHTML, like Gecko; compatible; bingbot/2.0; +http://www.bing.com/bingbot.htm) Chrome/116.0.1938.76 Safari/537.36"
40.77.167.5 - - [05/Aug/2026:21:35:31 +0330] "GET /savep.php//?_g=2375169 HTTP/2" 200 3999 "-" "Mozilla/5.0 AppleWebKit/537.36 (KHTML, like Gecko; compatible; bingbot/2.0; +http://www.bing.com/bingbot.htm) Chrome/116.0.1938.76 Safari/537.36"
40.77.167.5 - - [05/Aug/2026:21:35:31 +0330] "GET /savep.php//?_g=1788583 HTTP/2" 200 3890 "-" "Mozilla/5.0 AppleWebKit/537.36 (KHTML, like Gecko; compatible; bingbot/2.0; +http://www.bing.com/bingbot.htm) Chrome/116.0.1938.76 Safari/537.36"
40.77.167.5 - - [05/Aug/2026:21:35:31 +0330] "GET /savep.php//?_g=764246 HTTP/2" 200 3924 "-" "Mozilla/5.0 AppleWebKit/537.36 (KHTML, like Gecko; compatible; bingbot/2.0; +http://www.bing.com/bingbot.htm) Chrome/116.0.1938.76 Safari/537.36"
157.55.39.49 - - [05/Aug/2026:21:35:47 +0330] "GET /savep.php//?shopdetail/1800242 HTTP/2" 200 3947 "-" "Mozilla/5.0 AppleWebKit/537.36 (KHTML, like Gecko; compatible; bingbot/2.0; +http://www.bing.com/bingbot.htm) Chrome/116.0.1938.76 Safari/537.36"
40.77.167.5 - - [05/Aug/2026:21:35:51 +0330] "GET /savep.php/?_g=477408 HTTP/2" 200 3924 "-" "Mozilla/5.0 AppleWebKit/537.36 (KHTML, like Gecko; compatible; bingbot/2.0; +http://www.bing.com/bingbot.htm) Chrome/116.0.1938.76 Safari/537.36"
40.77.167.5 - - [05/Aug/2026:21:35:52 +0330] "GET /savep.php//?_g=312025 HTTP/2" 200 3947 "-" "Mozilla/5.0 AppleWebKit/537.36 (KHTML, like Gecko; compatible; bingbot/2.0; +http://www.bing.com/bingbot.htm) Chrome/116.0.1938.76 Safari/537.36"
40.77.167.5 - - [05/Aug/2026:21:35:52 +0330] "GET /savep.php//?_g=369337 HTTP/2" 200 3947 "-" "Mozilla/5.0 AppleWebKit/537.36 (KHTML, like Gecko; compatible; bingbot/2.0; +http://www.bing.com/bingbot.htm) Chrome/116.0.1938.76 Safari/537.36"
40.77.167.5 - - [05/Aug/2026:21:35:52 +0330] "GET /savep.php//?_g=1812816 HTTP/2" 200 3947 "-" "Mozilla/5.0 AppleWebKit/537.36 (KHTML, like Gecko; compatible; bingbot/2.0; +http://www.bing.com/bingbot.htm) Chrome/116.0.1938.76 Safari/537.36"
40.77.167.5 - - [05/Aug/2026:21:35:52 +0330] "GET /savep.php//?_g=1575807 HTTP/2" 200 3924 "-" "Mozilla/5.0 AppleWebKit/537.36 (KHTML, like Gecko; compatible; bingbot/2.0; +http://www.bing.com/bingbot.htm) Chrome/116.0.1938.76 Safari/537.36"
40.77.167.5 - - [05/Aug/2026:21:35:53 +0330] "GET /savep.php//?_g=550340 HTTP/2" 200 3943 "-" "Mozilla/5.0 AppleWebKit/537.36 (KHTML, like Gecko; compatible; bingbot/2.0; +http://www.bing.com/bingbot.htm) Chrome/116.0.1938.76 Safari/537.36"
40.77.167.5 - - [05/Aug/2026:21:35:53 +0330] "GET /savep.php//?_g=191756 HTTP/2" 200 3947 "-" "Mozilla/5.0 AppleWebKit/537.36 (KHTML, like Gecko; compatible; bingbot/2.0; +http://www.bing.com/bingbot.htm) Chrome/116.0.1938.76 Safari/537.36"
40.77.167.5 - - [05/Aug/2026:21:35:53 +0330] "GET /savep.php//?_g=1204447 HTTP/2" 200 3967 "-" "Mozilla/5.0 AppleWebKit/537.36 (KHTML, like Gecko; compatible; bingbot/2.0; +http://www.bing.com/bingbot.htm) Chrome/116.0.1938.76 Safari/537.36"
40.77.167.5 - - [05/Aug/2026:21:35:53 +0330] "GET /savep.php//?_g=1866782 HTTP/2" 200 3937 "-" "Mozilla/5.0 AppleWebKit/537.36 (KHTML, like Gecko; compatible; bingbot/2.0; +http://www.bing.com/bingbot.htm) Chrome/116.0.1938.76 Safari/537.36"
157.55.39.197 - - [05/Aug/2026:21:35:54 +0330] "GET /savep.php//?_g=1462488 HTTP/2" 200 3937 "-" "Mozilla/5.0 AppleWebKit/537.36 (KHTML, like Gecko; compatible; bingbot/2.0; +http://www.bing.com/bingbot.htm) Chrome/116.0.1938.76 Safari/537.36"
157.55.39.197 - - [05/Aug/2026:21:35:57 +0330] "GET /savep.php//?_g=2739364 HTTP/2" 200 3947 "-" "Mozilla/5.0 AppleWebKit/537.36 (KHTML, like Gecko; compatible; bingbot/2.0; +http://www.bing.com/bingbot.htm) Chrome/116.0.1938.76 Safari/537.36"
157.55.39.197 - - [05/Aug/2026:21:35:58 +0330] "GET /savep.php//?_g=1340109 HTTP/2" 200 3924 "-" "Mozilla/5.0 AppleWebKit/537.36 (KHTML, like Gecko; compatible; bingbot/2.0; +http://www.bing.com/bingbot.htm) Chrome/116.0.1938.76 Safari/537.36"
