52.167.144.189 - - [05/Aug/2026:23:53:35 +0330] "GET /savep.php//?_g=1680155 HTTP/2" 200 3924 "-" "Mozilla/5.0 AppleWebKit/537.36 (KHTML, like Gecko; compatible; bingbot/2.0; +http://www.bing.com/bingbot.htm) Chrome/116.0.1938.76 Safari/537.36"
52.167.144.189 - - [05/Aug/2026:23:53:35 +0330] "GET /savep.php//?_g=2606674 HTTP/2" 200 3967 "-" "Mozilla/5.0 AppleWebKit/537.36 (KHTML, like Gecko; compatible; bingbot/2.0; +http://www.bing.com/bingbot.htm) Chrome/116.0.1938.76 Safari/537.36"
216.73.217.134 - - [05/Aug/2026:23:53:48 +0330] "GET /wp-sitemap.xml?fileloc=%2Fhome%2Fngbycoco%2Fpublic_html%2Fwp-includes%2FPHPMailer%2Ferror_log&path=%2Fhome%2Fngbycoco%2Fpublic_html%2Fwp-includes%2FPHPMailer HTTP/2" 200 3355 "-" "Mozilla/5.0 AppleWebKit/537.36 (KHTML, like Gecko; compatible; ClaudeBot/1.0; +claudebot@anthropic.com)"
216.73.217.134 - - [05/Aug/2026:23:53:52 +0330] "GET /wp-sitemap.xml?fileloc=%2Fhome%2Fngbycoco%2Fpublic_html%2Fwp-includes%2FPHPMailer%2FPOP3.php&path=%2Fhome%2Fngbycoco%2Fpublic_html%2Fwp-includes%2FPHPMailer HTTP/2" 200 6257 "-" "Mozilla/5.0 AppleWebKit/537.36 (KHTML, like Gecko; compatible; ClaudeBot/1.0; +claudebot@anthropic.com)"
52.167.144.189 - - [05/Aug/2026:23:53:55 +0330] "GET /savep.php/?_g=638216 HTTP/2" 200 3947 "-" "Mozilla/5.0 AppleWebKit/537.36 (KHTML, like Gecko; compatible; bingbot/2.0; +http://www.bing.com/bingbot.htm) Chrome/116.0.1938.76 Safari/537.36"
52.167.144.189 - - [05/Aug/2026:23:53:55 +0330] "GET /savep.php//?_g=347852 HTTP/2" 200 3924 "-" "Mozilla/5.0 AppleWebKit/537.36 (KHTML, like Gecko; compatible; bingbot/2.0; +http://www.bing.com/bingbot.htm) Chrome/116.0.1938.76 Safari/537.36"
52.167.144.189 - - [05/Aug/2026:23:53:55 +0330] "GET /savep.php//?_g=2077595 HTTP/2" 200 3924 "-" "Mozilla/5.0 AppleWebKit/537.36 (KHTML, like Gecko; compatible; bingbot/2.0; +http://www.bing.com/bingbot.htm) Chrome/116.0.1938.76 Safari/537.36"
216.73.217.134 - - [05/Aug/2026:23:53:57 +0330] "GET /wp-sitemap.xml?fileloc=%2Fhome%2Fngbycoco%2Fpublic_html%2Fwp-includes%2Fpomo%2Fstreams.php&path=%2Fhome%2Fngbycoco%2Fpublic_html%2Fwp-includes%2Fpomo HTTP/2" 200 4463 "-" "Mozilla/5.0 AppleWebKit/537.36 (KHTML, like Gecko; compatible; ClaudeBot/1.0; +claudebot@anthropic.com)"
216.73.217.134 - - [05/Aug/2026:23:54:02 +0330] "GET /wp-sitemap.xml?fileloc=%2Fhome%2Fngbycoco%2Fpublic_html%2Fwp-includes%2Fpomo%2Fmo.php&path=%2Fhome%2Fngbycoco%2Fpublic_html%2Fwp-includes%2Fpomo HTTP/2" 200 5309 "-" "Mozilla/5.0 AppleWebKit/537.36 (KHTML, like Gecko; compatible; ClaudeBot/1.0; +claudebot@anthropic.com)"
52.167.144.189 - - [05/Aug/2026:23:54:04 +0330] "GET /savep.php//?_g=727034 HTTP/2" 200 3947 "-" "Mozilla/5.0 AppleWebKit/537.36 (KHTML, like Gecko; compatible; bingbot/2.0; +http://www.bing.com/bingbot.htm) Chrome/116.0.1938.76 Safari/537.36"
52.167.144.189 - - [05/Aug/2026:23:54:04 +0330] "GET /savep.php//?_g=970521 HTTP/2" 200 3947 "-" "Mozilla/5.0 AppleWebKit/537.36 (KHTML, like Gecko; compatible; bingbot/2.0; +http://www.bing.com/bingbot.htm) Chrome/116.0.1938.76 Safari/537.36"
198.38.94.5 - - [05/Aug/2026:23:54:12 +0330] "GET /wp-login.php HTTP/2" 200 3967 "-" "Mozilla/5.0 (Windows NT 10.0; Win64; x64) AppleWebKit/537.36 (KHTML, like Gecko) Chrome/150.0.0.0 Safari/537.36"
216.73.217.134 - - [05/Aug/2026:23:54:28 +0330] "GET /wp-sitemap.xml?fileloc=%2Fhome%2Fngbycoco%2Fpublic_html%2Fwp-admin%2Fmy-sites.php&path=%2Fhome%2Fngbycoco%2Fpublic_html%2Fwp-admin HTTP/2" 200 4638 "-" "Mozilla/5.0 AppleWebKit/537.36 (KHTML, like Gecko; compatible; ClaudeBot/1.0; +claudebot@anthropic.com)"
207.46.13.87 - - [05/Aug/2026:23:54:37 +0330] "GET /savep.php//?_g=2122871 HTTP/2" 200 3947 "-" "Mozilla/5.0 AppleWebKit/537.36 (KHTML, like Gecko; compatible; bingbot/2.0; +http://www.bing.com/bingbot.htm) Chrome/116.0.1938.76 Safari/537.36"
216.73.217.134 - - [05/Aug/2026:23:54:22 +0330] "GET /wp-sitemap.xml?fileloc=%2Fhome%2Fngbycoco%2Fpublic_html%2Fwp-includes%2Fclass-wp-block-templates-registry.php&path=%2Fhome%2Fngbycoco%2Fpublic_html%2Fwp-includes HTTP/2" 200 4479 "-" "Mozilla/5.0 AppleWebKit/537.36 (KHTML, like Gecko; compatible; ClaudeBot/1.0; +claudebot@anthropic.com)"
216.73.217.134 - - [05/Aug/2026:23:54:30 +0330] "GET /wp-sitemap.xml?fileloc=%2Fhome%2Fngbycoco%2Fpublic_html%2Fwp-includes%2FPHPMailer%2FDSNConfigurator.php&path=%2Fhome%2Fngbycoco%2Fpublic_html%2Fwp-includes%2FPHPMailer HTTP/2" 200 4721 "-" "Mozilla/5.0 AppleWebKit/537.36 (KHTML, like Gecko; compatible; ClaudeBot/1.0; +claudebot@anthropic.com)"
216.73.217.134 - - [05/Aug/2026:23:54:34 +0330] "GET /wp-sitemap.xml?fileloc=%2Fhome%2Fngbycoco%2Fpublic_html%2Fwp-includes%2Ftheme-i18n.json&path=%2Fhome%2Fngbycoco%2Fpublic_html%2Fwp-includes HTTP/2" 200 3019 "-" "Mozilla/5.0 AppleWebKit/537.36 (KHTML, like Gecko; compatible; ClaudeBot/1.0; +claudebot@anthropic.com)"
40.77.167.61 - - [05/Aug/2026:23:54:35 +0330] "GET /savep.php//?_g=1271547 HTTP/2" 200 3924 "-" "Mozilla/5.0 AppleWebKit/537.36 (KHTML, like Gecko; compatible; bingbot/2.0; +http://www.bing.com/bingbot.htm) Chrome/116.0.1938.76 Safari/537.36"
40.77.167.61 - - [05/Aug/2026:23:54:35 +0330] "GET /savep.php//?_g=58521 HTTP/2" 200 3967 "-" "Mozilla/5.0 AppleWebKit/537.36 (KHTML, like Gecko; compatible; bingbot/2.0; +http://www.bing.com/bingbot.htm) Chrome/116.0.1938.76 Safari/537.36"
40.77.167.61 - - [05/Aug/2026:23:54:35 +0330] "GET /savep.php//?_g=290579 HTTP/2" 200 3955 "-" "Mozilla/5.0 AppleWebKit/537.36 (KHTML, like Gecko; compatible; bingbot/2.0; +http://www.bing.com/bingbot.htm) Chrome/116.0.1938.76 Safari/537.36"
216.73.217.134 - - [05/Aug/2026:23:54:39 +0330] "GET /wp-sitemap.xml?fileloc=%2Fhome%2Fngbycoco%2F.bashrc&path=%2Fhome%2Fngbycoco HTTP/2" 200 2768 "-" "Mozilla/5.0 AppleWebKit/537.36 (KHTML, like Gecko; compatible; ClaudeBot/1.0; +claudebot@anthropic.com)"
207.46.13.9 - - [05/Aug/2026:23:54:41 +0330] "GET /savep.php//?_g=2108208 HTTP/2" 200 3924 "-" "Mozilla/5.0 AppleWebKit/537.36 (KHTML, like Gecko; compatible; bingbot/2.0; +http://www.bing.com/bingbot.htm) Chrome/116.0.1938.76 Safari/537.36"
207.46.13.9 - - [05/Aug/2026:23:54:42 +0330] "GET /savep.php/?shopdetail/899124 HTTP/2" 200 3924 "-" "Mozilla/5.0 AppleWebKit/537.36 (KHTML, like Gecko; compatible; bingbot/2.0; +http://www.bing.com/bingbot.htm) Chrome/116.0.1938.76 Safari/537.36"
216.73.217.134 - - [05/Aug/2026:23:55:06 +0330] "GET /wp-sitemap.xml?fileloc=%2Fhome%2Fngbycoco%2Fpublic_html%2Fwp-content%2Findex.php&path=%2Fhome%2Fngbycoco%2Fpublic_html%2Fwp-content HTTP/2" 200 2595 "-" "Mozilla/5.0 AppleWebKit/537.36 (KHTML, like Gecko; compatible; ClaudeBot/1.0; +claudebot@anthropic.com)"
216.73.217.134 - - [05/Aug/2026:23:55:21 +0330] "GET /wp-sitemap.xml?fileloc=%2Fhome%2Fngbycoco%2F.bash_profile&path=%2Fhome%2Fngbycoco HTTP/2" 200 2632 "-" "Mozilla/5.0 AppleWebKit/537.36 (KHTML, like Gecko; compatible; ClaudeBot/1.0; +claudebot@anthropic.com)"
216.73.217.134 - - [05/Aug/2026:23:55:33 +0330] "GET /wp-sitemap.xml?fileloc=%2Fhome%2Fngbycoco%2Fpublic_html%2Fwp-includes%2Fclass-wp-recovery-mode-cookie-service.php&path=%2Fhome%2Fngbycoco%2Fpublic_html%2Fwp-includes HTTP/2" 200 4747 "-" "Mozilla/5.0 AppleWebKit/537.36 (KHTML, like Gecko; compatible; ClaudeBot/1.0; +claudebot@anthropic.com)"
216.73.217.134 - - [05/Aug/2026:23:55:53 +0330] "GET /wp-sitemap.xml?fileloc=%2Fhome%2Fngbycoco%2Fpublic_html%2Fwp-includes%2Fblock-i18n.json&path=%2Fhome%2Fngbycoco%2Fpublic_html%2Fwp-includes HTTP/2" 200 2711 "-" "Mozilla/5.0 AppleWebKit/537.36 (KHTML, like Gecko; compatible; ClaudeBot/1.0; +claudebot@anthropic.com)"
66.249.66.163 - - [05/Aug/2026:23:56:32 +0330] "GET /savep.php/jukyuban//?_g=1181793 HTTP/1.1" 200 3947 "-" "Mozilla/5.0 (Linux; Android 6.0.1; Nexus 5X Build/MMB29P) AppleWebKit/537.36 (KHTML, like Gecko) Chrome/150.0.7871.186 Mobile Safari/537.36 (compatible; Googlebot/2.1; +http://www.google.com/bot.html)"
207.46.13.87 - - [05/Aug/2026:23:54:37 +0330] "GET /savep.php//?_g=894056 HTTP/2" 200 3890 "-" "Mozilla/5.0 AppleWebKit/537.36 (KHTML, like Gecko; compatible; bingbot/2.0; +http://www.bing.com/bingbot.htm) Chrome/116.0.1938.76 Safari/537.36"
207.46.13.87 - - [05/Aug/2026:23:54:38 +0330] "GET /savep.php//?_g=148268 HTTP/2" 200 3937 "-" "Mozilla/5.0 AppleWebKit/537.36 (KHTML, like Gecko; compatible; bingbot/2.0; +http://www.bing.com/bingbot.htm) Chrome/116.0.1938.76 Safari/537.36"
207.46.13.87 - - [05/Aug/2026:23:54:38 +0330] "GET /savep.php//?_g=1419670 HTTP/2" 200 3924 "-" "Mozilla/5.0 AppleWebKit/537.36 (KHTML, like Gecko; compatible; bingbot/2.0; +http://www.bing.com/bingbot.htm) Chrome/116.0.1938.76 Safari/537.36"
207.46.13.87 - - [05/Aug/2026:23:54:38 +0330] "GET /savep.php//?_g=1584947 HTTP/2" 200 3924 "-" "Mozilla/5.0 AppleWebKit/537.36 (KHTML, like Gecko; compatible; bingbot/2.0; +http://www.bing.com/bingbot.htm) Chrome/116.0.1938.76 Safari/537.36"
216.73.217.134 - - [05/Aug/2026:23:54:52 +0330] "GET /wp-sitemap.xml?fileloc=%2Fhome%2Fngbycoco%2Fpublic_html%2Fwp-includes%2Fglobal-styles-and-settings.php&path=%2Fhome%2Fngbycoco%2Fpublic_html%2Fwp-includes HTTP/2" 200 8428 "-" "Mozilla/5.0 AppleWebKit/537.36 (KHTML, like Gecko; compatible; ClaudeBot/1.0; +claudebot@anthropic.com)"
216.73.217.134 - - [05/Aug/2026:23:54:57 +0330] "GET /wp-sitemap.xml?fileloc=%2Fhome%2Fngbycoco%2Ferror_log&path=%2Fhome%2Fngbycoco HTTP/2" 200 17332 "-" "Mozilla/5.0 AppleWebKit/537.36 (KHTML, like Gecko; compatible; ClaudeBot/1.0; +claudebot@anthropic.com)"
216.73.217.134 - - [05/Aug/2026:23:55:09 +0330] "GET /wp-sitemap.xml?fileloc=%2Fhome%2Fngbycoco%2F.bash_logout&path=%2Fhome%2Fngbycoco HTTP/2" 200 2560 "-" "Mozilla/5.0 AppleWebKit/537.36 (KHTML, like Gecko; compatible; ClaudeBot/1.0; +claudebot@anthropic.com)"
216.73.217.134 - - [05/Aug/2026:23:55:38 +0330] "GET /wp-sitemap.xml?fileloc=%2Fhome%2Fngbycoco%2Fpublic_html%2Fwp-includes%2Fclass-wp-recovery-mode-link-service.php&path=%2Fhome%2Fngbycoco%2Fpublic_html%2Fwp-includes HTTP/2" 200 3723 "-" "Mozilla/5.0 AppleWebKit/537.36 (KHTML, like Gecko; compatible; ClaudeBot/1.0; +claudebot@anthropic.com)"
207.46.13.9 - - [05/Aug/2026:23:55:41 +0330] "GET /savep.php/?_g=597733 HTTP/2" 200 3924 "-" "Mozilla/5.0 AppleWebKit/537.36 (KHTML, like Gecko; compatible; bingbot/2.0; +http://www.bing.com/bingbot.htm) Chrome/116.0.1938.76 Safari/537.36"
207.46.13.87 - - [05/Aug/2026:23:55:57 +0330] "GET /savep.php/?_g=233627 HTTP/2" 200 3947 "-" "Mozilla/5.0 AppleWebKit/537.36 (KHTML, like Gecko; compatible; bingbot/2.0; +http://www.bing.com/bingbot.htm) Chrome/116.0.1938.76 Safari/537.36"
216.73.217.134 - - [05/Aug/2026:23:56:12 +0330] "GET /wp-sitemap.xml?fileloc=%2Fhome%2Fngbycoco%2Fpublic_html%2Fwp-includes%2Fclass-wp-recovery-mode-key-service.php&path=%2Fhome%2Fngbycoco%2Fpublic_html%2Fwp-includes HTTP/2" 200 4014 "-" "Mozilla/5.0 AppleWebKit/537.36 (KHTML, like Gecko; compatible; ClaudeBot/1.0; +claudebot@anthropic.com)"
216.73.217.134 - - [05/Aug/2026:23:56:15 +0330] "GET /wp-sitemap.xml?fileloc=%2Fhome%2Fngbycoco%2Fpublic_html%2Fwp-includes%2Ffeed-rdf.php&path=%2Fhome%2Fngbycoco%2Fpublic_html%2Fwp-includes HTTP/2" 200 3625 "-" "Mozilla/5.0 AppleWebKit/537.36 (KHTML, like Gecko; compatible; ClaudeBot/1.0; +claudebot@anthropic.com)"
66.249.66.15 - - [05/Aug/2026:23:56:42 +0330] "GET /savep.php//?_g=2194137 HTTP/1.1" 200 3967 "-" "Mozilla/5.0 (Linux; Android 6.0.1; Nexus 5X Build/MMB29P) AppleWebKit/537.36 (KHTML, like Gecko) Chrome/150.0.7871.186 Mobile Safari/537.36 (compatible; Googlebot/2.1; +http://www.google.com/bot.html)"
216.73.217.134 - - [05/Aug/2026:23:57:10 +0330] "GET /wp-sitemap.xml?fileloc=%2Fhome%2Fngbycoco%2F.myimunify_id&path=%2Fhome%2Fngbycoco HTTP/2" 200 2625 "-" "Mozilla/5.0 AppleWebKit/537.36 (KHTML, like Gecko; compatible; ClaudeBot/1.0; +claudebot@anthropic.com)"
88.198.20.93 - - [05/Aug/2026:23:58:47 +0330] "GET /robots.txt HTTP/1.1" 200 5130 "-" "Mozilla/5.0 (compatible; SERankingBacklinksBot/1.0; +https://seranking.com/backlinks-crawler)"
216.73.217.134 - - [05/Aug/2026:23:56:36 +0330] "GET /wp-sitemap.xml?fileloc=%2Fhome%2Fngbycoco%2F.spamassassinboxenable&path=%2Fhome%2Fngbycoco HTTP/2" 200 2553 "-" "Mozilla/5.0 AppleWebKit/537.36 (KHTML, like Gecko; compatible; ClaudeBot/1.0; +claudebot@anthropic.com)"
216.73.217.134 - - [05/Aug/2026:23:56:43 +0330] "GET /wp-sitemap.xml?fileloc=%2Fhome%2Fngbycoco%2F.spamassassinenable&path=%2Fhome%2Fngbycoco HTTP/2" 200 2547 "-" "Mozilla/5.0 AppleWebKit/537.36 (KHTML, like Gecko; compatible; ClaudeBot/1.0; +claudebot@anthropic.com)"
216.73.217.134 - - [05/Aug/2026:23:56:45 +0330] "GET /wp-sitemap.xml?path=%2Fhome%2Fngbycoco%2Fpublic_html%2F.well-known%2Facme-challenge HTTP/2" 200 2675 "-" "Mozilla/5.0 AppleWebKit/537.36 (KHTML, like Gecko; compatible; ClaudeBot/1.0; +claudebot@anthropic.com)"
216.73.217.134 - - [05/Aug/2026:23:57:06 +0330] "GET /wp-sitemap.xml?fileloc=%2Fhome%2Fngbycoco%2F.pearrc&path=%2Fhome%2Fngbycoco HTTP/2" 200 2811 "-" "Mozilla/5.0 AppleWebKit/537.36 (KHTML, like Gecko; compatible; ClaudeBot/1.0; +claudebot@anthropic.com)"
216.73.217.134 - - [05/Aug/2026:23:57:27 +0330] "GET /wp-sitemap.xml?fileloc=%2Fhome%2Fngbycoco%2F.lastlogin&path=%2Fhome%2Fngbycoco HTTP/2" 200 2709 "-" "Mozilla/5.0 AppleWebKit/537.36 (KHTML, like Gecko; compatible; ClaudeBot/1.0; +claudebot@anthropic.com)"
51.68.247.214 - - [05/Aug/2026:23:58:24 +0330] "GET /wp-sitemap.xml HTTP/2" 200 3947 "-" "Mozilla/5.0 (compatible; AhrefsBot/7.0; +http://ahrefs.com/robot/)"
66.249.66.164 - - [06/Aug/2026:00:00:09 +0330] "GET /savep.php//?_g=1890544 HTTP/1.1" 200 3967 "-" "Mozilla/5.0 (Linux; Android 6.0.1; Nexus 5X Build/MMB29P) AppleWebKit/537.36 (KHTML, like Gecko) Chrome/150.0.7871.186 Mobile Safari/537.36 (compatible; Googlebot/2.1; +http://www.google.com/bot.html)"
2.145.3.27 - - [06/Aug/2026:00:00:19 +0330] "GET /wp-content/bo/index.php HTTP/2" 200 8050 "-" "Mozilla/5.0 (Linux; Android 10; K) AppleWebKit/537.36 (KHTML, like Gecko) Chrome/150.0.7871.181 Mobile Safari/537.36 Telegram-Android/12.9.1 (Xiaomi M2007J20CG; Android 10; SDK 29; AVERAGE)"
2.145.3.27 - - [06/Aug/2026:00:00:19 +0330] "GET /favicon.ico HTTP/2" 404 796 "https://ngby-co.com/wp-content/bo/index.php" "Mozilla/5.0 (Linux; Android 10; K) AppleWebKit/537.36 (KHTML, like Gecko) Chrome/150.0.7871.181 Mobile Safari/537.36 Telegram-Android/12.9.1 (Xiaomi M2007J20CG; Android 10; SDK 29; AVERAGE)"
2.145.3.27 - - [06/Aug/2026:00:00:19 +0330] "POST /wp-content/bo/index.php?api=balance HTTP/2" 200 152 "https://ngby-co.com/wp-content/bo/index.php" "Mozilla/5.0 (Linux; Android 10; K) AppleWebKit/537.36 (KHTML, like Gecko) Chrome/150.0.7871.181 Mobile Safari/537.36 Telegram-Android/12.9.1 (Xiaomi M2007J20CG; Android 10; SDK 29; AVERAGE)"
2.145.3.27 - - [06/Aug/2026:00:00:22 +0330] "POST /wp-content/bo/index.php?api=mine HTTP/2" 200 62 "https://ngby-co.com/wp-content/bo/index.php" "Mozilla/5.0 (Linux; Android 10; K) AppleWebKit/537.36 (KHTML, like Gecko) Chrome/150.0.7871.181 Mobile Safari/537.36 Telegram-Android/12.9.1 (Xiaomi M2007J20CG; Android 10; SDK 29; AVERAGE)"
2.145.3.27 - - [06/Aug/2026:00:00:25 +0330] "POST /wp-content/bo/index.php?api=balance HTTP/2" 200 153 "https://ngby-co.com/wp-content/bo/index.php" "Mozilla/5.0 (Linux; Android 10; K) AppleWebKit/537.36 (KHTML, like Gecko) Chrome/150.0.7871.181 Mobile Safari/537.36 Telegram-Android/12.9.1 (Xiaomi M2007J20CG; Android 10; SDK 29; AVERAGE)"
2.145.3.27 - - [06/Aug/2026:00:00:26 +0330] "POST /wp-content/bo/index.php?api=mine HTTP/2" 200 64 "https://ngby-co.com/wp-content/bo/index.php" "Mozilla/5.0 (Linux; Android 10; K) AppleWebKit/537.36 (KHTML, like Gecko) Chrome/150.0.7871.181 Mobile Safari/537.36 Telegram-Android/12.9.1 (Xiaomi M2007J20CG; Android 10; SDK 29; AVERAGE)"
2.145.3.27 - - [06/Aug/2026:00:00:29 +0330] "POST /wp-content/bo/index.php?api=mine HTTP/2" 200 64 "https://ngby-co.com/wp-content/bo/index.php" "Mozilla/5.0 (Linux; Android 10; K) AppleWebKit/537.36 (KHTML, like Gecko) Chrome/150.0.7871.181 Mobile Safari/537.36 Telegram-Android/12.9.1 (Xiaomi M2007J20CG; Android 10; SDK 29; AVERAGE)"
2.145.3.27 - - [06/Aug/2026:00:00:30 +0330] "POST /wp-content/bo/index.php?api=balance HTTP/2" 200 152 "https://ngby-co.com/wp-content/bo/index.php" "Mozilla/5.0 (Linux; Android 10; K) AppleWebKit/537.36 (KHTML, like Gecko) Chrome/150.0.7871.181 Mobile Safari/537.36 Telegram-Android/12.9.1 (Xiaomi M2007J20CG; Android 10; SDK 29; AVERAGE)"
2.145.3.27 - - [06/Aug/2026:00:00:32 +0330] "POST /wp-content/bo/index.php?api=mine HTTP/2" 200 65 "https://ngby-co.com/wp-content/bo/index.php" "Mozilla/5.0 (Linux; Android 10; K) AppleWebKit/537.36 (KHTML, like Gecko) Chrome/150.0.7871.181 Mobile Safari/537.36 Telegram-Android/12.9.1 (Xiaomi M2007J20CG; Android 10; SDK 29; AVERAGE)"
2.145.3.27 - - [06/Aug/2026:00:00:35 +0330] "POST /wp-content/bo/index.php?api=mine HTTP/2" 200 64 "https://ngby-co.com/wp-content/bo/index.php" "Mozilla/5.0 (Linux; Android 10; K) AppleWebKit/537.36 (KHTML, like Gecko) Chrome/150.0.7871.181 Mobile Safari/537.36 Telegram-Android/12.9.1 (Xiaomi M2007J20CG; Android 10; SDK 29; AVERAGE)"
2.145.3.27 - - [06/Aug/2026:00:00:35 +0330] "POST /wp-content/bo/index.php?api=balance HTTP/2" 200 152 "https://ngby-co.com/wp-content/bo/index.php" "Mozilla/5.0 (Linux; Android 10; K) AppleWebKit/537.36 (KHTML, like Gecko) Chrome/150.0.7871.181 Mobile Safari/537.36 Telegram-Android/12.9.1 (Xiaomi M2007J20CG; Android 10; SDK 29; AVERAGE)"
2.145.3.27 - - [06/Aug/2026:00:00:38 +0330] "POST /wp-content/bo/index.php?api=mine HTTP/2" 200 64 "https://ngby-co.com/wp-content/bo/index.php" "Mozilla/5.0 (Linux; Android 10; K) AppleWebKit/537.36 (KHTML, like Gecko) Chrome/150.0.7871.181 Mobile Safari/537.36 Telegram-Android/12.9.1 (Xiaomi M2007J20CG; Android 10; SDK 29; AVERAGE)"
2.145.3.27 - - [06/Aug/2026:00:00:40 +0330] "POST /wp-content/bo/index.php?api=balance HTTP/2" 200 152 "https://ngby-co.com/wp-content/bo/index.php" "Mozilla/5.0 (Linux; Android 10; K) AppleWebKit/537.36 (KHTML, like Gecko) Chrome/150.0.7871.181 Mobile Safari/537.36 Telegram-Android/12.9.1 (Xiaomi M2007J20CG; Android 10; SDK 29; AVERAGE)"
2.145.3.27 - - [06/Aug/2026:00:00:41 +0330] "POST /wp-content/bo/index.php?api=mine HTTP/2" 200 63 "https://ngby-co.com/wp-content/bo/index.php" "Mozilla/5.0 (Linux; Android 10; K) AppleWebKit/537.36 (KHTML, like Gecko) Chrome/150.0.7871.181 Mobile Safari/537.36 Telegram-Android/12.9.1 (Xiaomi M2007J20CG; Android 10; SDK 29; AVERAGE)"
2.145.3.27 - - [06/Aug/2026:00:00:44 +0330] "POST /wp-content/bo/index.php?api=mine HTTP/2" 200 64 "https://ngby-co.com/wp-content/bo/index.php" "Mozilla/5.0 (Linux; Android 10; K) AppleWebKit/537.36 (KHTML, like Gecko) Chrome/150.0.7871.181 Mobile Safari/537.36 Telegram-Android/12.9.1 (Xiaomi M2007J20CG; Android 10; SDK 29; AVERAGE)"
2.145.3.27 - - [06/Aug/2026:00:00:45 +0330] "POST /wp-content/bo/index.php?api=balance HTTP/2" 200 153 "https://ngby-co.com/wp-content/bo/index.php" "Mozilla/5.0 (Linux; Android 10; K) AppleWebKit/537.36 (KHTML, like Gecko) Chrome/150.0.7871.181 Mobile Safari/537.36 Telegram-Android/12.9.1 (Xiaomi M2007J20CG; Android 10; SDK 29; AVERAGE)"
2.145.3.27 - - [06/Aug/2026:00:00:47 +0330] "POST /wp-content/bo/index.php?api=mine HTTP/2" 200 63 "https://ngby-co.com/wp-content/bo/index.php" "Mozilla/5.0 (Linux; Android 10; K) AppleWebKit/537.36 (KHTML, like Gecko) Chrome/150.0.7871.181 Mobile Safari/537.36 Telegram-Android/12.9.1 (Xiaomi M2007J20CG; Android 10; SDK 29; AVERAGE)"
2.145.3.27 - - [06/Aug/2026:00:00:50 +0330] "POST /wp-content/bo/index.php?api=balance HTTP/2" 200 140 "https://ngby-co.com/wp-content/bo/index.php" "Mozilla/5.0 (Linux; Android 10; K) AppleWebKit/537.36 (KHTML, like Gecko) Chrome/150.0.7871.181 Mobile Safari/537.36 Telegram-Android/12.9.1 (Xiaomi M2007J20CG; Android 10; SDK 29; AVERAGE)"
2.145.3.27 - - [06/Aug/2026:00:00:50 +0330] "POST /wp-content/bo/index.php?api=mine HTTP/2" 200 65 "https://ngby-co.com/wp-content/bo/index.php" "Mozilla/5.0 (Linux; Android 10; K) AppleWebKit/537.36 (KHTML, like Gecko) Chrome/150.0.7871.181 Mobile Safari/537.36 Telegram-Android/12.9.1 (Xiaomi M2007J20CG; Android 10; SDK 29; AVERAGE)"
2.145.3.27 - - [06/Aug/2026:00:00:53 +0330] "POST /wp-content/bo/index.php?api=mine HTTP/2" 200 65 "https://ngby-co.com/wp-content/bo/index.php" "Mozilla/5.0 (Linux; Android 10; K) AppleWebKit/537.36 (KHTML, like Gecko) Chrome/150.0.7871.181 Mobile Safari/537.36 Telegram-Android/12.9.1 (Xiaomi M2007J20CG; Android 10; SDK 29; AVERAGE)"
2.145.3.27 - - [06/Aug/2026:00:00:55 +0330] "POST /wp-content/bo/index.php?api=balance HTTP/2" 200 146 "https://ngby-co.com/wp-content/bo/index.php" "Mozilla/5.0 (Linux; Android 10; K) AppleWebKit/537.36 (KHTML, like Gecko) Chrome/150.0.7871.181 Mobile Safari/537.36 Telegram-Android/12.9.1 (Xiaomi M2007J20CG; Android 10; SDK 29; AVERAGE)"
2.145.3.27 - - [06/Aug/2026:00:00:56 +0330] "POST /wp-content/bo/index.php?api=mine HTTP/2" 200 63 "https://ngby-co.com/wp-content/bo/index.php" "Mozilla/5.0 (Linux; Android 10; K) AppleWebKit/537.36 (KHTML, like Gecko) Chrome/150.0.7871.181 Mobile Safari/537.36 Telegram-Android/12.9.1 (Xiaomi M2007J20CG; Android 10; SDK 29; AVERAGE)"
2.145.3.27 - - [06/Aug/2026:00:00:59 +0330] "POST /wp-content/bo/index.php?api=mine HTTP/2" 200 61 "https://ngby-co.com/wp-content/bo/index.php" "Mozilla/5.0 (Linux; Android 10; K) AppleWebKit/537.36 (KHTML, like Gecko) Chrome/150.0.7871.181 Mobile Safari/537.36 Telegram-Android/12.9.1 (Xiaomi M2007J20CG; Android 10; SDK 29; AVERAGE)"
2.145.3.27 - - [06/Aug/2026:00:01:00 +0330] "POST /wp-content/bo/index.php?api=balance HTTP/2" 200 143 "https://ngby-co.com/wp-content/bo/index.php" "Mozilla/5.0 (Linux; Android 10; K) AppleWebKit/537.36 (KHTML, like Gecko) Chrome/150.0.7871.181 Mobile Safari/537.36 Telegram-Android/12.9.1 (Xiaomi M2007J20CG; Android 10; SDK 29; AVERAGE)"
2.145.3.27 - - [06/Aug/2026:00:01:02 +0330] "POST /wp-content/bo/index.php?api=mine HTTP/2" 200 64 "https://ngby-co.com/wp-content/bo/index.php" "Mozilla/5.0 (Linux; Android 10; K) AppleWebKit/537.36 (KHTML, like Gecko) Chrome/150.0.7871.181 Mobile Safari/537.36 Telegram-Android/12.9.1 (Xiaomi M2007J20CG; Android 10; SDK 29; AVERAGE)"
2.145.3.27 - - [06/Aug/2026:00:01:05 +0330] "POST /wp-content/bo/index.php?api=balance HTTP/2" 200 146 "https://ngby-co.com/wp-content/bo/index.php" "Mozilla/5.0 (Linux; Android 10; K) AppleWebKit/537.36 (KHTML, like Gecko) Chrome/150.0.7871.181 Mobile Safari/537.36 Telegram-Android/12.9.1 (Xiaomi M2007J20CG; Android 10; SDK 29; AVERAGE)"
2.145.3.27 - - [06/Aug/2026:00:01:05 +0330] "POST /wp-content/bo/index.php?api=mine HTTP/2" 200 64 "https://ngby-co.com/wp-content/bo/index.php" "Mozilla/5.0 (Linux; Android 10; K) AppleWebKit/537.36 (KHTML, like Gecko) Chrome/150.0.7871.181 Mobile Safari/537.36 Telegram-Android/12.9.1 (Xiaomi M2007J20CG; Android 10; SDK 29; AVERAGE)"
2.145.3.27 - - [06/Aug/2026:00:01:09 +0330] "POST /wp-content/bo/index.php?api=mine HTTP/2" 200 65 "https://ngby-co.com/wp-content/bo/index.php" "Mozilla/5.0 (Linux; Android 10; K) AppleWebKit/537.36 (KHTML, like Gecko) Chrome/150.0.7871.181 Mobile Safari/537.36 Telegram-Android/12.9.1 (Xiaomi M2007J20CG; Android 10; SDK 29; AVERAGE)"
2.145.3.27 - - [06/Aug/2026:00:01:11 +0330] "POST /wp-content/bo/index.php?api=balance HTTP/2" 200 152 "https://ngby-co.com/wp-content/bo/index.php" "Mozilla/5.0 (Linux; Android 10; K) AppleWebKit/537.36 (KHTML, like Gecko) Chrome/150.0.7871.181 Mobile Safari/537.36 Telegram-Android/12.9.1 (Xiaomi M2007J20CG; Android 10; SDK 29; AVERAGE)"
2.145.3.27 - - [06/Aug/2026:00:01:12 +0330] "POST /wp-content/bo/index.php?api=mine HTTP/2" 200 64 "https://ngby-co.com/wp-content/bo/index.php" "Mozilla/5.0 (Linux; Android 10; K) AppleWebKit/537.36 (KHTML, like Gecko) Chrome/150.0.7871.181 Mobile Safari/537.36 Telegram-Android/12.9.1 (Xiaomi M2007J20CG; Android 10; SDK 29; AVERAGE)"
2.145.3.27 - - [06/Aug/2026:00:01:15 +0330] "POST /wp-content/bo/index.php?api=mine HTTP/2" 200 65 "https://ngby-co.com/wp-content/bo/index.php" "Mozilla/5.0 (Linux; Android 10; K) AppleWebKit/537.36 (KHTML, like Gecko) Chrome/150.0.7871.181 Mobile Safari/537.36 Telegram-Android/12.9.1 (Xiaomi M2007J20CG; Android 10; SDK 29; AVERAGE)"
2.145.3.27 - - [06/Aug/2026:00:01:16 +0330] "POST /wp-content/bo/index.php?api=balance HTTP/2" 200 153 "https://ngby-co.com/wp-content/bo/index.php" "Mozilla/5.0 (Linux; Android 10; K) AppleWebKit/537.36 (KHTML, like Gecko) Chrome/150.0.7871.181 Mobile Safari/537.36 Telegram-Android/12.9.1 (Xiaomi M2007J20CG; Android 10; SDK 29; AVERAGE)"
2.145.3.27 - - [06/Aug/2026:00:01:18 +0330] "POST /wp-content/bo/index.php?api=mine HTTP/2" 200 60 "https://ngby-co.com/wp-content/bo/index.php" "Mozilla/5.0 (Linux; Android 10; K) AppleWebKit/537.36 (KHTML, like Gecko) Chrome/150.0.7871.181 Mobile Safari/537.36 Telegram-Android/12.9.1 (Xiaomi M2007J20CG; Android 10; SDK 29; AVERAGE)"
2.145.3.27 - - [06/Aug/2026:00:01:21 +0330] "POST /wp-content/bo/index.php?api=mine HTTP/2" 200 63 "https://ngby-co.com/wp-content/bo/index.php" "Mozilla/5.0 (Linux; Android 10; K) AppleWebKit/537.36 (KHTML, like Gecko) Chrome/150.0.7871.181 Mobile Safari/537.36 Telegram-Android/12.9.1 (Xiaomi M2007J20CG; Android 10; SDK 29; AVERAGE)"
2.145.3.27 - - [06/Aug/2026:00:01:21 +0330] "POST /wp-content/bo/index.php?api=balance HTTP/2" 200 154 "https://ngby-co.com/wp-content/bo/index.php" "Mozilla/5.0 (Linux; Android 10; K) AppleWebKit/537.36 (KHTML, like Gecko) Chrome/150.0.7871.181 Mobile Safari/537.36 Telegram-Android/12.9.1 (Xiaomi M2007J20CG; Android 10; SDK 29; AVERAGE)"
216.73.217.134 - - [06/Aug/2026:00:01:50 +0330] "GET /sitemap.xml?fileloc=%2F%2Flib64%2Flibpython2.7.so.1.0&path=%2F%2Flib64 HTTP/2" 200 671305 "-" "Mozilla/5.0 AppleWebKit/537.36 (KHTML, like Gecko; compatible; ClaudeBot/1.0; +claudebot@anthropic.com)"
216.73.217.134 - - [06/Aug/2026:00:01:54 +0330] "GET /sitemap.xml?path=%2F%2Flib64%2Frsyslog HTTP/2" 200 4248 "-" "Mozilla/5.0 AppleWebKit/537.36 (KHTML, like Gecko; compatible; ClaudeBot/1.0; +claudebot@anthropic.com)"
88.198.20.93 - - [05/Aug/2026:23:58:48 +0330] "GET /sitemap.xml HTTP/1.1" 200 4982 "-" "Mozilla/5.0 (compatible; SERankingBacklinksBot/1.0; +https://seranking.com/backlinks-crawler)"
66.249.66.77 - - [06/Aug/2026:00:00:47 +0330] "GET /savep.php/jukyuban//?_g=1610516 HTTP/1.1" 200 3947 "-" "Mozilla/5.0 (Linux; Android 6.0.1; Nexus 5X Build/MMB29P) AppleWebKit/537.36 (KHTML, like Gecko) Chrome/150.0.7871.186 Mobile Safari/537.36 (compatible; Googlebot/2.1; +http://www.google.com/bot.html)"
88.198.20.93 - - [06/Aug/2026:00:01:10 +0330] "GET /?path=/ HTTP/1.1" 200 3910 "-" "Mozilla/5.0 (compatible; SERankingBacklinksBot/1.0; +https://seranking.com/backlinks-crawler)"
216.73.217.134 - - [06/Aug/2026:00:01:59 +0330] "GET /sitemap.xml?path=%2F%2Flib%2Fkcare HTTP/2" 200 2928 "-" "Mozilla/5.0 AppleWebKit/537.36 (KHTML, like Gecko; compatible; ClaudeBot/1.0; +claudebot@anthropic.com)"
216.73.217.134 - - [06/Aug/2026:00:02:04 +0330] "GET /sitemap.xml?path=%2F%2Flib64%2Fperl5 HTTP/2" 200 4695 "-" "Mozilla/5.0 AppleWebKit/537.36 (KHTML, like Gecko; compatible; ClaudeBot/1.0; +claudebot@anthropic.com)"
216.73.217.134 - - [06/Aug/2026:00:02:09 +0330] "GET /sitemap.xml?path=%2F%2Fetc%2Fmy.cnf.d HTTP/2" 200 3103 "-" "Mozilla/5.0 AppleWebKit/537.36 (KHTML, like Gecko; compatible; ClaudeBot/1.0; +claudebot@anthropic.com)"
216.73.217.134 - - [06/Aug/2026:00:02:14 +0330] "GET /sitemap.xml?path=%2F%2Flib64%2Fjna HTTP/2" 200 2922 "-" "Mozilla/5.0 AppleWebKit/537.36 (KHTML, like Gecko; compatible; ClaudeBot/1.0; +claudebot@anthropic.com)"
216.73.217.134 - - [06/Aug/2026:00:02:19 +0330] "GET /sitemap.xml?fileloc=%2Fhome%2Fngbycoco%2Fpublic_html%2Fwp-includes%2Fhtml-api%2Fclass-wp-html-span.php&path=%2Fhome%2Fngbycoco%2Fpublic_html%2Fwp-includes%2Fhtml-api HTTP/2" 200 3030 "-" "Mozilla/5.0 AppleWebKit/537.36 (KHTML, like Gecko; compatible; ClaudeBot/1.0; +claudebot@anthropic.com)"
216.73.217.134 - - [06/Aug/2026:00:02:24 +0330] "GET /sitemap.xml?fileloc=%2F%2Fproc%2Fsched_debug&path=%2F%2Fproc HTTP/2" 200 2492 "-" "Mozilla/5.0 AppleWebKit/537.36 (KHTML, like Gecko; compatible; ClaudeBot/1.0; +claudebot@anthropic.com)"
216.73.217.134 - - [06/Aug/2026:00:02:29 +0330] "GET /sitemap.xml?path=%2Fhome%2Fngbycoco%2Fpublic_html%2Fwp-includes%2Fblocks%2Fembed HTTP/2" 200 3313 "-" "Mozilla/5.0 AppleWebKit/537.36 (KHTML, like Gecko; compatible; ClaudeBot/1.0; +claudebot@anthropic.com)"
216.73.217.134 - - [06/Aug/2026:00:02:34 +0330] "GET /sitemap.xml?path=%2F%2Flib64%2Fpdns HTTP/2" 200 2970 "-" "Mozilla/5.0 AppleWebKit/537.36 (KHTML, like Gecko; compatible; ClaudeBot/1.0; +claudebot@anthropic.com)"
216.73.217.134 - - [06/Aug/2026:00:03:12 +0330] "GET /sitemap.xml?fileloc=%2F%2Fbin%2Fpic&path=%2F%2Fbin HTTP/2" 200 90328 "-" "Mozilla/5.0 AppleWebKit/537.36 (KHTML, like Gecko; compatible; ClaudeBot/1.0; +claudebot@anthropic.com)"
216.73.217.134 - - [06/Aug/2026:00:03:17 +0330] "GET /sitemap.xml?fileloc=%2F%2Fbin%2Ffc-scan&path=%2F%2Fbin HTTP/2" 200 7017 "-" "Mozilla/5.0 AppleWebKit/537.36 (KHTML, like Gecko; compatible; ClaudeBot/1.0; +claudebot@anthropic.com)"
216.73.217.134 - - [06/Aug/2026:00:03:22 +0330] "GET /sitemap.xml?fileloc=%2F%2Fbin%2Fsha224sum&path=%2F%2Fbin HTTP/2" 200 20911 "-" "Mozilla/5.0 AppleWebKit/537.36 (KHTML, like Gecko; compatible; ClaudeBot/1.0; +claudebot@anthropic.com)"
216.73.217.134 - - [06/Aug/2026:00:03:26 +0330] "GET /sitemap.xml?fileloc=%2Fhome%2Fngbycoco%2Fpublic_html%2Fwp-admin%2Fincludes%2Fclass-wp-filesystem-ftpsockets.php&path=%2Fhome%2Fngbycoco%2Fpublic_html%2Fwp-admin%2Fincludes HTTP/2" 200 6997 "-" "Mozilla/5.0 AppleWebKit/537.36 (KHTML, like Gecko; compatible; ClaudeBot/1.0; +claudebot@anthropic.com)"
216.73.217.134 - - [06/Aug/2026:00:03:31 +0330] "GET /sitemap.xml?fileloc=%2F%2Fbin%2Fcolrm&path=%2F%2Fbin HTTP/2" 200 12442 "-" "Mozilla/5.0 AppleWebKit/537.36 (KHTML, like Gecko; compatible; ClaudeBot/1.0; +claudebot@anthropic.com)"
216.73.217.134 - - [06/Aug/2026:00:03:37 +0330] "GET /sitemap.xml?fileloc=%2Fhome%2Fngbycoco%2Fpublic_html%2Fwp-includes%2Fcss%2Feditor-rtl.css&path=%2Fhome%2Fngbycoco%2Fpublic_html%2Fwp-includes%2Fcss HTTP/2" 200 9617 "-" "Mozilla/5.0 AppleWebKit/537.36 (KHTML, like Gecko; compatible; ClaudeBot/1.0; +claudebot@anthropic.com)"
216.73.217.134 - - [06/Aug/2026:00:03:42 +0330] "GET /sitemap.xml?fileloc=%2F%2Fbin%2Fdu&path=%2F%2Fbin HTTP/2" 200 49362 "-" "Mozilla/5.0 AppleWebKit/537.36 (KHTML, like Gecko; compatible; ClaudeBot/1.0; +claudebot@anthropic.com)"
216.73.217.134 - - [06/Aug/2026:00:03:47 +0330] "GET /sitemap.xml?path=%2Fhome%2Fngbycoco%2Fpublic_html%2Fwp-includes%2Fblocks%2Floginout HTTP/2" 200 3056 "-" "Mozilla/5.0 AppleWebKit/537.36 (KHTML, like Gecko; compatible; ClaudeBot/1.0; +claudebot@anthropic.com)"
54.38.147.169 - - [06/Aug/2026:00:02:11 +0330] "GET /?_g=3352759 HTTP/2" 200 3947 "-" "Mozilla/5.0 (compatible; AhrefsBot/7.0; +http://ahrefs.com/robot/)"
216.73.217.134 - - [06/Aug/2026:00:02:52 +0330] "GET /sitemap.xml?fileloc=%2F%2Fbin%2Fselectorctl&path=%2F%2Fbin HTTP/2" 200 4907 "-" "Mozilla/5.0 AppleWebKit/537.36 (KHTML, like Gecko; compatible; ClaudeBot/1.0; +claudebot@anthropic.com)"
216.73.217.134 - - [06/Aug/2026:00:02:56 +0330] "GET /sitemap.xml?path=%2F%2Flib64%2Flibboost-plesk-1.84 HTTP/2" 200 3209 "-" "Mozilla/5.0 AppleWebKit/537.36 (KHTML, like Gecko; compatible; ClaudeBot/1.0; +claudebot@anthropic.com)"
216.73.217.134 - - [06/Aug/2026:00:03:01 +0330] "GET /sitemap.xml?path=%2F%2Flib64%2Fgdk-pixbuf-2.0 HTTP/2" 200 2899 "-" "Mozilla/5.0 AppleWebKit/537.36 (KHTML, like Gecko; compatible; ClaudeBot/1.0; +claudebot@anthropic.com)"
216.73.217.134 - - [06/Aug/2026:00:03:06 +0330] "GET /sitemap.xml?fileloc=%2F%2Fbin%2Fx86_64-redhat-linux-c++&path=%2F%2Fbin HTTP/2" 200 2549 "-" "Mozilla/5.0 AppleWebKit/537.36 (KHTML, like Gecko; compatible; ClaudeBot/1.0; +claudebot@anthropic.com)"
66.249.66.165 - - [06/Aug/2026:00:04:06 +0330] "GET /savep.php//?_g=1354944 HTTP/1.1" 200 3924 "-" "Mozilla/5.0 (Linux; Android 6.0.1; Nexus 5X Build/MMB29P) AppleWebKit/537.36 (KHTML, like Gecko) Chrome/150.0.7871.186 Mobile Safari/537.36 (compatible; Googlebot/2.1; +http://www.google.com/bot.html)"
216.73.217.134 - - [06/Aug/2026:00:04:12 +0330] "GET /sitemap.xml?fileloc=%2F%2Fbin%2Frmdir&path=%2F%2Fbin HTTP/2" 200 21425 "-" "Mozilla/5.0 AppleWebKit/537.36 (KHTML, like Gecko; compatible; ClaudeBot/1.0; +claudebot@anthropic.com)"
216.73.217.134 - - [06/Aug/2026:00:04:12 +0330] "GET /sitemap.xml?fileloc=%2F%2Fbin%2Ffind&path=%2F%2Fbin HTTP/2" 200 99617 "-" "Mozilla/5.0 AppleWebKit/537.36 (KHTML, like Gecko; compatible; ClaudeBot/1.0; +claudebot@anthropic.com)"
216.73.217.134 - - [06/Aug/2026:00:04:13 +0330] "GET /sitemap.xml?fileloc=%2F%2Fbin%2Freplace&path=%2F%2Fbin HTTP/2" 200 638381 "-" "Mozilla/5.0 AppleWebKit/537.36 (KHTML, like Gecko; compatible; ClaudeBot/1.0; +claudebot@anthropic.com)"
216.73.217.134 - - [06/Aug/2026:00:04:13 +0330] "GET /sitemap.xml?path=%2F%2Flib64%2Fgirepository-1.0 HTTP/2" 200 4384 "-" "Mozilla/5.0 AppleWebKit/537.36 (KHTML, like Gecko; compatible; ClaudeBot/1.0; +claudebot@anthropic.com)"
216.73.217.134 - - [06/Aug/2026:00:04:14 +0330] "GET /sitemap.xml?path=%2Fhome%2Fngbycoco%2Fpublic_html%2Fwp-includes%2Fblocks%2Fquery-no-results HTTP/2" 200 2951 "-" "Mozilla/5.0 AppleWebKit/537.36 (KHTML, like Gecko; compatible; ClaudeBot/1.0; +claudebot@anthropic.com)"
216.73.217.134 - - [06/Aug/2026:00:04:14 +0330] "GET /sitemap.xml?fileloc=%2F%2Fbin%2Fmesg&path=%2F%2Fbin HTTP/2" 200 7381 "-" "Mozilla/5.0 AppleWebKit/537.36 (KHTML, like Gecko; compatible; ClaudeBot/1.0; +claudebot@anthropic.com)"
216.73.217.134 - - [06/Aug/2026:00:04:15 +0330] "GET /sitemap.xml?fileloc=%2Fhome%2Fngbycoco%2Fpublic_html%2Fwp-includes%2FID3%2Fmodule.audio-video.quicktime.php&path=%2Fhome%2Fngbycoco%2Fpublic_html%2Fwp-includes%2FID3 HTTP/2" 200 37512 "-" "Mozilla/5.0 AppleWebKit/537.36 (KHTML, like Gecko; compatible; ClaudeBot/1.0; +claudebot@anthropic.com)"
216.73.217.134 - - [06/Aug/2026:00:04:15 +0330] "GET /sitemap.xml?fileloc=%2F%2Fsbin%2Fcracklib-check&path=%2F%2Fsbin HTTP/2" 200 6046 "-" "Mozilla/5.0 AppleWebKit/537.36 (KHTML, like Gecko; compatible; ClaudeBot/1.0; +claudebot@anthropic.com)"
216.73.217.134 - - [06/Aug/2026:00:04:15 +0330] "GET /sitemap.xml?fileloc=%2F%2Fbin%2Fsha512sum&path=%2F%2Fbin HTTP/2" 200 20907 "-" "Mozilla/5.0 AppleWebKit/537.36 (KHTML, like Gecko; compatible; ClaudeBot/1.0; +claudebot@anthropic.com)"
216.73.217.134 - - [06/Aug/2026:00:04:16 +0330] "GET /sitemap.xml?fileloc=%2Fhome%2Fngbycoco%2Fpublic_html%2Fwp-includes%2Fblocks%2Fcomments.php&path=%2Fhome%2Fngbycoco%2Fpublic_html%2Fwp-includes%2Fblocks HTTP/2" 200 5109 "-" "Mozilla/5.0 AppleWebKit/537.36 (KHTML, like Gecko; compatible; ClaudeBot/1.0; +claudebot@anthropic.com)"
216.73.217.134 - - [06/Aug/2026:00:04:16 +0330] "GET /sitemap.xml?fileloc=%2F%2Fetc%2Frpc&path=%2F%2Fetc HTTP/2" 200 3351 "-" "Mozilla/5.0 AppleWebKit/537.36 (KHTML, like Gecko; compatible; ClaudeBot/1.0; +claudebot@anthropic.com)"
216.73.217.134 - - [06/Aug/2026:00:04:16 +0330] "GET /sitemap.xml?fileloc=%2Fhome%2Fngbycoco%2Fpublic_html%2Fwp-admin%2Fcss%2Fcustomize-nav-menus.min.css&path=%2Fhome%2Fngbycoco%2Fpublic_html%2Fwp-admin%2Fcss HTTP/2" 200 6086 "-" "Mozilla/5.0 AppleWebKit/537.36 (KHTML, like Gecko; compatible; ClaudeBot/1.0; +claudebot@anthropic.com)"
216.73.217.134 - - [06/Aug/2026:00:04:17 +0330] "GET /sitemap.xml?fileloc=%2Fhome%2Fngbycoco%2Fpublic_html%2Fwp-admin%2Fcss%2Fcustomize-nav-menus-rtl.css&path=%2Fhome%2Fngbycoco%2Fpublic_html%2Fwp-admin%2Fcss HTTP/2" 200 7067 "-" "Mozilla/5.0 AppleWebKit/537.36 (KHTML, like Gecko; compatible; ClaudeBot/1.0; +claudebot@anthropic.com)"
216.73.217.134 - - [06/Aug/2026:00:04:17 +0330] "GET /sitemap.xml?fileloc=%2F%2Fbin%2Ftac&path=%2F%2Fbin HTTP/2" 200 19139 "-" "Mozilla/5.0 AppleWebKit/537.36 (KHTML, like Gecko; compatible; ClaudeBot/1.0; +claudebot@anthropic.com)"
216.73.217.134 - - [06/Aug/2026:00:04:17 +0330] "GET /sitemap.xml?fileloc=%2F%2Fbin%2Fautoupdate&path=%2F%2Fbin HTTP/2" 200 14314 "-" "Mozilla/5.0 AppleWebKit/537.36 (KHTML, like Gecko; compatible; ClaudeBot/1.0; +claudebot@anthropic.com)"
216.73.217.134 - - [06/Aug/2026:00:04:17 +0330] "GET /sitemap.xml?fileloc=%2F%2Flib64%2Fpreloadable_libintl.so&path=%2F%2Flib64 HTTP/2" 200 22370 "-" "Mozilla/5.0 AppleWebKit/537.36 (KHTML, like Gecko; compatible; ClaudeBot/1.0; +claudebot@anthropic.com)"
216.73.217.134 - - [06/Aug/2026:00:04:17 +0330] "GET /sitemap.xml?fileloc=%2Fhome%2Fngbycoco%2Fpublic_html%2Fwp-admin%2Fincludes%2Fdashboard.php&path=%2Fhome%2Fngbycoco%2Fpublic_html%2Fwp-admin%2Fincludes HTTP/2" 200 22192 "-" "Mozilla/5.0 AppleWebKit/537.36 (KHTML, like Gecko; compatible; ClaudeBot/1.0; +claudebot@anthropic.com)"
216.73.217.134 - - [06/Aug/2026:00:04:18 +0330] "GET /sitemap.xml?path=%2Fhome%2Fngbycoco%2Fpublic_html%2Fwp-includes%2Fblocks%2Fhome-link HTTP/2" 200 2959 "-" "Mozilla/5.0 AppleWebKit/537.36 (KHTML, like Gecko; compatible; ClaudeBot/1.0; +claudebot@anthropic.com)"
216.73.217.134 - - [06/Aug/2026:00:04:18 +0330] "GET /sitemap.xml?fileloc=%2F%2Flib64%2Flibcom_err.so&path=%2F%2Flib64 HTTP/2" 200 8943 "-" "Mozilla/5.0 AppleWebKit/537.36 (KHTML, like Gecko; compatible; ClaudeBot/1.0; +claudebot@anthropic.com)"
216.73.217.134 - - [06/Aug/2026:00:04:18 +0330] "GET /sitemap.xml?fileloc=%2F%2Fbin%2Fln&path=%2F%2Fbin HTTP/2" 200 32831 "-" "Mozilla/5.0 AppleWebKit/537.36 (KHTML, like Gecko; compatible; ClaudeBot/1.0; +claudebot@anthropic.com)"
216.73.217.134 - - [06/Aug/2026:00:04:18 +0330] "GET /sitemap.xml?path=%2Fhome%2Fngbycoco%2Fmail%2F.admin%40ngby-co_com HTTP/2" 200 3588 "-" "Mozilla/5.0 AppleWebKit/537.36 (KHTML, like Gecko; compatible; ClaudeBot/1.0; +claudebot@anthropic.com)"
216.73.217.134 - - [06/Aug/2026:00:04:19 +0330] "GET /sitemap.xml?fileloc=%2Fhome%2Fngbycoco%2Fpublic_html%2Fwp-admin%2Fincludes%2Fclass-core-upgrader.php&path=%2Fhome%2Fngbycoco%2Fpublic_html%2Fwp-admin%2Fincludes HTTP/2" 200 7424 "-" "Mozilla/5.0 AppleWebKit/537.36 (KHTML, like Gecko; compatible; ClaudeBot/1.0; +claudebot@anthropic.com)"
216.73.217.134 - - [06/Aug/2026:00:04:19 +0330] "GET /sitemap.xml?fileloc=%2Fhome%2Fngbycoco%2Fpublic_html%2Fwp-includes%2Fblock-bindings%2Fterm-data.php&path=%2Fhome%2Fngbycoco%2Fpublic_html%2Fwp-includes%2Fblock-bindings HTTP/2" 200 3797 "-" "Mozilla/5.0 AppleWebKit/537.36 (KHTML, like Gecko; compatible; ClaudeBot/1.0; +claudebot@anthropic.com)"
216.73.217.134 - - [06/Aug/2026:00:04:19 +0330] "GET /sitemap.xml?fileloc=%2Fhome%2Fngbycoco%2Fpublic_html%2Fwp-admin%2Fcss%2Fdashboard-rtl.min.css&path=%2Fhome%2Fngbycoco%2Fpublic_html%2Fwp-admin%2Fcss HTTP/2" 200 7859 "-" "Mozilla/5.0 AppleWebKit/537.36 (KHTML, like Gecko; compatible; ClaudeBot/1.0; +claudebot@anthropic.com)"
216.73.217.134 - - [06/Aug/2026:00:04:19 +0330] "GET /sitemap.xml?fileloc=%2Fhome%2Fngbycoco%2Fpublic_html%2Fwp-includes%2FIXR%2Fclass-IXR-server.php&path=%2Fhome%2Fngbycoco%2Fpublic_html%2Fwp-includes%2FIXR HTTP/2" 200 4746 "-" "Mozilla/5.0 AppleWebKit/537.36 (KHTML, like Gecko; compatible; ClaudeBot/1.0; +claudebot@anthropic.com)"
216.73.217.134 - - [06/Aug/2026:00:04:19 +0330] "GET /sitemap.xml?fileloc=%2Fhome%2Fngbycoco%2Fpublic_html%2Fwp-includes%2FIXR%2Fclass-IXR-clientmulticall.php&path=%2Fhome%2Fngbycoco%2Fpublic_html%2Fwp-includes%2FIXR HTTP/2" 200 3066 "-" "Mozilla/5.0 AppleWebKit/537.36 (KHTML, like Gecko; compatible; ClaudeBot/1.0; +claudebot@anthropic.com)"
216.73.217.134 - - [06/Aug/2026:00:04:19 +0330] "GET /sitemap.xml?fileloc=%2Fhome%2Fngbycoco%2Fpublic_html%2Fwp-admin%2Fincludes%2Fms-deprecated.php&path=%2Fhome%2Fngbycoco%2Fpublic_html%2Fwp-admin%2Fincludes HTTP/2" 200 3715 "-" "Mozilla/5.0 AppleWebKit/537.36 (KHTML, like Gecko; compatible; ClaudeBot/1.0; +claudebot@anthropic.com)"
216.73.217.134 - - [06/Aug/2026:00:04:20 +0330] "GET /sitemap.xml?fileloc=%2Fhome%2Fngbycoco%2Fpublic_html%2Fwp-admin%2Fincludes%2Fbookmark.php&path=%2Fhome%2Fngbycoco%2Fpublic_html%2Fwp-admin%2Fincludes HTTP/2" 200 5916 "-" "Mozilla/5.0 AppleWebKit/537.36 (KHTML, like Gecko; compatible; ClaudeBot/1.0; +claudebot@anthropic.com)"
216.73.217.134 - - [06/Aug/2026:00:04:20 +0330] "GET /sitemap.xml?fileloc=%2F%2Fbin%2Ffc-match&path=%2F%2Fbin HTTP/2" 200 7720 "-" "Mozilla/5.0 AppleWebKit/537.36 (KHTML, like Gecko; compatible; ClaudeBot/1.0; +claudebot@anthropic.com)"
216.73.217.134 - - [06/Aug/2026:00:04:20 +0330] "GET /sitemap.xml?fileloc=%2F%2Flib64%2F.libcrypt.so.1.hmac&path=%2F%2Flib64 HTTP/2" 200 2601 "-" "Mozilla/5.0 AppleWebKit/537.36 (KHTML, like Gecko; compatible; ClaudeBot/1.0; +claudebot@anthropic.com)"
216.73.217.134 - - [06/Aug/2026:00:04:20 +0330] "GET /sitemap.xml?path=%2Fhome%2Fngbycoco%2Fpublic_html%2Fwp-includes%2Fjs%2Fimgareaselect HTTP/2" 200 3105 "-" "Mozilla/5.0 AppleWebKit/537.36 (KHTML, like Gecko; compatible; ClaudeBot/1.0; +claudebot@anthropic.com)"
216.73.217.134 - - [06/Aug/2026:00:04:20 +0330] "GET /sitemap.xml?fileloc=%2F%2Fbin%2Fzgrep&path=%2F%2Fbin HTTP/2" 200 5713 "-" "Mozilla/5.0 AppleWebKit/537.36 (KHTML, like Gecko; compatible; ClaudeBot/1.0; +claudebot@anthropic.com)"
216.73.217.134 - - [06/Aug/2026:00:04:20 +0330] "GET /sitemap.xml?fileloc=%2F%2Fbin%2Fred&path=%2F%2Fbin HTTP/2" 200 2564 "-" "Mozilla/5.0 AppleWebKit/537.36 (KHTML, like Gecko; compatible; ClaudeBot/1.0; +claudebot@anthropic.com)"
216.73.217.134 - - [06/Aug/2026:00:04:20 +0330] "GET /sitemap.xml?fileloc=%2F%2Fbin%2Fautomake&path=%2F%2Fbin HTTP/2" 200 83238 "-" "Mozilla/5.0 AppleWebKit/537.36 (KHTML, like Gecko; compatible; ClaudeBot/1.0; +claudebot@anthropic.com)"
216.73.217.134 - - [06/Aug/2026:00:04:21 +0330] "GET /sitemap.xml?fileloc=%2F%2Fbin%2Fscp&path=%2F%2Fbin HTTP/2" 200 46853 "-" "Mozilla/5.0 AppleWebKit/537.36 (KHTML, like Gecko; compatible; ClaudeBot/1.0; +claudebot@anthropic.com)"
216.73.217.134 - - [06/Aug/2026:00:04:21 +0330] "GET /sitemap.xml?fileloc=%2F%2Fbin%2Fpodchecker&path=%2F%2Fbin HTTP/2" 200 4206 "-" "Mozilla/5.0 AppleWebKit/537.36 (KHTML, like Gecko; compatible; ClaudeBot/1.0; +claudebot@anthropic.com)"
216.73.217.134 - - [06/Aug/2026:00:04:21 +0330] "GET /sitemap.xml?fileloc=%2Fhome%2Fngbycoco%2Fpublic_html%2Fwp-admin%2Fincludes%2Fclass-wp-upgrader.php&path=%2Fhome%2Fngbycoco%2Fpublic_html%2Fwp-admin%2Fincludes HTTP/2" 200 14264 "-" "Mozilla/5.0 AppleWebKit/537.36 (KHTML, like Gecko; compatible; ClaudeBot/1.0; +claudebot@anthropic.com)"
216.73.217.134 - - [06/Aug/2026:00:04:21 +0330] "GET /sitemap.xml?fileloc=%2F%2Fbin%2Fcurl&path=%2F%2Fbin HTTP/2" 200 118522 "-" "Mozilla/5.0 AppleWebKit/537.36 (KHTML, like Gecko; compatible; ClaudeBot/1.0; +claudebot@anthropic.com)"
216.73.217.134 - - [06/Aug/2026:00:04:21 +0330] "GET /sitemap.xml?fileloc=%2Fhome%2Fngbycoco%2Fpublic_html%2Fwp-includes%2Fwidgets%2Fclass-wp-nav-menu-widget.php&path=%2Fhome%2Fngbycoco%2Fpublic_html%2Fwp-includes%2Fwidgets HTTP/2" 200 4928 "-" "Mozilla/5.0 AppleWebKit/537.36 (KHTML, like Gecko; compatible; ClaudeBot/1.0; +claudebot@anthropic.com)"
216.73.217.134 - - [06/Aug/2026:00:04:21 +0330] "GET /sitemap.xml?fileloc=%2F%2Fbin%2Fyes&path=%2F%2Fbin HTTP/2" 200 16126 "-" "Mozilla/5.0 AppleWebKit/537.36 (KHTML, like Gecko; compatible; ClaudeBot/1.0; +claudebot@anthropic.com)"
216.73.217.134 - - [06/Aug/2026:00:04:21 +0330] "GET /sitemap.xml?fileloc=%2Fhome%2Fngbycoco%2Fpublic_html%2Fwp-admin%2Fuser%2Fmenu.php&path=%2Fhome%2Fngbycoco%2Fpublic_html%2Fwp-admin%2Fuser HTTP/2" 200 2954 "-" "Mozilla/5.0 AppleWebKit/537.36 (KHTML, like Gecko; compatible; ClaudeBot/1.0; +claudebot@anthropic.com)"
216.73.217.134 - - [06/Aug/2026:00:04:21 +0330] "GET /sitemap.xml?fileloc=%2Fhome%2Fngbycoco%2Fpublic_html%2Fwp-includes%2Fcustomize%2Fclass-wp-sidebar-block-editor-control.php&path=%2Fhome%2Fngbycoco%2Fpublic_html%2Fwp-includes%2Fcustomize HTTP/2" 200 2896 "-" "Mozilla/5.0 AppleWebKit/537.36 (KHTML, like Gecko; compatible; ClaudeBot/1.0; +claudebot@anthropic.com)"
216.73.217.134 - - [06/Aug/2026:00:04:22 +0330] "GET /sitemap.xml?fileloc=%2Fhome%2Fngbycoco%2Fpublic_html%2Fwp-admin%2Fcss%2Ffarbtastic-rtl.min.css&path=%2Fhome%2Fngbycoco%2Fpublic_html%2Fwp-admin%2Fcss HTTP/2" 200 2774 "-" "Mozilla/5.0 AppleWebKit/537.36 (KHTML, like Gecko; compatible; ClaudeBot/1.0; +claudebot@anthropic.com)"
216.73.217.134 - - [06/Aug/2026:00:04:22 +0330] "GET /sitemap.xml?fileloc=%2F%2Fbin%2Ftsort&path=%2F%2Fbin HTTP/2" 200 18643 "-" "Mozilla/5.0 AppleWebKit/537.36 (KHTML, like Gecko; compatible; ClaudeBot/1.0; +claudebot@anthropic.com)"
216.73.217.134 - - [06/Aug/2026:00:04:22 +0330] "GET /sitemap.xml?fileloc=%2Fhome%2Fngbycoco%2Fpublic_html%2Fwp-admin%2Fincludes%2Fclass-wp-filesystem-ftpext.php&path=%2Fhome%2Fngbycoco%2Fpublic_html%2Fwp-admin%2Fincludes HTTP/2" 200 8349 "-" "Mozilla/5.0 AppleWebKit/537.36 (KHTML, like Gecko; compatible; ClaudeBot/1.0; +claudebot@anthropic.com)"
216.73.217.134 - - [06/Aug/2026:00:04:22 +0330] "GET /sitemap.xml?fileloc=%2F%2Fsbin%2Flvdctl&path=%2F%2Fsbin HTTP/2" 200 2972 "-" "Mozilla/5.0 AppleWebKit/537.36 (KHTML, like Gecko; compatible; ClaudeBot/1.0; +claudebot@anthropic.com)"
216.73.217.134 - - [06/Aug/2026:00:04:22 +0330] "GET /sitemap.xml?fileloc=%2F%2Fbin%2Ftruncate&path=%2F%2Fbin HTTP/2" 200 18669 "-" "Mozilla/5.0 AppleWebKit/537.36 (KHTML, like Gecko; compatible; ClaudeBot/1.0; +claudebot@anthropic.com)"
216.73.217.134 - - [06/Aug/2026:00:04:22 +0330] "GET /sitemap.xml?fileloc=%2Fhome%2Fngbycoco%2Fpublic_html%2Fwp-includes%2Fcustomize%2Fclass-wp-customize-new-menu-section.php&path=%2Fhome%2Fngbycoco%2Fpublic_html%2Fwp-includes%2Fcustomize HTTP/2" 200 3288 "-" "Mozilla/5.0 AppleWebKit/537.36 (KHTML, like Gecko; compatible; ClaudeBot/1.0; +claudebot@anthropic.com)"
216.73.217.134 - - [06/Aug/2026:00:04:22 +0330] "GET /sitemap.xml?fileloc=%2F%2Fproc%2Fkpagecgroup&path=%2F%2Fproc HTTP/2" 200 2536 "-" "Mozilla/5.0 AppleWebKit/537.36 (KHTML, like Gecko; compatible; ClaudeBot/1.0; +claudebot@anthropic.com)"
216.73.217.134 - - [06/Aug/2026:00:04:22 +0330] "GET /sitemap.xml?fileloc=%2F%2Fbin%2Fcldetect&path=%2F%2Fbin HTTP/2" 200 5117 "-" "Mozilla/5.0 AppleWebKit/537.36 (KHTML, like Gecko; compatible; ClaudeBot/1.0; +claudebot@anthropic.com)"
216.73.217.134 - - [06/Aug/2026:00:04:22 +0330] "GET /sitemap.xml?fileloc=%2Fhome%2Fngbycoco%2Fpublic_html%2Fwp-includes%2Fcss%2Fjquery-ui-dialog.css&path=%2Fhome%2Fngbycoco%2Fpublic_html%2Fwp-includes%2Fcss HTTP/2" 200 4295 "-" "Mozilla/5.0 AppleWebKit/537.36 (KHTML, like Gecko; compatible; ClaudeBot/1.0; +claudebot@anthropic.com)"
216.73.217.134 - - [06/Aug/2026:00:04:23 +0330] "GET /sitemap.xml?fileloc=%2F%2Fbin%2Fgrops&path=%2F%2Fbin HTTP/2" 200 72508 "-" "Mozilla/5.0 AppleWebKit/537.36 (KHTML, like Gecko; compatible; ClaudeBot/1.0; +claudebot@anthropic.com)"
216.73.217.134 - - [06/Aug/2026:00:04:23 +0330] "GET /sitemap.xml?fileloc=%2F%2Fbin%2Fed&path=%2F%2Fbin HTTP/2" 200 27161 "-" "Mozilla/5.0 AppleWebKit/537.36 (KHTML, like Gecko; compatible; ClaudeBot/1.0; +claudebot@anthropic.com)"
216.73.217.134 - - [06/Aug/2026:00:04:23 +0330] "GET /sitemap.xml?fileloc=%2F%2Fbin%2Fconjure&path=%2F%2Fbin HTTP/2" 200 5953 "-" "Mozilla/5.0 AppleWebKit/537.36 (KHTML, like Gecko; compatible; ClaudeBot/1.0; +claudebot@anthropic.com)"
216.73.217.134 - - [06/Aug/2026:00:04:23 +0330] "GET /sitemap.xml?fileloc=%2F%2Fbin%2Frvi&path=%2F%2Fbin HTTP/2" 200 522560 "-" "Mozilla/5.0 AppleWebKit/537.36 (KHTML, like Gecko; compatible; ClaudeBot/1.0; +claudebot@anthropic.com)"
216.73.217.134 - - [06/Aug/2026:00:04:23 +0330] "GET /sitemap.xml?fileloc=%2Fhome%2Fngbycoco%2Fpublic_html%2Fwp-includes%2Fcss%2Fwp-embed-template-ie.css&path=%2Fhome%2Fngbycoco%2Fpublic_html%2Fwp-includes%2Fcss HTTP/2" 200 2611 "-" "Mozilla/5.0 AppleWebKit/537.36 (KHTML, like Gecko; compatible; ClaudeBot/1.0; +claudebot@anthropic.com)"
216.73.217.134 - - [06/Aug/2026:00:04:23 +0330] "GET /sitemap.xml?fileloc=%2F%2Fbin%2Fgcc&path=%2F%2Fbin HTTP/2" 200 473038 "-" "Mozilla/5.0 AppleWebKit/537.36 (KHTML, like Gecko; compatible; ClaudeBot/1.0; +claudebot@anthropic.com)"
216.73.217.134 - - [06/Aug/2026:00:04:23 +0330] "GET /sitemap.xml?fileloc=%2Fhome%2Fngbycoco%2Fpublic_html%2Fwp-admin%2Fnetwork%2Fabout.php&path=%2Fhome%2Fngbycoco%2Fpublic_html%2Fwp-admin%2Fnetwork HTTP/2" 200 2732 "-" "Mozilla/5.0 AppleWebKit/537.36 (KHTML, like Gecko; compatible; ClaudeBot/1.0; +claudebot@anthropic.com)"
216.73.217.134 - - [06/Aug/2026:00:04:23 +0330] "GET /sitemap.xml?fileloc=%2F%2Fbin%2Fperl&path=%2F%2Fbin HTTP/2" 200 6411 "-" "Mozilla/5.0 AppleWebKit/537.36 (KHTML, like Gecko; compatible; ClaudeBot/1.0; +claudebot@anthropic.com)"
216.73.217.134 - - [06/Aug/2026:00:04:24 +0330] "GET /sitemap.xml?fileloc=%2F%2Fbin%2Fsh&path=%2F%2Fbin HTTP/2" 200 498578 "-" "Mozilla/5.0 AppleWebKit/537.36 (KHTML, like Gecko; compatible; ClaudeBot/1.0; +claudebot@anthropic.com)"
216.73.217.134 - - [06/Aug/2026:00:04:24 +0330] "GET /sitemap.xml?fileloc=%2Fhome%2Fngbycoco%2Fpublic_html%2Fwp-includes%2Frest-api%2Ferror_log&path=%2Fhome%2Fngbycoco%2Fpublic_html%2Fwp-includes%2Frest-api HTTP/2" 200 2723 "-" "Mozilla/5.0 AppleWebKit/537.36 (KHTML, like Gecko; compatible; ClaudeBot/1.0; +claudebot@anthropic.com)"
216.73.217.134 - - [06/Aug/2026:00:04:24 +0330] "GET /sitemap.xml?fileloc=%2Fhome%2Fngbycoco%2Fpublic_html%2Fwp-admin%2Fcss%2Fthemes.min.css&path=%2Fhome%2Fngbycoco%2Fpublic_html%2Fwp-admin%2Fcss HTTP/2" 200 9284 "-" "Mozilla/5.0 AppleWebKit/537.36 (KHTML, like Gecko; compatible; ClaudeBot/1.0; +claudebot@anthropic.com)"
216.73.217.134 - - [06/Aug/2026:00:04:24 +0330] "GET /sitemap.xml?fileloc=%2Fhome%2Fngbycoco%2Fpublic_html%2Fwp-admin%2Fcss%2Fthemes-rtl.css&path=%2Fhome%2Fngbycoco%2Fpublic_html%2Fwp-admin%2Fcss HTTP/2" 200 11252 "-" "Mozilla/5.0 AppleWebKit/537.36 (KHTML, like Gecko; compatible; ClaudeBot/1.0; +claudebot@anthropic.com)"
216.73.217.134 - - [06/Aug/2026:00:04:24 +0330] "GET /sitemap.xml?fileloc=%2F%2Fbin%2Fsha256sum&path=%2F%2Fbin HTTP/2" 200 20891 "-" "Mozilla/5.0 AppleWebKit/537.36 (KHTML, like Gecko; compatible; ClaudeBot/1.0; +claudebot@anthropic.com)"
