157.55.39.201 - - [05/Aug/2026:23:08:08 +0330] "GET /savep.php//?_g=269845 HTTP/2" 200 3932 "-" "Mozilla/5.0 AppleWebKit/537.36 (KHTML, like Gecko; compatible; bingbot/2.0; +http://www.bing.com/bingbot.htm) Chrome/116.0.1938.76 Safari/537.36"
157.55.39.201 - - [05/Aug/2026:23:08:08 +0330] "GET /savep.php//?_g=1735737 HTTP/2" 200 3932 "-" "Mozilla/5.0 AppleWebKit/537.36 (KHTML, like Gecko; compatible; bingbot/2.0; +http://www.bing.com/bingbot.htm) Chrome/116.0.1938.76 Safari/537.36"
157.55.39.201 - - [05/Aug/2026:23:08:09 +0330] "GET /savep.php//?_g=1092451 HTTP/2" 200 3969 "-" "Mozilla/5.0 AppleWebKit/537.36 (KHTML, like Gecko; compatible; bingbot/2.0; +http://www.bing.com/bingbot.htm) Chrome/116.0.1938.76 Safari/537.36"
157.55.39.201 - - [05/Aug/2026:23:08:09 +0330] "GET /savep.php//?_g=608824 HTTP/2" 200 3924 "-" "Mozilla/5.0 AppleWebKit/537.36 (KHTML, like Gecko; compatible; bingbot/2.0; +http://www.bing.com/bingbot.htm) Chrome/116.0.1938.76 Safari/537.36"
157.55.39.201 - - [05/Aug/2026:23:08:10 +0330] "GET /savep.php//?_g=2277906 HTTP/2" 200 4023 "-" "Mozilla/5.0 AppleWebKit/537.36 (KHTML, like Gecko; compatible; bingbot/2.0; +http://www.bing.com/bingbot.htm) Chrome/116.0.1938.76 Safari/537.36"
216.73.216.67 - - [05/Aug/2026:23:08:10 +0330] "GET /wp-sitemap.xml?path=%2Fhome%2Fngbycoco%2Fpublic_html%2Fwp-admin%2Fuser HTTP/2" 200 3282 "-" "Mozilla/5.0 AppleWebKit/537.36 (KHTML, like Gecko; compatible; ClaudeBot/1.0; +claudebot@anthropic.com)"
40.77.167.33 - - [05/Aug/2026:23:08:12 +0330] "GET /savep.php//?_g=2515070 HTTP/2" 200 3924 "-" "Mozilla/5.0 AppleWebKit/537.36 (KHTML, like Gecko; compatible; bingbot/2.0; +http://www.bing.com/bingbot.htm) Chrome/116.0.1938.76 Safari/537.36"
40.77.167.33 - - [05/Aug/2026:23:08:12 +0330] "GET /savep.php//?_g=2183831 HTTP/2" 200 3947 "-" "Mozilla/5.0 AppleWebKit/537.36 (KHTML, like Gecko; compatible; bingbot/2.0; +http://www.bing.com/bingbot.htm) Chrome/116.0.1938.76 Safari/537.36"
40.77.167.33 - - [05/Aug/2026:23:08:12 +0330] "GET /savep.php//?_g=904188 HTTP/2" 200 3937 "-" "Mozilla/5.0 AppleWebKit/537.36 (KHTML, like Gecko; compatible; bingbot/2.0; +http://www.bing.com/bingbot.htm) Chrome/116.0.1938.76 Safari/537.36"
40.77.167.33 - - [05/Aug/2026:23:08:12 +0330] "GET /savep.php//?_g=329948 HTTP/2" 200 3932 "-" "Mozilla/5.0 AppleWebKit/537.36 (KHTML, like Gecko; compatible; bingbot/2.0; +http://www.bing.com/bingbot.htm) Chrome/116.0.1938.76 Safari/537.36"
216.73.216.67 - - [05/Aug/2026:23:08:01 +0330] "GET /wp-sitemap.xml?fileloc=%2Fhome%2Fngbycoco%2Fpublic_html%2Fwp-includes%2Fhttps-migration.php&path=%2Fhome%2Fngbycoco%2Fpublic_html%2Fwp-includes HTTP/2" 200 4127 "-" "Mozilla/5.0 AppleWebKit/537.36 (KHTML, like Gecko; compatible; ClaudeBot/1.0; +claudebot@anthropic.com)"
173.252.87.53 - - [05/Aug/2026:23:08:05 +0330] "GET /robots.txt HTTP/2" 200 5130 "-" "facebookexternalhit/1.1 (+http://www.facebook.com/externalhit_uatext.php)"
157.55.39.59 - - [05/Aug/2026:23:08:08 +0330] "GET /savep.php/?_g=1716464 HTTP/2" 200 3969 "-" "Mozilla/5.0 AppleWebKit/537.36 (KHTML, like Gecko; compatible; bingbot/2.0; +http://www.bing.com/bingbot.htm) Chrome/116.0.1938.76 Safari/537.36"
157.55.39.59 - - [05/Aug/2026:23:08:08 +0330] "GET /savep.php//?_g=772318 HTTP/2" 200 3967 "-" "Mozilla/5.0 AppleWebKit/537.36 (KHTML, like Gecko; compatible; bingbot/2.0; +http://www.bing.com/bingbot.htm) Chrome/116.0.1938.76 Safari/537.36"
157.55.39.59 - - [05/Aug/2026:23:08:08 +0330] "GET /savep.php//?_g=997565 HTTP/2" 200 3948 "-" "Mozilla/5.0 AppleWebKit/537.36 (KHTML, like Gecko; compatible; bingbot/2.0; +http://www.bing.com/bingbot.htm) Chrome/116.0.1938.76 Safari/537.36"
157.55.39.59 - - [05/Aug/2026:23:08:09 +0330] "GET /savep.php//?_g=624825 HTTP/2" 200 3947 "-" "Mozilla/5.0 AppleWebKit/537.36 (KHTML, like Gecko; compatible; bingbot/2.0; +http://www.bing.com/bingbot.htm) Chrome/116.0.1938.76 Safari/537.36"
157.55.39.59 - - [05/Aug/2026:23:08:09 +0330] "GET /savep.php//?_g=2156497 HTTP/2" 200 3932 "-" "Mozilla/5.0 AppleWebKit/537.36 (KHTML, like Gecko; compatible; bingbot/2.0; +http://www.bing.com/bingbot.htm) Chrome/116.0.1938.76 Safari/537.36"
157.55.39.59 - - [05/Aug/2026:23:08:09 +0330] "GET /savep.php//?_g=146040 HTTP/2" 200 3932 "-" "Mozilla/5.0 AppleWebKit/537.36 (KHTML, like Gecko; compatible; bingbot/2.0; +http://www.bing.com/bingbot.htm) Chrome/116.0.1938.76 Safari/537.36"
157.55.39.59 - - [05/Aug/2026:23:08:10 +0330] "GET /savep.php//?_g=2505410 HTTP/2" 200 3947 "-" "Mozilla/5.0 AppleWebKit/537.36 (KHTML, like Gecko; compatible; bingbot/2.0; +http://www.bing.com/bingbot.htm) Chrome/116.0.1938.76 Safari/537.36"
157.55.39.59 - - [05/Aug/2026:23:08:10 +0330] "GET /savep.php//?_g=1446056 HTTP/2" 200 3924 "-" "Mozilla/5.0 AppleWebKit/537.36 (KHTML, like Gecko; compatible; bingbot/2.0; +http://www.bing.com/bingbot.htm) Chrome/116.0.1938.76 Safari/537.36"
216.73.216.67 - - [05/Aug/2026:23:08:36 +0330] "GET /wp-sitemap.xml?fileloc=%2Fhome%2Fngbycoco%2Fpublic_html%2Fwp-admin%2Ftheme-editor.php&path=%2Fhome%2Fngbycoco%2Fpublic_html%2Fwp-admin HTTP/2" 200 8542 "-" "Mozilla/5.0 AppleWebKit/537.36 (KHTML, like Gecko; compatible; ClaudeBot/1.0; +claudebot@anthropic.com)"
66.249.66.77 - - [05/Aug/2026:23:08:36 +0330] "GET /savep.php//?shopdetail/116828 HTTP/1.1" 200 3911 "-" "Mozilla/5.0 (Linux; Android 6.0.1; Nexus 5X Build/MMB29P) AppleWebKit/537.36 (KHTML, like Gecko) Chrome/150.0.7871.186 Mobile Safari/537.36 (compatible; Googlebot/2.1; +http://www.google.com/bot.html)"
216.73.216.67 - - [05/Aug/2026:23:08:42 +0330] "GET /wp-sitemap.xml?fileloc=%2Fhome%2Fngbycoco%2Fpublic_html%2Fwp-includes%2Fclass-wp-http-response.php&path=%2Fhome%2Fngbycoco%2Fpublic_html%2Fwp-includes HTTP/2" 200 3500 "-" "Mozilla/5.0 AppleWebKit/537.36 (KHTML, like Gecko; compatible; ClaudeBot/1.0; +claudebot@anthropic.com)"
216.73.216.67 - - [05/Aug/2026:23:08:47 +0330] "GET /wp-sitemap.xml?fileloc=%2Fhome%2Fngbycoco%2Fpublic_html%2Fwp-includes%2Fplugin.php&path=%2Fhome%2Fngbycoco%2Fpublic_html%2Fwp-includes HTTP/2" 200 10357 "-" "Mozilla/5.0 AppleWebKit/537.36 (KHTML, like Gecko; compatible; ClaudeBot/1.0; +claudebot@anthropic.com)"
216.73.216.67 - - [05/Aug/2026:23:08:51 +0330] "GET /wp-sitemap.xml?path=%2Fhome%2Fngbycoco%2Fpublic_html%2Fwp-includes%2Fl10n HTTP/2" 200 3143 "-" "Mozilla/5.0 AppleWebKit/537.36 (KHTML, like Gecko; compatible; ClaudeBot/1.0; +claudebot@anthropic.com)"
40.77.167.33 - - [05/Aug/2026:23:08:13 +0330] "GET /savep.php//?_g=1687011 HTTP/2" 200 3924 "-" "Mozilla/5.0 AppleWebKit/537.36 (KHTML, like Gecko; compatible; bingbot/2.0; +http://www.bing.com/bingbot.htm) Chrome/116.0.1938.76 Safari/537.36"
40.77.167.33 - - [05/Aug/2026:23:08:13 +0330] "GET /savep.php//?_g=2331297 HTTP/2" 200 3924 "-" "Mozilla/5.0 AppleWebKit/537.36 (KHTML, like Gecko; compatible; bingbot/2.0; +http://www.bing.com/bingbot.htm) Chrome/116.0.1938.76 Safari/537.36"
157.55.39.201 - - [05/Aug/2026:23:08:16 +0330] "GET /savep.php//?_g=1119854 HTTP/2" 200 4023 "-" "Mozilla/5.0 AppleWebKit/537.36 (KHTML, like Gecko; compatible; bingbot/2.0; +http://www.bing.com/bingbot.htm) Chrome/116.0.1938.76 Safari/537.36"
157.55.39.201 - - [05/Aug/2026:23:08:16 +0330] "GET /savep.php//?_g=1803473 HTTP/2" 200 3947 "-" "Mozilla/5.0 AppleWebKit/537.36 (KHTML, like Gecko; compatible; bingbot/2.0; +http://www.bing.com/bingbot.htm) Chrome/116.0.1938.76 Safari/537.36"
216.73.216.67 - - [05/Aug/2026:23:08:16 +0330] "GET /wp-sitemap.xml?path=%2Fhome%2Fngbycoco%2Fpublic_html%2Fwp-content%2Fuploads HTTP/2" 200 3020 "-" "Mozilla/5.0 AppleWebKit/537.36 (KHTML, like Gecko; compatible; ClaudeBot/1.0; +claudebot@anthropic.com)"
216.73.216.67 - - [05/Aug/2026:23:08:21 +0330] "GET /wp-sitemap.xml?path=%2Fhome%2Fngbycoco%2Fetc HTTP/2" 200 3159 "-" "Mozilla/5.0 AppleWebKit/537.36 (KHTML, like Gecko; compatible; ClaudeBot/1.0; +claudebot@anthropic.com)"
40.77.167.74 - - [05/Aug/2026:23:08:22 +0330] "GET /wp-content/uploads/2023/10/?SA HTTP/2" 200 3890 "-" "Mozilla/5.0 AppleWebKit/537.36 (KHTML, like Gecko; compatible; bingbot/2.0; +http://www.bing.com/bingbot.htm) Chrome/116.0.1938.76 Safari/537.36"
216.73.216.67 - - [05/Aug/2026:23:08:26 +0330] "GET /wp-sitemap.xml?path=%2Fhome%2Fngbycoco%2Fpublic_html%2Fwp-includes%2FID3 HTTP/2" 200 3556 "-" "Mozilla/5.0 AppleWebKit/537.36 (KHTML, like Gecko; compatible; ClaudeBot/1.0; +claudebot@anthropic.com)"
216.73.216.67 - - [05/Aug/2026:23:08:31 +0330] "GET /wp-sitemap.xml?path=%2Fhome%2Fngbycoco%2F.wp-toolkit HTTP/2" 200 2646 "-" "Mozilla/5.0 AppleWebKit/537.36 (KHTML, like Gecko; compatible; ClaudeBot/1.0; +claudebot@anthropic.com)"
216.73.216.67 - - [05/Aug/2026:23:09:53 +0330] "GET /wp-sitemap.xml?fileloc=%2Fhome%2Fngbycoco%2Fpublic_html%2Fwp-includes%2Fclass-wp-block-parser.php&path=%2Fhome%2Fngbycoco%2Fpublic_html%2Fwp-includes HTTP/2" 200 6115 "-" "Mozilla/5.0 AppleWebKit/537.36 (KHTML, like Gecko; compatible; ClaudeBot/1.0; +claudebot@anthropic.com)"
216.73.216.67 - - [05/Aug/2026:23:09:58 +0330] "GET /wp-sitemap.xml?fileloc=%2Fhome%2Fngbycoco%2Fpublic_html%2Fwp-admin%2Fadmin-functions.php&path=%2Fhome%2Fngbycoco%2Fpublic_html%2Fwp-admin HTTP/2" 200 2826 "-" "Mozilla/5.0 AppleWebKit/537.36 (KHTML, like Gecko; compatible; ClaudeBot/1.0; +claudebot@anthropic.com)"
216.73.216.67 - - [05/Aug/2026:23:10:02 +0330] "GET /wp-sitemap.xml?path=%2Fhome%2Fngbycoco%2Fpublic_html%2Fwp-includes%2FPHPMailer HTTP/2" 200 3267 "-" "Mozilla/5.0 AppleWebKit/537.36 (KHTML, like Gecko; compatible; ClaudeBot/1.0; +claudebot@anthropic.com)"
216.73.216.67 - - [05/Aug/2026:23:10:07 +0330] "GET /wp-sitemap.xml?path=%2Fhome%2Fngbycoco%2Fpublic_html%2Fwp-includes%2Fpomo HTTP/2" 200 3143 "-" "Mozilla/5.0 AppleWebKit/537.36 (KHTML, like Gecko; compatible; ClaudeBot/1.0; +claudebot@anthropic.com)"
216.73.216.67 - - [05/Aug/2026:23:10:12 +0330] "GET /wp-sitemap.xml?fileloc=%2Fhome%2Fngbycoco%2Fpublic_html%2Fwp-includes%2Fclass-wp-date-query.php&path=%2Fhome%2Fngbycoco%2Fpublic_html%2Fwp-includes HTTP/2" 200 11865 "-" "Mozilla/5.0 AppleWebKit/537.36 (KHTML, like Gecko; compatible; ClaudeBot/1.0; +claudebot@anthropic.com)"
216.73.216.67 - - [05/Aug/2026:23:10:17 +0330] "GET /wp-sitemap.xml?fileloc=%2Fhome%2Fngbycoco%2Fpublic_html%2Fwp-includes%2Fshortcodes.php&path=%2Fhome%2Fngbycoco%2Fpublic_html%2Fwp-includes HTTP/2" 200 9518 "-" "Mozilla/5.0 AppleWebKit/537.36 (KHTML, like Gecko; compatible; ClaudeBot/1.0; +claudebot@anthropic.com)"
216.73.216.67 - - [05/Aug/2026:23:08:57 +0330] "GET /wp-sitemap.xml?fileloc=%2Fhome%2Fngbycoco%2Fpublic_html%2Fwp-includes%2Fclass-wp-block-parser-block.php&path=%2Fhome%2Fngbycoco%2Fpublic_html%2Fwp-includes HTTP/2" 200 3329 "-" "Mozilla/5.0 AppleWebKit/537.36 (KHTML, like Gecko; compatible; ClaudeBot/1.0; +claudebot@anthropic.com)"
216.73.216.67 - - [05/Aug/2026:23:09:02 +0330] "GET /wp-sitemap.xml?fileloc=%2Fhome%2Fngbycoco%2Fpublic_html%2Fwp-includes%2Fclass-wp-http-streams.php&path=%2Fhome%2Fngbycoco%2Fpublic_html%2Fwp-includes HTTP/2" 200 7590 "-" "Mozilla/5.0 AppleWebKit/537.36 (KHTML, like Gecko; compatible; ClaudeBot/1.0; +claudebot@anthropic.com)"
216.73.216.67 - - [05/Aug/2026:23:09:06 +0330] "GET /wp-sitemap.xml?fileloc=%2Fhome%2Fngbycoco%2Fpublic_html%2Fwp-includes%2Fclass-wp-block-parser-frame.php&path=%2Fhome%2Fngbycoco%2Fpublic_html%2Fwp-includes HTTP/2" 200 3131 "-" "Mozilla/5.0 AppleWebKit/537.36 (KHTML, like Gecko; compatible; ClaudeBot/1.0; +claudebot@anthropic.com)"
216.73.216.67 - - [05/Aug/2026:23:09:12 +0330] "GET /wp-sitemap.xml?fileloc=%2Fhome%2Fngbycoco%2Fpublic_html%2Fwp-includes%2Fclass-wp-navigation-fallback.php&path=%2Fhome%2Fngbycoco%2Fpublic_html%2Fwp-includes HTTP/2" 200 4967 "-" "Mozilla/5.0 AppleWebKit/537.36 (KHTML, like Gecko; compatible; ClaudeBot/1.0; +claudebot@anthropic.com)"
216.73.216.67 - - [05/Aug/2026:23:09:17 +0330] "GET /wp-sitemap.xml?fileloc=%2Fhome%2Fngbycoco%2Fpublic_html%2Fwp-includes%2Fclass-wp-editor.php&path=%2Fhome%2Fngbycoco%2Fpublic_html%2Fwp-includes HTTP/2" 200 21004 "-" "Mozilla/5.0 AppleWebKit/537.36 (KHTML, like Gecko; compatible; ClaudeBot/1.0; +claudebot@anthropic.com)"
216.73.216.67 - - [05/Aug/2026:23:09:22 +0330] "GET /wp-sitemap.xml?fileloc=%2Fhome%2Fngbycoco%2Fpublic_html%2Fwp-admin%2Fedit.php&path=%2Fhome%2Fngbycoco%2Fpublic_html%2Fwp-admin HTTP/2" 200 8574 "-" "Mozilla/5.0 AppleWebKit/537.36 (KHTML, like Gecko; compatible; ClaudeBot/1.0; +claudebot@anthropic.com)"
88.198.20.93 - - [05/Aug/2026:23:09:22 +0330] "GET /?_g=2432489 HTTP/1.1" 200 5029 "-" "Mozilla/5.0 (compatible; SERankingBacklinksBot/1.0; +https://seranking.com/backlinks-crawler)"
216.73.216.67 - - [05/Aug/2026:23:09:27 +0330] "GET /wp-sitemap.xml?fileloc=%2Fhome%2Fngbycoco%2Fpublic_html%2Fwp-includes%2Fblock-patterns.php&path=%2Fhome%2Fngbycoco%2Fpublic_html%2Fwp-includes HTTP/2" 200 5818 "-" "Mozilla/5.0 AppleWebKit/537.36 (KHTML, like Gecko; compatible; ClaudeBot/1.0; +claudebot@anthropic.com)"
216.73.216.67 - - [05/Aug/2026:23:09:32 +0330] "GET /wp-sitemap.xml?fileloc=%2Fhome%2Fngbycoco%2Fpublic_html%2Fwp-includes%2Fclass-wp-dependency.php&path=%2Fhome%2Fngbycoco%2Fpublic_html%2Fwp-includes HTTP/2" 200 3468 "-" "Mozilla/5.0 AppleWebKit/537.36 (KHTML, like Gecko; compatible; ClaudeBot/1.0; +claudebot@anthropic.com)"
216.73.216.67 - - [05/Aug/2026:23:09:38 +0330] "GET /wp-sitemap.xml?fileloc=%2Fhome%2Fngbycoco%2Fpublic_html%2Fwp-includes%2Fclass-wp-comment.php&path=%2Fhome%2Fngbycoco%2Fpublic_html%2Fwp-includes HTTP/2" 200 5309 "-" "Mozilla/5.0 AppleWebKit/537.36 (KHTML, like Gecko; compatible; ClaudeBot/1.0; +claudebot@anthropic.com)"
216.73.216.67 - - [05/Aug/2026:23:09:42 +0330] "GET /wp-sitemap.xml?path=%2Fhome%2Fngbycoco%2Fpublic_ftp HTTP/2" 200 2902 "-" "Mozilla/5.0 AppleWebKit/537.36 (KHTML, like Gecko; compatible; ClaudeBot/1.0; +claudebot@anthropic.com)"
216.73.216.67 - - [05/Aug/2026:23:09:47 +0330] "GET /wp-sitemap.xml?fileloc=%2Fhome%2Fngbycoco%2Fpublic_html%2Fwp-includes%2Fembed.php&path=%2Fhome%2Fngbycoco%2Fpublic_html%2Fwp-includes HTTP/2" 200 13679 "-" "Mozilla/5.0 AppleWebKit/537.36 (KHTML, like Gecko; compatible; ClaudeBot/1.0; +claudebot@anthropic.com)"
216.73.216.67 - - [05/Aug/2026:23:10:31 +0330] "GET /wp-sitemap.xml?fileloc=%2Fhome%2Fngbycoco%2Fpublic_html%2Fwp-includes%2Fwidgets.php&path=%2Fhome%2Fngbycoco%2Fpublic_html%2Fwp-includes HTTP/2" 200 19369 "-" "Mozilla/5.0 AppleWebKit/537.36 (KHTML, like Gecko; compatible; ClaudeBot/1.0; +claudebot@anthropic.com)"
216.73.216.67 - - [05/Aug/2026:23:10:22 +0330] "GET /wp-sitemap.xml?fileloc=%2Fhome%2Fngbycoco%2Fpublic_html%2Fwp-includes%2Fclass-wp-url-pattern-prefixer.php&path=%2Fhome%2Fngbycoco%2Fpublic_html%2Fwp-includes HTTP/2" 200 4229 "-" "Mozilla/5.0 AppleWebKit/537.36 (KHTML, like Gecko; compatible; ClaudeBot/1.0; +claudebot@anthropic.com)"
216.73.216.67 - - [05/Aug/2026:23:10:27 +0330] "GET /wp-sitemap.xml?fileloc=%2Fhome%2Fngbycoco%2Fpublic_html%2Fwp-includes%2Fclass-wp-widget.php&path=%2Fhome%2Fngbycoco%2Fpublic_html%2Fwp-includes HTTP/2" 200 7236 "-" "Mozilla/5.0 AppleWebKit/537.36 (KHTML, like Gecko; compatible; ClaudeBot/1.0; +claudebot@anthropic.com)"
157.55.39.59 - - [05/Aug/2026:23:10:58 +0330] "GET /savep.php//?_g=1106478 HTTP/2" 200 3932 "-" "Mozilla/5.0 AppleWebKit/537.36 (KHTML, like Gecko; compatible; bingbot/2.0; +http://www.bing.com/bingbot.htm) Chrome/116.0.1938.76 Safari/537.36"
157.55.39.59 - - [05/Aug/2026:23:10:58 +0330] "GET /savep.php//?_g=12169 HTTP/2" 200 3896 "-" "Mozilla/5.0 AppleWebKit/537.36 (KHTML, like Gecko; compatible; bingbot/2.0; +http://www.bing.com/bingbot.htm) Chrome/116.0.1938.76 Safari/537.36"
157.55.39.59 - - [05/Aug/2026:23:10:59 +0330] "GET /savep.php//?_g=598072 HTTP/2" 200 3999 "-" "Mozilla/5.0 AppleWebKit/537.36 (KHTML, like Gecko; compatible; bingbot/2.0; +http://www.bing.com/bingbot.htm) Chrome/116.0.1938.76 Safari/537.36"
216.73.216.67 - - [05/Aug/2026:23:11:05 +0330] "GET /wp-sitemap.xml?fileloc=%2Fhome%2Fngbycoco%2Fpublic_html%2Fwp-includes%2Fclass.wp-dependencies.php&path=%2Fhome%2Fngbycoco%2Fpublic_html%2Fwp-includes HTTP/2" 200 2756 "-" "Mozilla/5.0 AppleWebKit/537.36 (KHTML, like Gecko; compatible; ClaudeBot/1.0; +claudebot@anthropic.com)"
216.73.216.67 - - [05/Aug/2026:23:11:10 +0330] "GET /wp-sitemap.xml?fileloc=%2Fhome%2Fngbycoco%2Fpublic_html%2Fwp-includes%2Fcompat.php&path=%2Fhome%2Fngbycoco%2Fpublic_html%2Fwp-includes HTTP/2" 200 6820 "-" "Mozilla/5.0 AppleWebKit/537.36 (KHTML, like Gecko; compatible; ClaudeBot/1.0; +claudebot@anthropic.com)"
216.73.216.67 - - [05/Aug/2026:23:11:15 +0330] "GET /wp-sitemap.xml?fileloc=%2Fhome%2Fngbycoco%2Fpublic_html%2Fwp-includes%2Fms-network.php&path=%2Fhome%2Fngbycoco%2Fpublic_html%2Fwp-includes HTTP/2" 200 3963 "-" "Mozilla/5.0 AppleWebKit/537.36 (KHTML, like Gecko; compatible; ClaudeBot/1.0; +claudebot@anthropic.com)"
216.73.216.67 - - [05/Aug/2026:23:11:20 +0330] "GET /wp-sitemap.xml?fileloc=%2Fhome%2Fngbycoco%2Fpublic_html%2Fwp-includes%2Fcompat-utf8.php&path=%2Fhome%2Fngbycoco%2Fpublic_html%2Fwp-includes HTTP/2" 200 8191 "-" "Mozilla/5.0 AppleWebKit/537.36 (KHTML, like Gecko; compatible; ClaudeBot/1.0; +claudebot@anthropic.com)"
216.73.216.67 - - [05/Aug/2026:23:11:25 +0330] "GET /wp-sitemap.xml?fileloc=%2Fhome%2Fngbycoco%2Fpublic_html%2Fwp-includes%2Ftemplate.php&path=%2Fhome%2Fngbycoco%2Fpublic_html%2Fwp-includes HTTP/2" 200 11254 "-" "Mozilla/5.0 AppleWebKit/537.36 (KHTML, like Gecko; compatible; ClaudeBot/1.0; +claudebot@anthropic.com)"
216.73.216.67 - - [05/Aug/2026:23:11:29 +0330] "GET /wp-sitemap.xml?fileloc=%2Fhome%2Fngbycoco%2Fpublic_html%2Fwp-admin%2Ferror_log&path=%2Fhome%2Fngbycoco%2Fpublic_html%2Fwp-admin HTTP/2" 200 2676 "-" "Mozilla/5.0 AppleWebKit/537.36 (KHTML, like Gecko; compatible; ClaudeBot/1.0; +claudebot@anthropic.com)"
216.73.216.67 - - [05/Aug/2026:23:11:33 +0330] "GET /wp-sitemap.xml?fileloc=%2Fhome%2Fngbycoco%2Fpublic_html%2Fwp-includes%2Fabilities.php&path=%2Fhome%2Fngbycoco%2Fpublic_html%2Fwp-includes HTTP/2" 200 4526 "-" "Mozilla/5.0 AppleWebKit/537.36 (KHTML, like Gecko; compatible; ClaudeBot/1.0; +claudebot@anthropic.com)"
40.77.167.33 - - [05/Aug/2026:23:11:41 +0330] "GET /savep.php/?_g=379971 HTTP/2" 200 3947 "-" "Mozilla/5.0 AppleWebKit/537.36 (KHTML, like Gecko; compatible; bingbot/2.0; +http://www.bing.com/bingbot.htm) Chrome/116.0.1938.76 Safari/537.36"
216.73.216.67 - - [05/Aug/2026:23:10:35 +0330] "GET /wp-sitemap.xml?fileloc=%2Fhome%2Fngbycoco%2Fpublic_html%2Fwp-admin%2Fedit-form-advanced.php&path=%2Fhome%2Fngbycoco%2Fpublic_html%2Fwp-admin HTTP/2" 200 12048 "-" "Mozilla/5.0 AppleWebKit/537.36 (KHTML, like Gecko; compatible; ClaudeBot/1.0; +claudebot@anthropic.com)"
216.73.216.67 - - [05/Aug/2026:23:10:40 +0330] "GET /wp-sitemap.xml?fileloc=%2Fhome%2Fngbycoco%2Fpublic_html%2Fwp-admin%2Fcustom-background.php&path=%2Fhome%2Fngbycoco%2Fpublic_html%2Fwp-admin HTTP/2" 200 2815 "-" "Mozilla/5.0 AppleWebKit/537.36 (KHTML, like Gecko; compatible; ClaudeBot/1.0; +claudebot@anthropic.com)"
216.73.216.67 - - [05/Aug/2026:23:10:46 +0330] "GET /wp-sitemap.xml?fileloc=%2Fhome%2Fngbycoco%2Fpublic_html%2Fwp-includes%2Fclass-simplepie.php&path=%2Fhome%2Fngbycoco%2Fpublic_html%2Fwp-includes HTTP/2" 200 2838 "-" "Mozilla/5.0 AppleWebKit/537.36 (KHTML, like Gecko; compatible; ClaudeBot/1.0; +claudebot@anthropic.com)"
216.73.216.67 - - [05/Aug/2026:23:10:51 +0330] "GET /wp-sitemap.xml?fileloc=%2Fhome%2Fngbycoco%2Fpublic_html%2Fwp-includes%2Fclass-wp-customize-manager.php&path=%2Fhome%2Fngbycoco%2Fpublic_html%2Fwp-includes HTTP/2" 200 51899 "-" "Mozilla/5.0 AppleWebKit/537.36 (KHTML, like Gecko; compatible; ClaudeBot/1.0; +claudebot@anthropic.com)"
216.73.216.67 - - [05/Aug/2026:23:10:56 +0330] "GET /wp-sitemap.xml?fileloc=%2Fhome%2Fngbycoco%2Fpublic_html%2Fwp-includes%2Fclass-wp-term.php&path=%2Fhome%2Fngbycoco%2Fpublic_html%2Fwp-includes HTTP/2" 200 4415 "-" "Mozilla/5.0 AppleWebKit/537.36 (KHTML, like Gecko; compatible; ClaudeBot/1.0; +claudebot@anthropic.com)"
216.73.216.67 - - [05/Aug/2026:23:11:01 +0330] "GET /wp-sitemap.xml?fileloc=%2Fhome%2Fngbycoco%2Fpublic_html%2Fwp-admin%2Fms-edit.php&path=%2Fhome%2Fngbycoco%2Fpublic_html%2Fwp-admin HTTP/2" 200 2669 "-" "Mozilla/5.0 AppleWebKit/537.36 (KHTML, like Gecko; compatible; ClaudeBot/1.0; +claudebot@anthropic.com)"
40.77.167.33 - - [05/Aug/2026:23:11:01 +0330] "GET /savep.php/?_g=1092200 HTTP/2" 200 3947 "-" "Mozilla/5.0 AppleWebKit/537.36 (KHTML, like Gecko; compatible; bingbot/2.0; +http://www.bing.com/bingbot.htm) Chrome/116.0.1938.76 Safari/537.36"
40.77.167.33 - - [05/Aug/2026:23:11:01 +0330] "GET /savep.php/?_g=2042551 HTTP/2" 200 3947 "-" "Mozilla/5.0 AppleWebKit/537.36 (KHTML, like Gecko; compatible; bingbot/2.0; +http://www.bing.com/bingbot.htm) Chrome/116.0.1938.76 Safari/537.36"
40.77.167.33 - - [05/Aug/2026:23:11:02 +0330] "GET /savep.php//?_g=823702 HTTP/2" 200 3947 "-" "Mozilla/5.0 AppleWebKit/537.36 (KHTML, like Gecko; compatible; bingbot/2.0; +http://www.bing.com/bingbot.htm) Chrome/116.0.1938.76 Safari/537.36"
157.55.39.201 - - [05/Aug/2026:23:11:06 +0330] "GET /savep.php//?_g=2683338 HTTP/2" 200 3896 "-" "Mozilla/5.0 AppleWebKit/537.36 (KHTML, like Gecko; compatible; bingbot/2.0; +http://www.bing.com/bingbot.htm) Chrome/116.0.1938.76 Safari/537.36"
216.73.216.67 - - [05/Aug/2026:23:11:42 +0330] "GET /wp-sitemap.xml?fileloc=%2Fhome%2Fngbycoco%2Fpublic_html%2Fwp-admin%2Fsite-editor.php&path=%2Fhome%2Fngbycoco%2Fpublic_html%2Fwp-admin HTTP/2" 200 6287 "-" "Mozilla/5.0 AppleWebKit/537.36 (KHTML, like Gecko; compatible; ClaudeBot/1.0; +claudebot@anthropic.com)"
216.73.216.67 - - [05/Aug/2026:23:11:47 +0330] "GET /wp-sitemap.xml?fileloc=%2Fhome%2Fngbycoco%2Fpublic_html%2Fwp-includes%2Ffeed-atom-comments.php&path=%2Fhome%2Fngbycoco%2Fpublic_html%2Fwp-includes HTTP/2" 200 4448 "-" "Mozilla/5.0 AppleWebKit/537.36 (KHTML, like Gecko; compatible; ClaudeBot/1.0; +claudebot@anthropic.com)"
216.73.216.67 - - [05/Aug/2026:23:12:00 +0330] "GET /robots.txt HTTP/2" 200 3911 "-" "Mozilla/5.0 AppleWebKit/537.36 (KHTML, like Gecko; compatible; ClaudeBot/1.0; +claudebot@anthropic.com)"
216.73.216.67 - - [05/Aug/2026:23:12:02 +0330] "GET /wp-sitemap.xml?fileloc=%2Fhome%2Fngbycoco%2Fpublic_html%2Fwp-includes%2Ftheme-templates.php&path=%2Fhome%2Fngbycoco%2Fpublic_html%2Fwp-includes HTTP/2" 200 4939 "-" "Mozilla/5.0 AppleWebKit/537.36 (KHTML, like Gecko; compatible; ClaudeBot/1.0; +claudebot@anthropic.com)"
216.73.216.67 - - [05/Aug/2026:23:12:07 +0330] "GET /wp-sitemap.xml?fileloc=%2Fhome%2Fngbycoco%2Fpublic_html%2Fwp-includes%2Fgeneral-template.php&path=%2Fhome%2Fngbycoco%2Fpublic_html%2Fwp-includes HTTP/2" 200 43522 "-" "Mozilla/5.0 AppleWebKit/537.36 (KHTML, like Gecko; compatible; ClaudeBot/1.0; +claudebot@anthropic.com)"
216.73.216.67 - - [05/Aug/2026:23:12:12 +0330] "GET /wp-sitemap.xml?fileloc=%2Fhome%2Fngbycoco%2Fpublic_html%2Fwp-admin%2Foptions-head.php&path=%2Fhome%2Fngbycoco%2Fpublic_html%2Fwp-admin HTTP/2" 200 2946 "-" "Mozilla/5.0 AppleWebKit/537.36 (KHTML, like Gecko; compatible; ClaudeBot/1.0; +claudebot@anthropic.com)"
216.73.216.67 - - [05/Aug/2026:23:12:17 +0330] "GET /wp-sitemap.xml?fileloc=%2Fhome%2Fngbycoco%2Fpublic_html%2Fwp-includes%2Fclass-snoopy.php&path=%2Fhome%2Fngbycoco%2Fpublic_html%2Fwp-includes HTTP/2" 200 11289 "-" "Mozilla/5.0 AppleWebKit/537.36 (KHTML, like Gecko; compatible; ClaudeBot/1.0; +claudebot@anthropic.com)"
88.198.20.93 - - [05/Aug/2026:23:12:25 +0330] "GET /?_g=2601279 HTTP/1.1" 200 5039 "-" "Mozilla/5.0 (compatible; SERankingBacklinksBot/1.0; +https://seranking.com/backlinks-crawler)"
216.73.216.67 - - [05/Aug/2026:23:12:57 +0330] "GET /wp-sitemap.xml?fileloc=%2Fhome%2Fngbycoco%2Fpublic_html%2Fwp-includes%2Fclass-wp-recovery-mode.php&path=%2Fhome%2Fngbycoco%2Fpublic_html%2Fwp-includes HTTP/2" 200 5862 "-" "Mozilla/5.0 AppleWebKit/537.36 (KHTML, like Gecko; compatible; ClaudeBot/1.0; +claudebot@anthropic.com)"
216.73.216.67 - - [05/Aug/2026:23:13:02 +0330] "GET /wp-sitemap.xml?fileloc=%2Fhome%2Fngbycoco%2Fpublic_html%2Fwp-admin%2Fmedia-new.php&path=%2Fhome%2Fngbycoco%2Fpublic_html%2Fwp-admin HTTP/2" 200 4084 "-" "Mozilla/5.0 AppleWebKit/537.36 (KHTML, like Gecko; compatible; ClaudeBot/1.0; +claudebot@anthropic.com)"
216.73.216.67 - - [05/Aug/2026:23:13:11 +0330] "GET /wp-sitemap.xml?fileloc=%2Fhome%2Fngbycoco%2Fpublic_html%2Fwp-includes%2Fclass-wp-list-util.php&path=%2Fhome%2Fngbycoco%2Fpublic_html%2Fwp-includes HTTP/2" 200 4829 "-" "Mozilla/5.0 AppleWebKit/537.36 (KHTML, like Gecko; compatible; ClaudeBot/1.0; +claudebot@anthropic.com)"
216.73.216.67 - - [05/Aug/2026:23:13:15 +0330] "GET /wp-sitemap.xml?fileloc=%2Fhome%2Fngbycoco%2Fpublic_html%2Fwp-admin%2Foptions-reading.php&path=%2Fhome%2Fngbycoco%2Fpublic_html%2Fwp-admin HTTP/2" 200 5873 "-" "Mozilla/5.0 AppleWebKit/537.36 (KHTML, like Gecko; compatible; ClaudeBot/1.0; +claudebot@anthropic.com)"
216.73.216.67 - - [05/Aug/2026:23:13:20 +0330] "GET /wp-sitemap.xml?fileloc=%2Fhome%2Fngbycoco%2Fpublic_html%2Fwp-admin%2Fupgrade-functions.php&path=%2Fhome%2Fngbycoco%2Fpublic_html%2Fwp-admin HTTP/2" 200 2757 "-" "Mozilla/5.0 AppleWebKit/537.36 (KHTML, like Gecko; compatible; ClaudeBot/1.0; +claudebot@anthropic.com)"
216.73.216.67 - - [05/Aug/2026:23:13:26 +0330] "GET /wp-sitemap.xml?fileloc=%2Fhome%2Fngbycoco%2F.wp-toolkit-identifier&path=%2Fhome%2Fngbycoco HTTP/2" 200 3119 "-" "Mozilla/5.0 AppleWebKit/537.36 (KHTML, like Gecko; compatible; ClaudeBot/1.0; +claudebot@anthropic.com)"
216.73.216.67 - - [05/Aug/2026:23:13:31 +0330] "GET /wp-sitemap.xml?fileloc=%2Fhome%2Fngbycoco%2Fpublic_html%2Fwp-admin%2Fsite-health-info.php&path=%2Fhome%2Fngbycoco%2Fpublic_html%2Fwp-admin HTTP/2" 200 4253 "-" "Mozilla/5.0 AppleWebKit/537.36 (KHTML, like Gecko; compatible; ClaudeBot/1.0; +claudebot@anthropic.com)"
216.73.216.67 - - [05/Aug/2026:23:13:36 +0330] "GET /wp-sitemap.xml?fileloc=%2Fhome%2Fngbycoco%2Fpublic_html%2Fwp-admin%2Fsite-health.php&path=%2Fhome%2Fngbycoco%2Fpublic_html%2Fwp-admin HTTP/2" 200 6372 "-" "Mozilla/5.0 AppleWebKit/537.36 (KHTML, like Gecko; compatible; ClaudeBot/1.0; +claudebot@anthropic.com)"
216.73.216.67 - - [05/Aug/2026:23:13:41 +0330] "GET /wp-sitemap.xml?fileloc=%2Fhome%2Fngbycoco%2Fpublic_html%2Fwp-includes%2Fclass-wp-recovery-mode-email-service.php&path=%2Fhome%2Fngbycoco%2Fpublic_html%2Fwp-includes HTTP/2" 200 6179 "-" "Mozilla/5.0 AppleWebKit/537.36 (KHTML, like Gecko; compatible; ClaudeBot/1.0; +claudebot@anthropic.com)"
216.73.216.67 - - [05/Aug/2026:23:13:45 +0330] "GET /2022/07/16/%D8%AA%D9%81%D8%A7%D9%88%D8%AA-epdm-%D9%88-silicon-rubber?fileloc=%2Fhome%2Fngbycoco%2Fphp%2F.lock&path=%2Fhome%2Fngbycoco%2Fphp HTTP/2" 200 2557 "-" "Mozilla/5.0 AppleWebKit/537.36 (KHTML, like Gecko; compatible; ClaudeBot/1.0; +claudebot@anthropic.com)"
216.73.216.67 - - [05/Aug/2026:23:13:49 +0330] "GET /2022/07/16/%D8%AA%D9%81%D8%A7%D9%88%D8%AA-epdm-%D9%88-silicon-rubber?fileloc=%2F%2Fdev%2Fstderr&path=%2F%2Fdev HTTP/2" 429 0 "-" "Mozilla/5.0 AppleWebKit/537.36 (KHTML, like Gecko; compatible; ClaudeBot/1.0; +claudebot@anthropic.com)"
216.73.216.67 - - [05/Aug/2026:23:13:54 +0330] "GET /2022/07/16/%D8%AA%D9%81%D8%A7%D9%88%D8%AA-epdm-%D9%88-silicon-rubber?path=%2Fhome%2Fngbycoco%2Fphp%2F.registry HTTP/2" 429 0 "-" "Mozilla/5.0 AppleWebKit/537.36 (KHTML, like Gecko; compatible; ClaudeBot/1.0; +claudebot@anthropic.com)"
216.73.216.67 - - [05/Aug/2026:23:13:59 +0330] "GET /2022/07/16/%D8%AA%D9%81%D8%A7%D9%88%D8%AA-epdm-%D9%88-silicon-rubber?fileloc=%2Fhome%2Fngbycoco%2Fphp%2F.filemap&path=%2Fhome%2Fngbycoco%2Fphp HTTP/2" 429 0 "-" "Mozilla/5.0 AppleWebKit/537.36 (KHTML, like Gecko; compatible; ClaudeBot/1.0; +claudebot@anthropic.com)"
216.73.216.67 - - [05/Aug/2026:23:14:04 +0330] "GET /2022/07/16/%D8%AA%D9%81%D8%A7%D9%88%D8%AA-epdm-%D9%88-silicon-rubber?path=%2Fhome%2Fngbycoco%2Fphp%2F.channels HTTP/2" 429 0 "-" "Mozilla/5.0 AppleWebKit/537.36 (KHTML, like Gecko; compatible; ClaudeBot/1.0; +claudebot@anthropic.com)"
216.73.216.67 - - [05/Aug/2026:23:14:09 +0330] "GET /2022/07/16/%D8%AA%D9%81%D8%A7%D9%88%D8%AA-epdm-%D9%88-silicon-rubber?path=%2F%2Fdev%2Fshm HTTP/2" 429 0 "-" "Mozilla/5.0 AppleWebKit/537.36 (KHTML, like Gecko; compatible; ClaudeBot/1.0; +claudebot@anthropic.com)"
216.73.216.67 - - [05/Aug/2026:23:14:14 +0330] "GET /2022/07/16/%D8%AA%D9%81%D8%A7%D9%88%D8%AA-epdm-%D9%88-silicon-rubber?fileloc=%2F%2Fdev%2Fstdout&path=%2F%2Fdev HTTP/2" 429 0 "-" "Mozilla/5.0 AppleWebKit/537.36 (KHTML, like Gecko; compatible; ClaudeBot/1.0; +claudebot@anthropic.com)"
216.73.216.67 - - [05/Aug/2026:23:14:19 +0330] "GET /2022/07/16/%D8%AA%D9%81%D8%A7%D9%88%D8%AA-epdm-%D9%88-silicon-rubber?path=%2Fhome%2Fngbycoco%2Fphp%2Fext HTTP/2" 429 0 "-" "Mozilla/5.0 AppleWebKit/537.36 (KHTML, like Gecko; compatible; ClaudeBot/1.0; +claudebot@anthropic.com)"
216.73.216.67 - - [05/Aug/2026:23:14:24 +0330] "GET /2022/07/16/%D8%AA%D9%81%D8%A7%D9%88%D8%AA-epdm-%D9%88-silicon-rubber?path=%2F%2Fdev%2Fpts HTTP/2" 429 0 "-" "Mozilla/5.0 AppleWebKit/537.36 (KHTML, like Gecko; compatible; ClaudeBot/1.0; +claudebot@anthropic.com)"
216.73.216.67 - - [05/Aug/2026:23:14:29 +0330] "GET /2022/07/16/%D8%AA%D9%81%D8%A7%D9%88%D8%AA-epdm-%D9%88-silicon-rubber?path=%2Fhome%2Fngbycoco%2Fphp%2Ftests HTTP/2" 200 2646 "-" "Mozilla/5.0 AppleWebKit/537.36 (KHTML, like Gecko; compatible; ClaudeBot/1.0; +claudebot@anthropic.com)"
216.73.216.67 - - [05/Aug/2026:23:14:34 +0330] "GET /2022/07/16/%D8%AA%D9%81%D8%A7%D9%88%D8%AA-epdm-%D9%88-silicon-rubber?path=%2Fhome%2Fngbycoco%2Fphp%2Fdata HTTP/2" 429 0 "-" "Mozilla/5.0 AppleWebKit/537.36 (KHTML, like Gecko; compatible; ClaudeBot/1.0; +claudebot@anthropic.com)"
216.73.216.67 - - [05/Aug/2026:23:11:52 +0330] "GET /wp-sitemap.xml?fileloc=%2Fhome%2Fngbycoco%2Fpublic_html%2Fwp-includes%2Fclass-wp-walker.php&path=%2Fhome%2Fngbycoco%2Fpublic_html%2Fwp-includes HTTP/2" 200 5794 "-" "Mozilla/5.0 AppleWebKit/537.36 (KHTML, like Gecko; compatible; ClaudeBot/1.0; +claudebot@anthropic.com)"
216.73.216.67 - - [05/Aug/2026:23:11:57 +0330] "GET /wp-sitemap.xml?fileloc=%2Fhome%2Fngbycoco%2Fpublic_html%2Fwp-admin%2Fupdate-core.php&path=%2Fhome%2Fngbycoco%2Fpublic_html%2Fwp-admin HTTP/2" 200 14331 "-" "Mozilla/5.0 AppleWebKit/537.36 (KHTML, like Gecko; compatible; ClaudeBot/1.0; +claudebot@anthropic.com)"
216.73.216.67 - - [05/Aug/2026:23:12:21 +0330] "GET /wp-sitemap.xml?fileloc=%2Fhome%2Fngbycoco%2Fpublic_html%2Fwp-includes%2Fclass-wp-taxonomy.php&path=%2Fhome%2Fngbycoco%2Fpublic_html%2Fwp-includes HTTP/2" 200 7345 "-" "Mozilla/5.0 AppleWebKit/537.36 (KHTML, like Gecko; compatible; ClaudeBot/1.0; +claudebot@anthropic.com)"
216.73.216.67 - - [05/Aug/2026:23:12:26 +0330] "GET /wp-sitemap.xml?fileloc=%2Fhome%2Fngbycoco%2Fpublic_html%2Fwp-admin%2Fupgrade.php&path=%2Fhome%2Fngbycoco%2Fpublic_html%2Fwp-admin HTTP/2" 200 4763 "-" "Mozilla/5.0 AppleWebKit/537.36 (KHTML, like Gecko; compatible; ClaudeBot/1.0; +claudebot@anthropic.com)"
216.73.216.67 - - [05/Aug/2026:23:12:31 +0330] "GET /wp-sitemap.xml?fileloc=%2Fhome%2Fngbycoco%2Fpublic_html%2Fwp-includes%2Fclass-wp-roles.php&path=%2Fhome%2Fngbycoco%2Fpublic_html%2Fwp-includes HTTP/2" 200 5269 "-" "Mozilla/5.0 AppleWebKit/537.36 (KHTML, like Gecko; compatible; ClaudeBot/1.0; +claudebot@anthropic.com)"
216.73.216.67 - - [05/Aug/2026:23:12:36 +0330] "GET /wp-sitemap.xml?fileloc=%2Fhome%2Fngbycoco%2Fpublic_html%2Fwp-admin%2Foptions-writing.php&path=%2Fhome%2Fngbycoco%2Fpublic_html%2Fwp-admin HTTP/2" 200 5827 "-" "Mozilla/5.0 AppleWebKit/537.36 (KHTML, like Gecko; compatible; ClaudeBot/1.0; +claudebot@anthropic.com)"
216.73.216.67 - - [05/Aug/2026:23:12:42 +0330] "GET /wp-sitemap.xml?fileloc=%2Fhome%2Fngbycoco%2Fpublic_html%2Fwp-admin%2Fcredits.php&path=%2Fhome%2Fngbycoco%2Fpublic_html%2Fwp-admin HTTP/2" 200 4007 "-" "Mozilla/5.0 AppleWebKit/537.36 (KHTML, like Gecko; compatible; ClaudeBot/1.0; +claudebot@anthropic.com)"
216.73.216.67 - - [05/Aug/2026:23:12:46 +0330] "GET /wp-sitemap.xml?fileloc=%2Fhome%2Fngbycoco%2Fpublic_html%2Fwp-includes%2Fclass-wp-block-styles-registry.php&path=%2Fhome%2Fngbycoco%2Fpublic_html%2Fwp-includes HTTP/2" 200 4351 "-" "Mozilla/5.0 AppleWebKit/537.36 (KHTML, like Gecko; compatible; ClaudeBot/1.0; +claudebot@anthropic.com)"
216.73.216.67 - - [05/Aug/2026:23:12:51 +0330] "GET /wp-sitemap.xml?fileloc=%2Fhome%2Fngbycoco%2Fpublic_html%2Fwp-includes%2Fclass-wp-block-metadata-registry.php&path=%2Fhome%2Fngbycoco%2Fpublic_html%2Fwp-includes HTTP/2" 200 5993 "-" "Mozilla/5.0 AppleWebKit/537.36 (KHTML, like Gecko; compatible; ClaudeBot/1.0; +claudebot@anthropic.com)"
66.249.66.164 - - [05/Aug/2026:23:16:22 +0330] "GET /savep.php/shop/storeSearch/KeepCriteriaInput.aspx//?_g=2246881 HTTP/1.1" 200 3932 "-" "Mozilla/5.0 (Linux; Android 6.0.1; Nexus 5X Build/MMB29P) AppleWebKit/537.36 (KHTML, like Gecko) Chrome/150.0.7871.186 Mobile Safari/537.36 (compatible; Googlebot/2.1; +http://www.google.com/bot.html)"
66.249.66.165 - - [05/Aug/2026:23:19:09 +0330] "GET /savep.php/?_g=2329926 HTTP/1.1" 200 3947 "-" "Mozilla/5.0 (Linux; Android 6.0.1; Nexus 5X Build/MMB29P) AppleWebKit/537.36 (KHTML, like Gecko) Chrome/150.0.7871.186 Mobile Safari/537.36 (compatible; Googlebot/2.1; +http://www.google.com/bot.html)"
66.249.66.163 - - [05/Aug/2026:23:19:32 +0330] "GET /savep.php/shop/storeSearch/KeepCriteriaInput.aspx//?_g=728022 HTTP/1.1" 200 3967 "-" "Mozilla/5.0 (Linux; Android 6.0.1; Nexus 5X Build/MMB29P) AppleWebKit/537.36 (KHTML, like Gecko) Chrome/150.0.7871.186 Mobile Safari/537.36 (compatible; Googlebot/2.1; +http://www.google.com/bot.html)"
88.198.20.93 - - [05/Aug/2026:23:20:52 +0330] "GET /?_g=2646297 HTTP/1.1" 200 5061 "-" "Mozilla/5.0 (compatible; SERankingBacklinksBot/1.0; +https://seranking.com/backlinks-crawler)"
216.73.216.67 - - [05/Aug/2026:23:14:39 +0330] "GET /2022/07/16/%D8%AA%D9%81%D8%A7%D9%88%D8%AA-epdm-%D9%88-silicon-rubber?path=%2Fhome%2Fngbycoco%2Fphp%2Fdocs HTTP/2" 429 0 "-" "Mozilla/5.0 AppleWebKit/537.36 (KHTML, like Gecko; compatible; ClaudeBot/1.0; +claudebot@anthropic.com)"
66.249.66.164 - - [05/Aug/2026:23:14:43 +0330] "GET /savep.php/?path=/home/ngbycoco HTTP/1.1" 200 4010 "-" "Mozilla/5.0 (Linux; Android 6.0.1; Nexus 5X Build/MMB29P) AppleWebKit/537.36 (KHTML, like Gecko) Chrome/150.0.7871.186 Mobile Safari/537.36 (compatible; Googlebot/2.1; +http://www.google.com/bot.html)"
66.249.66.164 - - [05/Aug/2026:23:15:47 +0330] "GET /savep.php/shop/pg/1005024164//?_g=2057713 HTTP/1.1" 200 3947 "-" "Mozilla/5.0 (Linux; Android 6.0.1; Nexus 5X Build/MMB29P) AppleWebKit/537.36 (KHTML, like Gecko) Chrome/150.0.7871.186 Mobile Safari/537.36 (compatible; Googlebot/2.1; +http://www.google.com/bot.html)"
207.46.13.153 - - [05/Aug/2026:23:22:50 +0330] "GET /savep.php/?shopdetail/1873918 HTTP/2" 200 3924 "-" "Mozilla/5.0 AppleWebKit/537.36 (KHTML, like Gecko; compatible; bingbot/2.0; +http://www.bing.com/bingbot.htm) Chrome/116.0.1938.76 Safari/537.36"
66.249.66.33 - - [05/Aug/2026:23:26:07 +0330] "GET /savep.php//?_g=290001 HTTP/1.1" 200 3924 "-" "Mozilla/5.0 (Linux; Android 6.0.1; Nexus 5X Build/MMB29P) AppleWebKit/537.36 (KHTML, like Gecko) Chrome/150.0.7871.186 Mobile Safari/537.36 (compatible; Googlebot/2.1; +http://www.google.com/bot.html)"
216.73.217.134 - - [05/Aug/2026:23:28:02 +0330] "GET /sitemap.xml?fileloc=%2Fhome%2Fngbycoco%2Fpublic_html%2Fwp-includes%2Fhttps-migration.php&path=%2Fhome%2Fngbycoco%2Fpublic_html%2Fwp-includes HTTP/2" 200 4151 "-" "Mozilla/5.0 AppleWebKit/537.36 (KHTML, like Gecko; compatible; ClaudeBot/1.0; +claudebot@anthropic.com)"
216.73.217.134 - - [05/Aug/2026:23:28:02 +0330] "GET /sitemap.xml?fileloc=%2Fhome%2Fngbycoco%2Fpublic_html%2Fwp-includes%2Fhttps-detection.php&path=%2Fhome%2Fngbycoco%2Fpublic_html%2Fwp-includes HTTP/2" 200 4541 "-" "Mozilla/5.0 AppleWebKit/537.36 (KHTML, like Gecko; compatible; ClaudeBot/1.0; +claudebot@anthropic.com)"
216.73.217.134 - - [05/Aug/2026:23:28:03 +0330] "GET /sitemap.xml?path=%2F%2Flib64 HTTP/2" 200 49147 "-" "Mozilla/5.0 AppleWebKit/537.36 (KHTML, like Gecko; compatible; ClaudeBot/1.0; +claudebot@anthropic.com)"
216.73.217.134 - - [05/Aug/2026:23:28:04 +0330] "GET /sitemap.xml?path=%2Fhome%2Fngbycoco%2F.wp-cli HTTP/2" 200 2891 "-" "Mozilla/5.0 AppleWebKit/537.36 (KHTML, like Gecko; compatible; ClaudeBot/1.0; +claudebot@anthropic.com)"
216.73.217.134 - - [05/Aug/2026:23:28:04 +0330] "GET /sitemap.xml?path=%2Fhome%2Fngbycoco%2Fphp HTTP/2" 200 3172 "-" "Mozilla/5.0 AppleWebKit/537.36 (KHTML, like Gecko; compatible; ClaudeBot/1.0; +claudebot@anthropic.com)"
216.73.217.134 - - [05/Aug/2026:23:28:05 +0330] "GET /sitemap.xml?path=%2F%2Flib HTTP/2" 200 5787 "-" "Mozilla/5.0 AppleWebKit/537.36 (KHTML, like Gecko; compatible; ClaudeBot/1.0; +claudebot@anthropic.com)"
216.73.217.134 - - [05/Aug/2026:23:28:05 +0330] "GET /sitemap.xml?path=%2F%2Fvar HTTP/2" 200 3194 "-" "Mozilla/5.0 AppleWebKit/537.36 (KHTML, like Gecko; compatible; ClaudeBot/1.0; +claudebot@anthropic.com)"
216.73.217.134 - - [05/Aug/2026:23:28:06 +0330] "GET /sitemap.xml?path=%2F%2Fetc HTTP/2" 200 5299 "-" "Mozilla/5.0 AppleWebKit/537.36 (KHTML, like Gecko; compatible; ClaudeBot/1.0; +claudebot@anthropic.com)"
216.73.217.134 - - [05/Aug/2026:23:28:07 +0330] "GET /sitemap.xml?path=%2F%2Fsbin HTTP/2" 200 4646 "-" "Mozilla/5.0 AppleWebKit/537.36 (KHTML, like Gecko; compatible; ClaudeBot/1.0; +claudebot@anthropic.com)"
216.73.217.134 - - [05/Aug/2026:23:28:07 +0330] "GET /sitemap.xml?path=%2F%2Frun HTTP/2" 200 2872 "-" "Mozilla/5.0 AppleWebKit/537.36 (KHTML, like Gecko; compatible; ClaudeBot/1.0; +claudebot@anthropic.com)"
216.73.217.134 - - [05/Aug/2026:23:28:07 +0330] "GET /sitemap.xml?path=%2F%2Fbin HTTP/2" 200 19592 "-" "Mozilla/5.0 AppleWebKit/537.36 (KHTML, like Gecko; compatible; ClaudeBot/1.0; +claudebot@anthropic.com)"
88.198.20.93 - - [05/Aug/2026:23:26:12 +0330] "GET /?_g=2914580 HTTP/1.1" 200 4983 "-" "Mozilla/5.0 (compatible; SERankingBacklinksBot/1.0; +https://seranking.com/backlinks-crawler)"
216.73.217.134 - - [05/Aug/2026:23:28:17 +0330] "GET /sitemap.xml?path=%2Fhome%2Fngbycoco%2Fpublic_html%2Fwp-content%2Fplugins HTTP/2" 200 3192 "-" "Mozilla/5.0 AppleWebKit/537.36 (KHTML, like Gecko; compatible; ClaudeBot/1.0; +claudebot@anthropic.com)"
216.73.217.134 - - [05/Aug/2026:23:28:17 +0330] "GET /sitemap.xml?path=%2Fhome%2Fngbycoco%2Fpublic_html%2Fwp-includes%2FRequests HTTP/2" 200 2955 "-" "Mozilla/5.0 AppleWebKit/537.36 (KHTML, like Gecko; compatible; ClaudeBot/1.0; +claudebot@anthropic.com)"
216.73.217.134 - - [05/Aug/2026:23:28:17 +0330] "GET /sitemap.xml?path=%2Fhome%2Fngbycoco%2Fpublic_html%2Fwp-admin%2Fnetwork HTTP/2" 200 3884 "-" "Mozilla/5.0 AppleWebKit/537.36 (KHTML, like Gecko; compatible; ClaudeBot/1.0; +claudebot@anthropic.com)"
216.73.217.134 - - [05/Aug/2026:23:28:18 +0330] "GET /sitemap.xml?path=%2Fhome%2Fngbycoco%2Fpublic_html%2Fwp-admin%2Fincludes HTTP/2" 200 6525 "-" "Mozilla/5.0 AppleWebKit/537.36 (KHTML, like Gecko; compatible; ClaudeBot/1.0; +claudebot@anthropic.com)"
216.73.217.134 - - [05/Aug/2026:23:28:18 +0330] "GET /sitemap.xml?path=%2Fhome%2Fngbycoco%2Fpublic_html%2Fwp-includes%2Frest-api HTTP/2" 200 3233 "-" "Mozilla/5.0 AppleWebKit/537.36 (KHTML, like Gecko; compatible; ClaudeBot/1.0; +claudebot@anthropic.com)"
216.73.217.134 - - [05/Aug/2026:23:28:18 +0330] "GET /sitemap.xml?path=%2Fhome%2Fngbycoco%2Fpublic_html%2Fwp-includes%2FText HTTP/2" 200 3052 "-" "Mozilla/5.0 AppleWebKit/537.36 (KHTML, like Gecko; compatible; ClaudeBot/1.0; +claudebot@anthropic.com)"
216.73.217.134 - - [05/Aug/2026:23:28:19 +0330] "GET /sitemap.xml?path=%2Fhome%2Fngbycoco%2Fpublic_html%2Fwp-includes%2Fabilities-api HTTP/2" 200 3054 "-" "Mozilla/5.0 AppleWebKit/537.36 (KHTML, like Gecko; compatible; ClaudeBot/1.0; +claudebot@anthropic.com)"
216.73.217.134 - - [05/Aug/2026:23:28:19 +0330] "GET /sitemap.xml?path=%2Fhome%2Fngbycoco%2Fpublic_html%2Fwp-includes%2Fcss HTTP/2" 200 4262 "-" "Mozilla/5.0 AppleWebKit/537.36 (KHTML, like Gecko; compatible; ClaudeBot/1.0; +claudebot@anthropic.com)"
216.73.217.134 - - [05/Aug/2026:23:28:19 +0330] "GET /sitemap.xml?path=%2Fhome%2Fngbycoco%2Fpublic_html%2Fwp-includes%2Fblock-patterns HTTP/2" 200 3202 "-" "Mozilla/5.0 AppleWebKit/537.36 (KHTML, like Gecko; compatible; ClaudeBot/1.0; +claudebot@anthropic.com)"
216.73.217.134 - - [05/Aug/2026:23:28:20 +0330] "GET /sitemap.xml?path=%2Fhome%2Fngbycoco%2Fpublic_html%2Fwp-includes%2Fphp-compat HTTP/2" 200 2942 "-" "Mozilla/5.0 AppleWebKit/537.36 (KHTML, like Gecko; compatible; ClaudeBot/1.0; +claudebot@anthropic.com)"
216.73.217.134 - - [05/Aug/2026:23:28:20 +0330] "GET /sitemap.xml?path=%2Fhome%2Fngbycoco%2Fpublic_html%2Fwp-admin%2Fcss HTTP/2" 200 5767 "-" "Mozilla/5.0 AppleWebKit/537.36 (KHTML, like Gecko; compatible; ClaudeBot/1.0; +claudebot@anthropic.com)"
216.73.217.134 - - [05/Aug/2026:23:28:20 +0330] "GET /sitemap.xml?path=%2Fhome%2Fngbycoco%2Fwordpress-backups HTTP/2" 200 2647 "-" "Mozilla/5.0 AppleWebKit/537.36 (KHTML, like Gecko; compatible; ClaudeBot/1.0; +claudebot@anthropic.com)"
216.73.217.134 - - [05/Aug/2026:23:28:21 +0330] "GET /sitemap.xml?path=%2Fhome%2Fngbycoco%2Ftmp HTTP/2" 200 3427 "-" "Mozilla/5.0 AppleWebKit/537.36 (KHTML, like Gecko; compatible; ClaudeBot/1.0; +claudebot@anthropic.com)"
216.73.217.134 - - [05/Aug/2026:23:28:21 +0330] "GET /sitemap.xml?path=%2Fhome%2Fngbycoco%2F.cache HTTP/2" 200 2638 "-" "Mozilla/5.0 AppleWebKit/537.36 (KHTML, like Gecko; compatible; ClaudeBot/1.0; +claudebot@anthropic.com)"
216.73.217.134 - - [05/Aug/2026:23:28:21 +0330] "GET /sitemap.xml?path=%2Fhome%2Fngbycoco%2Fpublic_html%2Fwp-includes%2Fhtml-api HTTP/2" 200 3535 "-" "Mozilla/5.0 AppleWebKit/537.36 (KHTML, like Gecko; compatible; ClaudeBot/1.0; +claudebot@anthropic.com)"
216.73.217.134 - - [05/Aug/2026:23:28:21 +0330] "GET /sitemap.xml?path=%2F%2Fhome HTTP/2" 200 2874 "-" "Mozilla/5.0 AppleWebKit/537.36 (KHTML, like Gecko; compatible; ClaudeBot/1.0; +claudebot@anthropic.com)"
216.73.217.134 - - [05/Aug/2026:23:28:21 +0330] "GET /sitemap.xml?path=%2Fhome%2Fngbycoco%2Fpublic_html%2Fwp-includes%2Finteractivity-api HTTP/2" 200 3081 "-" "Mozilla/5.0 AppleWebKit/537.36 (KHTML, like Gecko; compatible; ClaudeBot/1.0; +claudebot@anthropic.com)"
216.73.217.134 - - [05/Aug/2026:23:28:26 +0330] "GET /sitemap.xml?fileloc=%2Fhome%2Fngbycoco%2Fpublic_html%2Fwp-includes%2Fclass-wp-http-encoding.php&path=%2Fhome%2Fngbycoco%2Fpublic_html%2Fwp-includes HTTP/2" 200 4705 "-" "Mozilla/5.0 AppleWebKit/537.36 (KHTML, like Gecko; compatible; ClaudeBot/1.0; +claudebot@anthropic.com)"
216.73.217.134 - - [05/Aug/2026:23:28:26 +0330] "GET /sitemap.xml?path=%2Fhome%2Fngbycoco%2Fpublic_html%2Fwp-admin%2Fmaint HTTP/2" 200 2943 "-" "Mozilla/5.0 AppleWebKit/537.36 (KHTML, like Gecko; compatible; ClaudeBot/1.0; +claudebot@anthropic.com)"
216.73.217.134 - - [05/Aug/2026:23:28:26 +0330] "GET /sitemap.xml?path=%2Fhome%2Fngbycoco%2Fpublic_html%2Fwp-includes%2FIXR HTTP/2" 200 3370 "-" "Mozilla/5.0 AppleWebKit/537.36 (KHTML, like Gecko; compatible; ClaudeBot/1.0; +claudebot@anthropic.com)"
216.73.217.134 - - [05/Aug/2026:23:28:26 +0330] "GET /sitemap.xml?path=%2Fhome%2Fngbycoco%2Fpublic_html%2Fwp-includes%2Fblock-bindings HTTP/2" 200 3143 "-" "Mozilla/5.0 AppleWebKit/537.36 (KHTML, like Gecko; compatible; ClaudeBot/1.0; +claudebot@anthropic.com)"
216.73.217.134 - - [05/Aug/2026:23:28:26 +0330] "GET /sitemap.xml?fileloc=%2Fhome%2Fngbycoco%2Fpublic_html%2Fwp-includes%2Fclass-wp-text-diff-renderer-inline.php&path=%2Fhome%2Fngbycoco%2Fpublic_html%2Fwp-includes HTTP/2" 200 3061 "-" "Mozilla/5.0 AppleWebKit/537.36 (KHTML, like Gecko; compatible; ClaudeBot/1.0; +claudebot@anthropic.com)"
216.73.217.134 - - [05/Aug/2026:23:28:26 +0330] "GET /sitemap.xml?path=%2Fhome%2Fngbycoco%2Fpublic_html%2Fwp-includes%2Fjs HTTP/2" 200 6636 "-" "Mozilla/5.0 AppleWebKit/537.36 (KHTML, like Gecko; compatible; ClaudeBot/1.0; +claudebot@anthropic.com)"
216.73.217.134 - - [05/Aug/2026:23:28:27 +0330] "GET /sitemap.xml?path=%2Fhome%2Fngbycoco%2Fpublic_html%2Fwp-includes%2Fblocks HTTP/2" 200 8510 "-" "Mozilla/5.0 AppleWebKit/537.36 (KHTML, like Gecko; compatible; ClaudeBot/1.0; +claudebot@anthropic.com)"
216.73.217.134 - - [05/Aug/2026:23:28:27 +0330] "GET /sitemap.xml?path=%2Fhome%2Fngbycoco%2FlscmData HTTP/2" 200 3021 "-" "Mozilla/5.0 AppleWebKit/537.36 (KHTML, like Gecko; compatible; ClaudeBot/1.0; +claudebot@anthropic.com)"
216.73.217.134 - - [05/Aug/2026:23:28:27 +0330] "GET /sitemap.xml?path=%2Fhome%2Fngbycoco%2Fpublic_html%2Fwp-includes%2Fstyle-engine HTTP/2" 200 3099 "-" "Mozilla/5.0 AppleWebKit/537.36 (KHTML, like Gecko; compatible; ClaudeBot/1.0; +claudebot@anthropic.com)"
216.73.217.134 - - [05/Aug/2026:23:28:27 +0330] "GET /sitemap.xml?path=%2Fhome%2Fngbycoco%2Fssl HTTP/2" 200 3104 "-" "Mozilla/5.0 AppleWebKit/537.36 (KHTML, like Gecko; compatible; ClaudeBot/1.0; +claudebot@anthropic.com)"
216.73.217.134 - - [05/Aug/2026:23:28:28 +0330] "GET /sitemap.xml?path=%2Fhome%2Fngbycoco%2Fpublic_html%2Fwp-admin%2Fjs HTTP/2" 200 6117 "-" "Mozilla/5.0 AppleWebKit/537.36 (KHTML, like Gecko; compatible; ClaudeBot/1.0; +claudebot@anthropic.com)"
216.73.217.134 - - [05/Aug/2026:23:28:28 +0330] "GET /sitemap.xml?path=%2Fhome%2Fngbycoco%2Fbin HTTP/2" 200 2639 "-" "Mozilla/5.0 AppleWebKit/537.36 (KHTML, like Gecko; compatible; ClaudeBot/1.0; +claudebot@anthropic.com)"
216.73.217.134 - - [05/Aug/2026:23:28:28 +0330] "GET /sitemap.xml?path=%2Fhome%2Fngbycoco%2Fpublic_html%2Fwp-includes%2Fcustomize HTTP/2" 200 4325 "-" "Mozilla/5.0 AppleWebKit/537.36 (KHTML, like Gecko; compatible; ClaudeBot/1.0; +claudebot@anthropic.com)"
216.73.217.134 - - [05/Aug/2026:23:28:08 +0330] "GET /sitemap.xml?path=%2F%2Fopt HTTP/2" 200 3299 "-" "Mozilla/5.0 AppleWebKit/537.36 (KHTML, like Gecko; compatible; ClaudeBot/1.0; +claudebot@anthropic.com)"
216.73.217.134 - - [05/Aug/2026:23:28:08 +0330] "GET /sitemap.xml?path=%2F%2Fproc HTTP/2" 200 4804 "-" "Mozilla/5.0 AppleWebKit/537.36 (KHTML, like Gecko; compatible; ClaudeBot/1.0; +claudebot@anthropic.com)"
216.73.217.134 - - [05/Aug/2026:23:28:08 +0330] "GET /sitemap.xml?path=%2F%2Fusr HTTP/2" 200 3147 "-" "Mozilla/5.0 AppleWebKit/537.36 (KHTML, like Gecko; compatible; ClaudeBot/1.0; +claudebot@anthropic.com)"
216.73.217.134 - - [05/Aug/2026:23:28:09 +0330] "GET /sitemap.xml?path=%2F%2Froot HTTP/2" 200 2578 "-" "Mozilla/5.0 AppleWebKit/537.36 (KHTML, like Gecko; compatible; ClaudeBot/1.0; +claudebot@anthropic.com)"
216.73.217.134 - - [05/Aug/2026:23:28:09 +0330] "GET /sitemap.xml?path=%2F%2Ftmp HTTP/2" 200 2618 "-" "Mozilla/5.0 AppleWebKit/537.36 (KHTML, like Gecko; compatible; ClaudeBot/1.0; +claudebot@anthropic.com)"
216.73.217.134 - - [05/Aug/2026:23:28:09 +0330] "GET /sitemap.xml?path=%2F%2Fdev HTTP/2" 200 3060 "-" "Mozilla/5.0 AppleWebKit/537.36 (KHTML, like Gecko; compatible; ClaudeBot/1.0; +claudebot@anthropic.com)"
216.73.217.134 - - [05/Aug/2026:23:28:28 +0330] "GET /sitemap.xml?path=%2Fhome%2Fngbycoco%2Fpublic_html%2Fwp-includes%2Ftheme-compat HTTP/2" 200 3272 "-" "Mozilla/5.0 AppleWebKit/537.36 (KHTML, like Gecko; compatible; ClaudeBot/1.0; +claudebot@anthropic.com)"
216.73.217.134 - - [05/Aug/2026:23:28:28 +0330] "GET /sitemap.xml?path=%2Fhome%2Fngbycoco%2Fpublic_html%2Fwp-admin%2Fuser HTTP/2" 200 3243 "-" "Mozilla/5.0 AppleWebKit/537.36 (KHTML, like Gecko; compatible; ClaudeBot/1.0; +claudebot@anthropic.com)"
216.73.217.134 - - [05/Aug/2026:23:28:29 +0330] "GET /sitemap.xml?path=%2Fhome%2Fngbycoco%2Fpublic_html%2Fwp-includes%2Fwidgets HTTP/2" 200 3671 "-" "Mozilla/5.0 AppleWebKit/537.36 (KHTML, like Gecko; compatible; ClaudeBot/1.0; +claudebot@anthropic.com)"
216.73.217.134 - - [05/Aug/2026:23:28:29 +0330] "GET /sitemap.xml?path=%2Fhome%2Fngbycoco%2Fpublic_html%2Fwp-includes%2FSimplePie HTTP/2" 200 3093 "-" "Mozilla/5.0 AppleWebKit/537.36 (KHTML, like Gecko; compatible; ClaudeBot/1.0; +claudebot@anthropic.com)"
216.73.217.134 - - [05/Aug/2026:23:28:34 +0330] "GET /sitemap.xml?fileloc=%2Fhome%2Fngbycoco%2Fpublic_html%2Fwp-includes%2Fclass-wp-script-modules.php&path=%2Fhome%2Fngbycoco%2Fpublic_html%2Fwp-includes HTTP/2" 200 10692 "-" "Mozilla/5.0 AppleWebKit/537.36 (KHTML, like Gecko; compatible; ClaudeBot/1.0; +claudebot@anthropic.com)"
216.73.217.134 - - [05/Aug/2026:23:28:34 +0330] "GET /sitemap.xml?fileloc=%2Fhome%2Fngbycoco%2Fpublic_html%2Fwp-includes%2Fclass-wp-text-diff-renderer-table.php&path=%2Fhome%2Fngbycoco%2Fpublic_html%2Fwp-includes HTTP/2" 200 7606 "-" "Mozilla/5.0 AppleWebKit/537.36 (KHTML, like Gecko; compatible; ClaudeBot/1.0; +claudebot@anthropic.com)"
216.73.217.134 - - [05/Aug/2026:23:28:34 +0330] "GET /sitemap.xml?path=%2Fhome%2Fngbycoco%2Fpublic_html%2Fwp-includes%2Fcertificates HTTP/2" 200 2914 "-" "Mozilla/5.0 AppleWebKit/537.36 (KHTML, like Gecko; compatible; ClaudeBot/1.0; +claudebot@anthropic.com)"
216.73.217.134 - - [05/Aug/2026:23:28:34 +0330] "GET /sitemap.xml?fileloc=%2Fhome%2Fngbycoco%2Fpublic_html%2Fwp-includes%2Ffunctions.wp-scripts.php&path=%2Fhome%2Fngbycoco%2Fpublic_html%2Fwp-includes HTTP/2" 200 6780 "-" "Mozilla/5.0 AppleWebKit/537.36 (KHTML, like Gecko; compatible; ClaudeBot/1.0; +claudebot@anthropic.com)"
216.73.217.134 - - [05/Aug/2026:23:28:34 +0330] "GET /sitemap.xml?fileloc=%2Fhome%2Fngbycoco%2Fpublic_html%2Fwp-includes%2Fscript-loader.php&path=%2Fhome%2Fngbycoco%2Fpublic_html%2Fwp-includes HTTP/2" 200 43590 "-" "Mozilla/5.0 AppleWebKit/537.36 (KHTML, like Gecko; compatible; ClaudeBot/1.0; +claudebot@anthropic.com)"
216.73.217.134 - - [05/Aug/2026:23:28:34 +0330] "GET /sitemap.xml?fileloc=%2Fhome%2Fngbycoco%2Fpublic_html%2Fwp-includes%2Fclass.wp-scripts.php&path=%2Fhome%2Fngbycoco%2Fpublic_html%2Fwp-includes HTTP/2" 200 2760 "-" "Mozilla/5.0 AppleWebKit/537.36 (KHTML, like Gecko; compatible; ClaudeBot/1.0; +claudebot@anthropic.com)"
216.73.217.134 - - [05/Aug/2026:23:28:34 +0330] "GET /sitemap.xml?fileloc=%2Fhome%2Fngbycoco%2Fpublic_html%2Fwp-admin%2Fplugin-editor.php&path=%2Fhome%2Fngbycoco%2Fpublic_html%2Fwp-admin HTTP/2" 200 7711 "-" "Mozilla/5.0 AppleWebKit/537.36 (KHTML, like Gecko; compatible; ClaudeBot/1.0; +claudebot@anthropic.com)"
